{"id":516,"date":"2019-10-24T11:01:34","date_gmt":"2019-10-24T09:01:34","guid":{"rendered":"https:\/\/agora.xtec.cat\/ecasolsones\/?page_id=516"},"modified":"2026-04-10T11:56:21","modified_gmt":"2026-04-10T09:56:21","slug":"jornades","status":"publish","type":"page","link":"https:\/\/agora.xtec.cat\/ecasolsones\/formacio-continua\/jornades\/","title":{"rendered":"Jornades"},"content":{"rendered":"<table style=\"width: 57.7532%; height: 276px;\">\n<tbody>\n<tr style=\"height: 33px;\">\n<td style=\"width: 69.2436%; height: 33px; background-color: #92ae01;\"><span style=\"color: #ffffff;\"><strong>T\u00edtol de la jornada<\/strong><\/span><\/td>\n<td style=\"width: 48.3674%; height: 33px; background-color: #92ae01; text-align: center;\"><span style=\"color: #ffffff;\"><strong>Data<\/strong><\/span><\/td>\n<\/tr>\n<tr style=\"height: 49px;\">\n<td style=\"width: 69.2436%; height: 49px;\"><span style=\"color: #000000;\"><a href=\"https:\/\/agora.xtec.cat\/ecasolsones\/wp-content\/uploads\/usu1746\/2026\/04\/Riner_velutina_1104_260044.pdf\" target=\"_blank\" rel=\"noopener\">VIII Jornada t\u00e8cnica de la mel<\/a>\u00a0(IX Fira de la Mel de Riner)<\/span><\/td>\n<td style=\"width: 48.3674%; text-align: center; height: 49px;\"><span style=\"color: #000000;\">11 d&#8217;abril del 2026<\/span><\/td>\n<\/tr>\n<tr style=\"height: 49px;\">\n<td style=\"width: 69.2436%; height: 49px;\"><span style=\"color: #008000;\"><a href=\"https:\/\/agora.xtec.cat\/ecasolsones\/wp-content\/uploads\/usu1746\/2026\/03\/Olius_PRL-forestal_1704_2026_128.pdf\" target=\"_blank\" rel=\"noopener\">PRL en l&#8217;execuci\u00f3 de treballs forestals<\/a> <span style=\"color: #000000;\">(<\/span><span style=\"color: #000000;\">presencial i en l\u00ednia)<\/span><\/span><\/td>\n<td style=\"width: 48.3674%; text-align: center; height: 49px;\"><span style=\"color: #000000;\">17 d&#8217;abril del 2026<\/span><\/td>\n<\/tr>\n<tr style=\"height: 49px;\">\n<td style=\"width: 69.2436%; height: 49px;\"><span style=\"color: #000000;\">Jornada de la 73a edici\u00f3 de la Fira de Sant Isidre (Solsona)<\/span><\/td>\n<td style=\"width: 48.3674%; text-align: center; height: 49px;\"><span style=\"color: #000000;\">Maig 2026<\/span><\/td>\n<\/tr>\n<tr>\n<td style=\"width: 69.2436%;\"><span style=\"color: #000000;\">Jornada dedicada a la gesti\u00f3 forestal (Prades de la Molsosa)<\/span><\/td>\n<td style=\"width: 48.3674%; text-align: center;\"><span style=\"color: #000000;\">Maig 2026<\/span><\/td>\n<\/tr>\n<tr style=\"height: 33px;\">\n<td style=\"width: 69.2436%; height: 33px;\"><span style=\"color: #000000;\">Transmissi\u00f3 patrimonial, her\u00e8ncies i donacions al m\u00f3n agrari<\/span><\/td>\n<td style=\"width: 48.3674%; text-align: center; height: 33px;\"><span style=\"color: #000000;\">Setembre 2026<\/span><\/td>\n<\/tr>\n<tr>\n<td style=\"width: 69.2436%;\"><span style=\"color: #000000;\">EUTR I EUDR. Reglaments de la comercialitzaci\u00f3 de fusta i desforestaci\u00f3<\/span><\/td>\n<td style=\"width: 48.3674%; text-align: center;\"><span style=\"color: #000000;\">Novembre 2026<\/span><\/td>\n<\/tr>\n<tr>\n<td style=\"width: 69.2436%;\"><span style=\"color: #000000;\">EUTR I EUDR. Reglaments de la comercialitzaci\u00f3 de fusta i desforestaci\u00f3 (Berga)<\/span><\/td>\n<td style=\"width: 48.3674%; text-align: center;\"><span style=\"color: #000000;\">Desembre 2026<\/span><\/td>\n<\/tr>\n<\/tbody>\n<\/table>\n<p><strong>Inscripcions a les jornades al web de<a href=\"https:\/\/ruralcat.gencat.cat\/web\/guest\/transferencia\/preinscripcio-jornada-tecnica\" target=\"_blank\" rel=\"noopener\"> ruralcat.gencat.cat<\/a><\/strong><\/p>\n<p><span style=\"color: #008080;\"><em>M\u00e9s informaci\u00f3 al <strong><span style=\"color: #000000;\">973 48 07 13<\/span><\/strong> o al correu de l&#8217;escola <span style=\"color: #008080;\"><strong><a style=\"color: #008080;\" href=\"mailto:ea_solsones.agricultura@gencat.cat\" target=\"_blank\" rel=\"noopener\">ea_solsones.agricultura@<wbr \/>gencat.cat<\/a><\/strong><\/span>.<\/em><\/span><\/p>\n<p><a href=\"https:\/\/agora.xtec.cat\/ecasolsones\/wp-content\/uploads\/usu1746\/2026\/01\/WEB-EAS_jornades2026.jpg\"><img loading=\"lazy\" decoding=\"async\" class=\"alignleft size-large wp-image-3359\" src=\"https:\/\/agora.xtec.cat\/ecasolsones\/wp-content\/uploads\/usu1746\/2026\/01\/WEB-EAS_jornades2026-1024x362.jpg\" alt=\"\" width=\"1024\" height=\"362\" srcset=\"https:\/\/agora.xtec.cat\/ecasolsones\/wp-content\/uploads\/usu1746\/2026\/01\/WEB-EAS_jornades2026-1024x362.jpg 1024w, https:\/\/agora.xtec.cat\/ecasolsones\/wp-content\/uploads\/usu1746\/2026\/01\/WEB-EAS_jornades2026-300x106.jpg 300w, https:\/\/agora.xtec.cat\/ecasolsones\/wp-content\/uploads\/usu1746\/2026\/01\/WEB-EAS_jornades2026-768x272.jpg 768w, https:\/\/agora.xtec.cat\/ecasolsones\/wp-content\/uploads\/usu1746\/2026\/01\/WEB-EAS_jornades2026-1536x543.jpg 1536w, https:\/\/agora.xtec.cat\/ecasolsones\/wp-content\/uploads\/usu1746\/2026\/01\/WEB-EAS_jornades2026-2048x724.jpg 2048w\" sizes=\"auto, (max-width: 1024px) 100vw, 1024px\" \/><\/a><\/p>\n<p>&nbsp;<\/p>\n","protected":false},"excerpt":{"rendered":"<p>T\u00edtol de la jornada<br \/>\nData<\/p>\n<p><a href=\"https:\/\/agora.xtec.cat\/ecasolsones\/wp-content\/uploads\/usu1746\/2026\/04\/Riner_velutina_1104_260044.pdf\" target=\"_blank\" rel=\"noopener\">VIII Jornada t\u00e8cnica de la mel<\/a>\u00a0(IX Fira de la Mel de Riner)<br \/>\n11 d&#8217;abril del 2026<\/p>\n<p><a href=\"https:\/\/agora.xtec.cat\/ecasolsones\/wp-content\/uploads\/usu1746\/2026\/03\/Olius_PRL-forestal_1704_2026_128.pdf\" target=\"_blank\" rel=\"noopener\">PRL en l&#8217;execuci\u00f3 de treballs forestals<\/a> (presencial i en l\u00ednia)<br \/>\n17 d&#8217;abril del 2026<\/p>\n<p>Jornada de la 73a edici\u00f3 de la Fira de Sant&hellip;  <a href=\"https:\/\/agora.xtec.cat\/ecasolsones\/formacio-continua\/jornades\/\" title=\"Read Jornades\">Llegeix m\u00e9s\u00bb<\/a><\/p>\n","protected":false},"author":1,"featured_media":0,"parent":517,"menu_order":0,"comment_status":"closed","ping_status":"closed","template":"page-templates\/side-menu.php","meta":{"_bbp_topic_count":0,"_bbp_reply_count":0,"_bbp_total_topic_count":0,"_bbp_total_reply_count":0,"_bbp_voice_count":0,"_bbp_anonymous_reply_count":0,"_bbp_topic_count_hidden":0,"_bbp_reply_count_hidden":0,"_bbp_forum_subforum_count":0,"footnotes":""},"class_list":["post-516","page","type-page","status-publish","hentry"],"post_mailing_queue_ids":[],"_links":{"self":[{"href":"https:\/\/agora.xtec.cat\/ecasolsones\/wp-json\/wp\/v2\/pages\/516","targetHints":{"allow":["GET"]}}],"collection":[{"href":"https:\/\/agora.xtec.cat\/ecasolsones\/wp-json\/wp\/v2\/pages"}],"about":[{"href":"https:\/\/agora.xtec.cat\/ecasolsones\/wp-json\/wp\/v2\/types\/page"}],"author":[{"embeddable":true,"href":"https:\/\/agora.xtec.cat\/ecasolsones\/wp-json\/wp\/v2\/users\/1"}],"replies":[{"embeddable":true,"href":"https:\/\/agora.xtec.cat\/ecasolsones\/wp-json\/wp\/v2\/comments?post=516"}],"version-history":[{"count":6,"href":"https:\/\/agora.xtec.cat\/ecasolsones\/wp-json\/wp\/v2\/pages\/516\/revisions"}],"predecessor-version":[{"id":3470,"href":"https:\/\/agora.xtec.cat\/ecasolsones\/wp-json\/wp\/v2\/pages\/516\/revisions\/3470"}],"up":[{"embeddable":true,"href":"https:\/\/agora.xtec.cat\/ecasolsones\/wp-json\/wp\/v2\/pages\/517"}],"wp:attachment":[{"href":"https:\/\/agora.xtec.cat\/ecasolsones\/wp-json\/wp\/v2\/media?parent=516"}],"curies":[{"name":"wp","href":"https:\/\/api.w.org\/{rel}","templated":true}]}}