{"id":2543,"date":"2024-06-05T17:24:39","date_gmt":"2024-06-05T15:24:39","guid":{"rendered":"https:\/\/agora.xtec.cat\/ecasolsones\/?page_id=2543"},"modified":"2026-01-28T13:42:39","modified_gmt":"2026-01-28T12:42:39","slug":"formacio-ocupacional","status":"publish","type":"page","link":"https:\/\/agora.xtec.cat\/ecasolsones\/formacio-ocupacional\/","title":{"rendered":"Formaci\u00f3 ocupacional"},"content":{"rendered":"<h2><strong>La formaci\u00f3 ocupacional<\/strong><\/h2>\n<p>Sota el paraigua del <a href=\"https:\/\/serveiocupacio.gencat.cat\/ca\/inici\/index.html\" target=\"_blank\" rel=\"noopener\">SOC<\/a> i amb la col\u00b7laboraci\u00f3 d&#8217;una entitat impulsora determinada oferim i col\u00b7laborem en accions formatives adre\u00e7ades a l&#8217;<strong>obtenci\u00f3 de <a href=\"https:\/\/ruralcat.gencat.cat\/web\/guest\/formacio-i-transferencia\/certificats-professionals\" target=\"_blank\" rel=\"noopener\">certificats professionals<\/a><\/strong>. La finalitat d&#8217;aquestes propostes \u00e9s millorar la qualificaci\u00f3 professional i la capacitat d&#8217;inserci\u00f3 laboral de les persones. Aix\u00ed mateix, representen un ampli ventall d&#8217;oportunitats per adquirir o renovar coneixements, aptituds i habilitats pr\u00f2pies dels sectors agropecuari i forestal que permeten als participants desenvolupar una activitat laboral d&#8217;acord amb les exig\u00e8ncies del mercat de treball.<\/p>\n<p><!--more--><\/p>\n<h3><strong>Participants i requisits d&#8217;acc\u00e9s<\/strong><\/h3>\n<ul>\n<li style=\"list-style-type: none;\">\n<ul style=\"list-style-type: square;\">\n<li>Persones en situaci\u00f3 d&#8217;atur.<\/li>\n<li>Joves de 16 a 29 anys preferentment amb baixa qualificaci\u00f3 professional i dificultats per accedir al mercat laboral.<\/li>\n<li>Persones majors de 29 anys. En aquest cas, consultar requisits <a href=\"https:\/\/agora.xtec.cat\/ecasolsones\/wp-content\/uploads\/usu1746\/2025\/12\/251124_CP_Forestal.pdf\" target=\"_blank\" rel=\"noopener\">aqu\u00ed<\/a>.<\/li>\n<li>Disposar de l&#8217;ESO i\/o FP de Grau Mitj\u00e0, equivalents o superiors. En cas contrari, caldr\u00e0 superar la prova d&#8217;acc\u00e9s corresponent.<\/li>\n<li>Estar inscrit\/a a l&#8217;Oficina de Treball com a Demandant d&#8217;Ocupaci\u00f3 No Ocupat (DONO).<\/li>\n<li>Complir amb tots els requisits legals per a formalitzar un contracte de treball en el moment de la signatura.<\/li>\n<\/ul>\n<\/li>\n<\/ul>\n<hr \/>\n<h3><strong>Certificats professionals\u00a0<\/strong><\/h3>\n<p>L&#8217;Escola Agr\u00e0ria del Solson\u00e8s, en tant que entitat formadora, ha coordinat entre el gener del 2025 i el gener de 2026 el certificat professional \u00ab<a href=\"https:\/\/agora.xtec.cat\/ecasolsones\/wp-content\/uploads\/usu1746\/2024\/11\/CP_Aprofitaments-forestals_EAS_DEF.pdf\" target=\"_blank\" rel=\"noopener\"><strong>Aprofitaments forestals, modalitat dual<\/strong><\/a>\u00bb amb l&#8217;objectiu que les persones en situaci\u00f3 de desocupaci\u00f3, sense qualificaci\u00f3 o amb un nivell baix de formaci\u00f3 puguin millorar l&#8217;ocupabilitat mitjan\u00e7ant la<strong> formaci\u00f3 dual<\/strong>. Es tracta d&#8217;un <strong>certificat professional<\/strong> i un <strong>contracte de formaci\u00f3 en alternan\u00e7a <\/strong>emparat en la convocat\u00f2ria 2024 del Programa Formaci\u00f3 Professional Ocupacional Dual (Resoluci\u00f3 EMT\/2747\/2024, de 22 de juliol), i amb el <a href=\"https:\/\/www.elsolsones.cat\/\" target=\"_blank\" rel=\"noopener\">Consell Comarcal del Solson\u00e8s<\/a> com a entitat impulsora.<\/p>\n<p><a href=\"https:\/\/agora.xtec.cat\/ecasolsones\/wp-content\/uploads\/usu1746\/2024\/06\/image004.jpg\"><img loading=\"lazy\" decoding=\"async\" class=\"wp-image-2570 alignnone\" src=\"https:\/\/agora.xtec.cat\/ecasolsones\/wp-content\/uploads\/usu1746\/2024\/06\/image004.jpg\" alt=\"\" width=\"801\" height=\"215\" srcset=\"https:\/\/agora.xtec.cat\/ecasolsones\/wp-content\/uploads\/usu1746\/2024\/06\/image004.jpg 776w, https:\/\/agora.xtec.cat\/ecasolsones\/wp-content\/uploads\/usu1746\/2024\/06\/image004-300x80.jpg 300w, https:\/\/agora.xtec.cat\/ecasolsones\/wp-content\/uploads\/usu1746\/2024\/06\/image004-768x206.jpg 768w\" sizes=\"auto, (max-width: 801px) 100vw, 801px\" \/><\/a><\/p>\n<h4><strong>Programa<\/strong><\/h4>\n<p>Els participants aprenen a realitzar les operacions necess\u00e0ries per a l&#8217;aprofitament dels productes forestals, aix\u00ed com utilitzar els equips, la maquin\u00e0ria i les eines en condicions de seguretat i salut. En aquest sentit, el curs inclou els seg\u00fcents <strong>m\u00f2duls<\/strong>: abatiment i processat amb serra mec\u00e0nica; abatiment i processament d&#8217;arbres amb serra mec\u00e0nica; abatiment i processament d&#8217;arbres amb processadora forestal; desembosc i tractament dels subproductes forestals; execuci\u00f3 de treballs en al\u00e7ada en els arbres; execuci\u00f3 de treballs de pela de suro; maneig i manteniment de tractors forestals; visites t\u00e8cniques a empreses del sector forestal. A m\u00e9s a m\u00e9s, el certificat inclou <strong>especialitats complement\u00e0ries<\/strong> com primers auxilis adaptats al bosc i prevenci\u00f3 de riscos laborals, entre altres. El programa complet es pot consultar <a href=\"https:\/\/agora.xtec.cat\/ecasolsones\/wp-content\/uploads\/usu1746\/2024\/11\/CP_Aprofitaments-forestals_EAS_DEF.pdf\" target=\"_blank\" rel=\"noopener\"><strong>aqu\u00ed<\/strong><\/a>.<\/p>\n<p>La formaci\u00f3 segueix els est\u00e0ndards europeus EFESC, de manera que es pot optar, quan sigui possible, a l&#8217;obtenci\u00f3 dels corresponents carnets tant pel que fa a l&#8217;\u00fas de la motoserra (ECC), la desbrossadora (EBC) com la pela de suro (CPS).<\/p>\n<h4><strong>Din\u00e0mica<\/strong><\/h4>\n<p>L&#8217;alumnat obt\u00e9 un sou mentre es forma a partir d&#8217;un contracte de formaci\u00f3 en alternan\u00e7a segons la retribuci\u00f3 establerta pel conveni col\u00b7lectiu d&#8217;aplicaci\u00f3.<\/p>\n<h4><strong>Sortides professionals<\/strong><\/h4>\n<ul>\n<li style=\"list-style-type: none;\">\n<ul style=\"list-style-type: square;\">\n<li>Treballador\/a forestal<\/li>\n<li>Motoserrista forestal<\/li>\n<li>Podador\/a<\/li>\n<li>Treballador\/a especialista en treballs en al\u00e7ada<\/li>\n<li>Conductor\/a de maquin\u00e0ria forestal<\/li>\n<\/ul>\n<\/li>\n<\/ul>\n<p><em>\u00daltima actualitzaci\u00f3: 28 de gener de 2026.<\/em><\/p>\n","protected":false},"excerpt":{"rendered":"<p>La formaci\u00f3 ocupacional<br \/>\nSota el paraigua del <a href=\"https:\/\/serveiocupacio.gencat.cat\/ca\/inici\/index.html\" target=\"_blank\" rel=\"noopener\">SOC<\/a> i amb la col\u00b7laboraci\u00f3 d&#8217;una entitat impulsora determinada oferim i col\u00b7laborem en accions formatives adre\u00e7ades a l&#8217;obtenci\u00f3 de <a href=\"https:\/\/ruralcat.gencat.cat\/web\/guest\/formacio-i-transferencia\/certificats-professionals\" target=\"_blank\" rel=\"noopener\">certificats professionals<\/a>. La finalitat d&#8217;aquestes propostes \u00e9s millorar la qualificaci\u00f3 professional i la capacitat&hellip;  <a href=\"https:\/\/agora.xtec.cat\/ecasolsones\/formacio-ocupacional\/\" title=\"Read Formaci\u00f3 ocupacional\">Llegeix m\u00e9s\u00bb<\/a><\/p>\n","protected":false},"author":1,"featured_media":0,"parent":0,"menu_order":0,"comment_status":"closed","ping_status":"closed","template":"page-templates\/side-menu.php","meta":{"_bbp_topic_count":0,"_bbp_reply_count":0,"_bbp_total_topic_count":0,"_bbp_total_reply_count":0,"_bbp_voice_count":0,"_bbp_anonymous_reply_count":0,"_bbp_topic_count_hidden":0,"_bbp_reply_count_hidden":0,"_bbp_forum_subforum_count":0,"footnotes":""},"class_list":["post-2543","page","type-page","status-publish","hentry"],"post_mailing_queue_ids":[],"_links":{"self":[{"href":"https:\/\/agora.xtec.cat\/ecasolsones\/wp-json\/wp\/v2\/pages\/2543","targetHints":{"allow":["GET"]}}],"collection":[{"href":"https:\/\/agora.xtec.cat\/ecasolsones\/wp-json\/wp\/v2\/pages"}],"about":[{"href":"https:\/\/agora.xtec.cat\/ecasolsones\/wp-json\/wp\/v2\/types\/page"}],"author":[{"embeddable":true,"href":"https:\/\/agora.xtec.cat\/ecasolsones\/wp-json\/wp\/v2\/users\/1"}],"replies":[{"embeddable":true,"href":"https:\/\/agora.xtec.cat\/ecasolsones\/wp-json\/wp\/v2\/comments?post=2543"}],"version-history":[{"count":7,"href":"https:\/\/agora.xtec.cat\/ecasolsones\/wp-json\/wp\/v2\/pages\/2543\/revisions"}],"predecessor-version":[{"id":3355,"href":"https:\/\/agora.xtec.cat\/ecasolsones\/wp-json\/wp\/v2\/pages\/2543\/revisions\/3355"}],"wp:attachment":[{"href":"https:\/\/agora.xtec.cat\/ecasolsones\/wp-json\/wp\/v2\/media?parent=2543"}],"curies":[{"name":"wp","href":"https:\/\/api.w.org\/{rel}","templated":true}]}}