{"id":966,"date":"2021-06-15T07:23:28","date_gmt":"2021-06-15T05:23:28","guid":{"rendered":"https:\/\/agora.xtec.cat\/ecapallars\/?page_id=966"},"modified":"2025-12-02T16:33:57","modified_gmt":"2025-12-02T15:33:57","slug":"politica-qualitat-medi-ambient","status":"publish","type":"page","link":"https:\/\/agora.xtec.cat\/ecapallars\/lescola\/politica-qualitat-medi-ambient\/","title":{"rendered":"Pol\u00edtica de qualitat i medi ambient"},"content":{"rendered":"<h5>Per l\u2019<strong>Escola Agr\u00e0ria del Pallars<\/strong> la <strong>qualitat<\/strong> i el <strong>medi ambient<\/strong> s\u00f3n la part fonamental i priorit\u00e0ria de la seva filosofia i estrat\u00e8gia<\/h5>\n<p>L\u2019actuaci\u00f3 de l\u2019escola, d\u2019acord amb el <a href=\"https:\/\/agora.xtec.cat\/ecapallars\/wp-content\/uploads\/usu2194\/2023\/02\/PEC_EA_PALLARS-v4.pdf\" target=\"_blank\" rel=\"noopener\"><strong>Projecte Educatiu del Centre<\/strong><\/a>, est\u00e0 dirigida a:<\/p>\n<ul>\n<li>\n<h5><img loading=\"lazy\" decoding=\"async\" class=\" wp-image-968 alignright\" src=\"https:\/\/agora.xtec.cat\/ecapallars\/wp-content\/uploads\/usu2194\/2021\/06\/Vista-Panor\u00e0mica-Conca-de-TrempII.2019-300x225.jpg\" alt=\"\" width=\"629\" height=\"471\" srcset=\"https:\/\/agora.xtec.cat\/ecapallars\/wp-content\/uploads\/usu2194\/2021\/06\/Vista-Panor\u00e0mica-Conca-de-TrempII.2019-300x225.jpg 300w, https:\/\/agora.xtec.cat\/ecapallars\/wp-content\/uploads\/usu2194\/2021\/06\/Vista-Panor\u00e0mica-Conca-de-TrempII.2019-768x576.jpg 768w, https:\/\/agora.xtec.cat\/ecapallars\/wp-content\/uploads\/usu2194\/2021\/06\/Vista-Panor\u00e0mica-Conca-de-TrempII.2019-1024x768.jpg 1024w, https:\/\/agora.xtec.cat\/ecapallars\/wp-content\/uploads\/usu2194\/2021\/06\/Vista-Panor\u00e0mica-Conca-de-TrempII.2019-200x150.jpg 200w\" sizes=\"auto, (max-width: 629px) 100vw, 629px\" \/><\/h5>\n<p>Satisfer les <strong>expectatives<\/strong> <strong>i<\/strong> <strong>necessitats educatives<\/strong> de l\u2019alumnat.<\/li>\n<li>Contribuir a l\u2019<strong>assoliment dels objectius<\/strong> que la societat li assigna com a instituci\u00f3 educativa i centre de formaci\u00f3.<\/li>\n<li>Desenvolupar i implicar el conjunt de l\u2019equip hum\u00e0 que forma part de l\u2019escola per tal d\u2019assegurar un <strong>alt nivell de satisfacci\u00f3<\/strong> de tota la comunitat educativa.<\/li>\n<li>Oferir una <strong>formaci\u00f3 professionalitzadora i rellevant<\/strong> per al sector agroalimentari, cercant l\u2019equilibri entre els aspectes culturals, ambientals i econ\u00f2mics per fomentar empreses sostenibles i responsables socialment.<\/li>\n<li>Complir amb els requisits del <strong>sistema de gesti\u00f3 integrat<\/strong> de la qualitat i medi ambient i fomentar la <strong>millora cont\u00ednua de les activitats i els serveis<\/strong> que es desenvolupen a l\u2019escola.<\/li>\n<\/ul>\n<p>El comprom\u00eds amb la <strong>qualitat<\/strong>, la <strong>sostenibilitat<\/strong> i la <strong>protecci\u00f3 del medi ambient<\/strong> afecta tota l\u2019organitzaci\u00f3, i la <strong>millora cont\u00ednua<\/strong> \u00e9s una responsabilitat de tot l\u2019equip professional del centre. Podeu consultar la &#8216;<strong>Pol\u00edtica integrada de qualitat i medi ambient<\/strong>&#8216; completa a l&#8217;<a href=\"https:\/\/agora.xtec.cat\/ecapallars\/wp-content\/uploads\/usu2194\/2023\/02\/Extracte-politica-qualitat_v7_SIGNADA.pdf\" target=\"_blank\" rel=\"noopener\">extracte del<strong>\u00a0Projecte Educatiu de Centre<\/strong><\/a>.<\/p>\n<p>&nbsp;<\/p>\n<p>&nbsp;<\/p>\n<p>&nbsp;<\/p>\n","protected":false},"excerpt":{"rendered":"<p>Per l\u2019Escola Agr\u00e0ria del Pallars la qualitat i el medi ambient s\u00f3n la part fonamental i priorit\u00e0ria de la seva filosofia i estrat\u00e8gia L\u2019actuaci\u00f3 de l\u2019escola, d\u2019acord amb el Projecte Educatiu del Centre, est\u00e0 dirigida a: Satisfer les expectatives i necessitats educatives de l\u2019alumnat. Contribuir a l\u2019assoliment dels objectius que la societat li assigna com [&hellip;]<\/p>\n","protected":false},"author":1,"featured_media":0,"parent":581,"menu_order":6,"comment_status":"closed","ping_status":"closed","template":"","meta":{"_bbp_topic_count":0,"_bbp_reply_count":0,"_bbp_total_topic_count":0,"_bbp_total_reply_count":0,"_bbp_voice_count":0,"_bbp_anonymous_reply_count":0,"_bbp_topic_count_hidden":0,"_bbp_reply_count_hidden":0,"_bbp_forum_subforum_count":0,"site-sidebar-layout":"default","site-content-layout":"","ast-site-content-layout":"","site-content-style":"default","site-sidebar-style":"default","ast-global-header-display":"","ast-banner-title-visibility":"","ast-main-header-display":"","ast-hfb-above-header-display":"","ast-hfb-below-header-display":"","ast-hfb-mobile-header-display":"","site-post-title":"","ast-breadcrumbs-content":"","ast-featured-img":"","footer-sml-layout":"","theme-transparent-header-meta":"","adv-header-id-meta":"","stick-header-meta":"","header-above-stick-meta":"","header-main-stick-meta":"","header-below-stick-meta":"","astra-migrate-meta-layouts":"default","ast-page-background-enabled":"default","ast-page-background-meta":{"desktop":{"background-color":"var(--ast-global-color-4)","background-image":"","background-repeat":"repeat","background-position":"center center","background-size":"auto","background-attachment":"scroll","background-type":"","background-media":"","overlay-type":"","overlay-color":"","overlay-opacity":"","overlay-gradient":""},"tablet":{"background-color":"","background-image":"","background-repeat":"repeat","background-position":"center center","background-size":"auto","background-attachment":"scroll","background-type":"","background-media":"","overlay-type":"","overlay-color":"","overlay-opacity":"","overlay-gradient":""},"mobile":{"background-color":"","background-image":"","background-repeat":"repeat","background-position":"center center","background-size":"auto","background-attachment":"scroll","background-type":"","background-media":"","overlay-type":"","overlay-color":"","overlay-opacity":"","overlay-gradient":""}},"ast-content-background-meta":{"desktop":{"background-color":"var(--ast-global-color-5)","background-image":"","background-repeat":"repeat","background-position":"center center","background-size":"auto","background-attachment":"scroll","background-type":"","background-media":"","overlay-type":"","overlay-color":"","overlay-opacity":"","overlay-gradient":""},"tablet":{"background-color":"var(--ast-global-color-5)","background-image":"","background-repeat":"repeat","background-position":"center center","background-size":"auto","background-attachment":"scroll","background-type":"","background-media":"","overlay-type":"","overlay-color":"","overlay-opacity":"","overlay-gradient":""},"mobile":{"background-color":"var(--ast-global-color-5)","background-image":"","background-repeat":"repeat","background-position":"center center","background-size":"auto","background-attachment":"scroll","background-type":"","background-media":"","overlay-type":"","overlay-color":"","overlay-opacity":"","overlay-gradient":""}},"footnotes":""},"class_list":["post-966","page","type-page","status-publish","hentry"],"post_mailing_queue_ids":[],"_links":{"self":[{"href":"https:\/\/agora.xtec.cat\/ecapallars\/wp-json\/wp\/v2\/pages\/966","targetHints":{"allow":["GET"]}}],"collection":[{"href":"https:\/\/agora.xtec.cat\/ecapallars\/wp-json\/wp\/v2\/pages"}],"about":[{"href":"https:\/\/agora.xtec.cat\/ecapallars\/wp-json\/wp\/v2\/types\/page"}],"author":[{"embeddable":true,"href":"https:\/\/agora.xtec.cat\/ecapallars\/wp-json\/wp\/v2\/users\/1"}],"replies":[{"embeddable":true,"href":"https:\/\/agora.xtec.cat\/ecapallars\/wp-json\/wp\/v2\/comments?post=966"}],"version-history":[{"count":4,"href":"https:\/\/agora.xtec.cat\/ecapallars\/wp-json\/wp\/v2\/pages\/966\/revisions"}],"predecessor-version":[{"id":1994,"href":"https:\/\/agora.xtec.cat\/ecapallars\/wp-json\/wp\/v2\/pages\/966\/revisions\/1994"}],"up":[{"embeddable":true,"href":"https:\/\/agora.xtec.cat\/ecapallars\/wp-json\/wp\/v2\/pages\/581"}],"wp:attachment":[{"href":"https:\/\/agora.xtec.cat\/ecapallars\/wp-json\/wp\/v2\/media?parent=966"}],"curies":[{"name":"wp","href":"https:\/\/api.w.org\/{rel}","templated":true}]}}