{"id":5731,"date":"2026-06-16T16:31:37","date_gmt":"2026-06-16T14:31:37","guid":{"rendered":"https:\/\/agora.xtec.cat\/ecamanresa\/?page_id=5731"},"modified":"2026-06-16T16:31:19","modified_gmt":"2026-06-16T14:31:19","slug":"aliances","status":"publish","type":"page","link":"https:\/\/agora.xtec.cat\/ecamanresa\/escola-agraria-de-manresa\/aliances\/","title":{"rendered":"Aliances"},"content":{"rendered":"<p style=\"text-align: left;\">L\u2019Escola Agr\u00e0ria de Manresa mant\u00e9 aliances amb entitats afins, amb les quals col\u00b7labora per potenciar l\u2019impacte de la seva acci\u00f3 per aconseguir els objectius estrat\u00e8gics: promoci\u00f3 de l\u2019agroecologia, relleu generacional, recuperaci\u00f3 de varietats locals, promoci\u00f3 del comer\u00e7 de proximitat i resili\u00e8ncia clim\u00e0tica.<\/p>\n<table style=\"width: 100%; border-collapse: collapse; border-style: hidden; background-color: #ffffff; border-color: #ffffff;\" border=\"0\">\n<tbody>\n<tr>\n<td style=\"width: 20.6186%;\"><a href=\"https:\/\/agora.xtec.cat\/ecamanresa\/wp-content\/uploads\/usu866\/2024\/03\/Logo_ERA-1.png\"><img loading=\"lazy\" decoding=\"async\" class=\"alignnone size-full wp-image-5968\" src=\"https:\/\/agora.xtec.cat\/ecamanresa\/wp-content\/uploads\/usu866\/2024\/03\/Logo_ERA-1.png\" alt=\"\" width=\"800\" height=\"199\" srcset=\"https:\/\/agora.xtec.cat\/ecamanresa\/wp-content\/uploads\/usu866\/2024\/03\/Logo_ERA-1.png 800w, https:\/\/agora.xtec.cat\/ecamanresa\/wp-content\/uploads\/usu866\/2024\/03\/Logo_ERA-1-300x75.png 300w, https:\/\/agora.xtec.cat\/ecamanresa\/wp-content\/uploads\/usu866\/2024\/03\/Logo_ERA-1-768x191.png 768w\" sizes=\"auto, (max-width: 800px) 100vw, 800px\" \/><\/a><\/td>\n<td style=\"width: 79.3814%;\">\n<p style=\"text-align: left;\"><a href=\"https:\/\/associaciolera.org\/\" target=\"_blank\" rel=\"noopener\"><strong>Associaci\u00f3 l\u2019Era<\/strong><\/a><\/p>\n<p style=\"text-align: left;\">L\u2019Era, Espai de Recursos Agroecol\u00f2gics, \u00e9s una associaci\u00f3 que t\u00e9 com a principals objectius el foment de la producci\u00f3 agr\u00e0ria ecol\u00f2gica i l\u2019agroecologia. L\u2019entitat va n\u00e9ixer entorn de l\u2019Escola Agr\u00e0ria de Manresa i es complementen en les seves activitats.<\/p>\n<\/td>\n<\/tr>\n<tr>\n<td style=\"width: 20.6186%;\"><a href=\"https:\/\/agora.xtec.cat\/ecamanresa\/wp-content\/uploads\/usu866\/2024\/03\/BETA-petit.jpg\"><img loading=\"lazy\" decoding=\"async\" class=\"alignnone size-full wp-image-5967\" src=\"https:\/\/agora.xtec.cat\/ecamanresa\/wp-content\/uploads\/usu866\/2024\/03\/BETA-petit.jpg\" alt=\"\" width=\"300\" height=\"81\" \/><\/a><\/td>\n<td style=\"width: 79.3814%;\">\n<p style=\"text-align: left;\"><a href=\"https:\/\/betatechcenter.com\/ca\/\" target=\"_blank\" rel=\"noopener\"><strong>Centre tecnol\u00f2gic BETA<\/strong><\/a><\/p>\n<p style=\"text-align: left;\">El Centre Tecnol\u00f2gic en Biodiversitat, Ecologia i Tecnologia Ambiental i Aliment\u00e0ria (BETA) t\u00e9 per objectiu donar impuls a l\u2019activitat investigadora en el camp de les tecnologies ambientals a la Universitat de Vic-Universitat Central de Catalunya (UVic-UCC).<\/p>\n<\/td>\n<\/tr>\n<tr>\n<td style=\"width: 20.6186%;\"><a href=\"https:\/\/agora.xtec.cat\/ecamanresa\/wp-content\/uploads\/usu866\/2024\/03\/Logo-Boscat.png\"><img loading=\"lazy\" decoding=\"async\" class=\"alignnone wp-image-5969 size-full\" src=\"https:\/\/agora.xtec.cat\/ecamanresa\/wp-content\/uploads\/usu866\/2024\/03\/Logo-Boscat-e1710953734504.png\" alt=\"\" width=\"594\" height=\"229\" srcset=\"https:\/\/agora.xtec.cat\/ecamanresa\/wp-content\/uploads\/usu866\/2024\/03\/Logo-Boscat-e1710953734504.png 594w, https:\/\/agora.xtec.cat\/ecamanresa\/wp-content\/uploads\/usu866\/2024\/03\/Logo-Boscat-e1710953734504-300x116.png 300w\" sizes=\"auto, (max-width: 594px) 100vw, 594px\" \/><\/a><\/td>\n<td style=\"width: 79.3814%;\">\n<p style=\"text-align: left;\"><a href=\"https:\/\/boscat.cat\/\" target=\"_blank\" rel=\"noopener\"><strong>BOSCAT Federaci\u00f3 Catalana d&#8217;Associacions de Propietaris\/es Forestals<\/strong><\/a><\/p>\n<p style=\"text-align: left;\">Organitzaci\u00f3 sense \u00e0nim de lucre que agrupa totes les associacions forestals al territori amb l&#8217;objectiu d&#8217;aprofitar oportunitats per fer gesti\u00f3 forestal conjunta.<\/p>\n<\/td>\n<\/tr>\n<tr>\n<td style=\"width: 20.6186%;\"><a href=\"https:\/\/agora.xtec.cat\/ecamanresa\/wp-content\/uploads\/usu866\/2024\/03\/logo-traccio-animal-1.jpg\"><img loading=\"lazy\" decoding=\"async\" class=\"wp-image-5971 aligncenter\" src=\"https:\/\/agora.xtec.cat\/ecamanresa\/wp-content\/uploads\/usu866\/2024\/03\/logo-traccio-animal-1.jpg\" alt=\"\" width=\"121\" height=\"110\" srcset=\"https:\/\/agora.xtec.cat\/ecamanresa\/wp-content\/uploads\/usu866\/2024\/03\/logo-traccio-animal-1.jpg 357w, https:\/\/agora.xtec.cat\/ecamanresa\/wp-content\/uploads\/usu866\/2024\/03\/logo-traccio-animal-1-300x274.jpg 300w\" sizes=\"auto, (max-width: 121px) 100vw, 121px\" \/><\/a><\/td>\n<td style=\"width: 79.3814%;\">\n<p style=\"text-align: left;\"><a href=\"http:\/\/acta.cat\/\" target=\"_blank\" rel=\"noopener\"><strong>Associaci\u00f3 catalana de tracci\u00f3 animal<\/strong>\u00a0<\/a><\/p>\n<p style=\"text-align: left;\">L\u2019Associaci\u00f3 Catalana de Tracci\u00f3 Animal, \u00e9s una associaci\u00f3 sense \u00e0nim de lucre que t\u00e9 per objectiu impulsar la idea d\u2019una utilitzaci\u00f3 moderna de la tracci\u00f3 animal com a possibilitat i alternativa v\u00e0lida des del punt de vista agron\u00f2mic, econ\u00f2mic, social, cultural i energ\u00e8tic. L\u2019Escola dona suport a l\u2019Escola de Tracci\u00f3 Animal Moderna que impulsa l\u2019associaci\u00f3.<\/p>\n<\/td>\n<\/tr>\n<\/tbody>\n<\/table>\n<p style=\"text-align: left;\">\n","protected":false},"excerpt":{"rendered":"<p>L\u2019Escola Agr\u00e0ria de Manresa mant\u00e9 aliances amb entitats afins, amb les quals col\u00b7labora per potenciar l\u2019impacte de la seva acci\u00f3 per aconseguir els objectius estrat\u00e8gics: promoci\u00f3 de l\u2019agroecologia, relleu generacional, recuperaci\u00f3 de varietats locals, promoci\u00f3 del comer\u00e7 de proximitat i resili\u00e8ncia clim\u00e0tica. Associaci\u00f3 l\u2019Era L\u2019Era, Espai de Recursos Agroecol\u00f2gics, \u00e9s una associaci\u00f3 que t\u00e9 com [&hellip;]<\/p>\n","protected":false},"author":30,"featured_media":0,"parent":508,"menu_order":1,"comment_status":"closed","ping_status":"closed","template":"","meta":{"_bbp_topic_count":0,"_bbp_reply_count":0,"_bbp_total_topic_count":0,"_bbp_total_reply_count":0,"_bbp_voice_count":0,"_bbp_anonymous_reply_count":0,"_bbp_topic_count_hidden":0,"_bbp_reply_count_hidden":0,"_bbp_forum_subforum_count":0,"site-sidebar-layout":"default","site-content-layout":"","ast-site-content-layout":"default","site-content-style":"default","site-sidebar-style":"default","ast-global-header-display":"","ast-banner-title-visibility":"","ast-main-header-display":"","ast-hfb-above-header-display":"","ast-hfb-below-header-display":"","ast-hfb-mobile-header-display":"","site-post-title":"","ast-breadcrumbs-content":"","ast-featured-img":"","footer-sml-layout":"","theme-transparent-header-meta":"","adv-header-id-meta":"","stick-header-meta":"","header-above-stick-meta":"","header-main-stick-meta":"","header-below-stick-meta":"","astra-migrate-meta-layouts":"set","ast-page-background-enabled":"default","ast-page-background-meta":{"desktop":{"background-color":"var(--ast-global-color-4)","background-image":"","background-repeat":"repeat","background-position":"center center","background-size":"auto","background-attachment":"scroll","background-type":"","background-media":"","overlay-type":"","overlay-color":"","overlay-opacity":"","overlay-gradient":""},"tablet":{"background-color":"","background-image":"","background-repeat":"repeat","background-position":"center center","background-size":"auto","background-attachment":"scroll","background-type":"","background-media":"","overlay-type":"","overlay-color":"","overlay-opacity":"","overlay-gradient":""},"mobile":{"background-color":"","background-image":"","background-repeat":"repeat","background-position":"center center","background-size":"auto","background-attachment":"scroll","background-type":"","background-media":"","overlay-type":"","overlay-color":"","overlay-opacity":"","overlay-gradient":""}},"ast-content-background-meta":{"desktop":{"background-color":"var(--ast-global-color-5)","background-image":"","background-repeat":"repeat","background-position":"center center","background-size":"auto","background-attachment":"scroll","background-type":"","background-media":"","overlay-type":"","overlay-color":"","overlay-opacity":"","overlay-gradient":""},"tablet":{"background-color":"var(--ast-global-color-5)","background-image":"","background-repeat":"repeat","background-position":"center center","background-size":"auto","background-attachment":"scroll","background-type":"","background-media":"","overlay-type":"","overlay-color":"","overlay-opacity":"","overlay-gradient":""},"mobile":{"background-color":"var(--ast-global-color-5)","background-image":"","background-repeat":"repeat","background-position":"center center","background-size":"auto","background-attachment":"scroll","background-type":"","background-media":"","overlay-type":"","overlay-color":"","overlay-opacity":"","overlay-gradient":""}},"footnotes":""},"class_list":["post-5731","page","type-page","status-publish","hentry"],"post_mailing_queue_ids":[],"_links":{"self":[{"href":"https:\/\/agora.xtec.cat\/ecamanresa\/wp-json\/wp\/v2\/pages\/5731","targetHints":{"allow":["GET"]}}],"collection":[{"href":"https:\/\/agora.xtec.cat\/ecamanresa\/wp-json\/wp\/v2\/pages"}],"about":[{"href":"https:\/\/agora.xtec.cat\/ecamanresa\/wp-json\/wp\/v2\/types\/page"}],"author":[{"embeddable":true,"href":"https:\/\/agora.xtec.cat\/ecamanresa\/wp-json\/wp\/v2\/users\/30"}],"replies":[{"embeddable":true,"href":"https:\/\/agora.xtec.cat\/ecamanresa\/wp-json\/wp\/v2\/comments?post=5731"}],"version-history":[{"count":6,"href":"https:\/\/agora.xtec.cat\/ecamanresa\/wp-json\/wp\/v2\/pages\/5731\/revisions"}],"predecessor-version":[{"id":7419,"href":"https:\/\/agora.xtec.cat\/ecamanresa\/wp-json\/wp\/v2\/pages\/5731\/revisions\/7419"}],"up":[{"embeddable":true,"href":"https:\/\/agora.xtec.cat\/ecamanresa\/wp-json\/wp\/v2\/pages\/508"}],"wp:attachment":[{"href":"https:\/\/agora.xtec.cat\/ecamanresa\/wp-json\/wp\/v2\/media?parent=5731"}],"curies":[{"name":"wp","href":"https:\/\/api.w.org\/{rel}","templated":true}]}}

<p style="text-align: left;">L’Escola Agrària de Manresa manté aliances amb entitats afins, amb les quals col·labora per potenciar l’impacte de la seva acció per aconseguir els objectius estratègics: promoció de l’agroecologia, relleu generacional, recuperació de varietats locals, promoció del comerç de proximitat i resiliència climàtica.</p>
<table style="width: 100%; border-collapse: collapse; border-style: hidden; background-color: #ffffff; border-color: #ffffff;" border="0">
<tbody>
<tr>
<td style="width: 20.6186%;"><a href="https://agora.xtec.cat/ecamanresa/wp-content/uploads/usu866/2024/03/Logo_ERA-1.png"><img loading="lazy" decoding="async" class="alignnone size-full wp-image-5968" src="https://agora.xtec.cat/ecamanresa/wp-content/uploads/usu866/2024/03/Logo_ERA-1.png" alt="" width="800" height="199" srcset="https://agora.xtec.cat/ecamanresa/wp-content/uploads/usu866/2024/03/Logo_ERA-1.png 800w, https://agora.xtec.cat/ecamanresa/wp-content/uploads/usu866/2024/03/Logo_ERA-1-300x75.png 300w, https://agora.xtec.cat/ecamanresa/wp-content/uploads/usu866/2024/03/Logo_ERA-1-768x191.png 768w" sizes="auto, (max-width: 800px) 100vw, 800px" /></a></td>
<td style="width: 79.3814%;">
<p style="text-align: left;"><a href="https://associaciolera.org/" target="_blank" rel="noopener"><strong>Associació l’Era</strong></a></p>
<p style="text-align: left;">L’Era, Espai de Recursos Agroecològics, és una associació que té com a principals objectius el foment de la producció agrària ecològica i l’agroecologia. L’entitat va néixer entorn de l’Escola Agrària de Manresa i es complementen en les seves activitats.</p>
</td>
</tr>
<tr>
<td style="width: 20.6186%;"><a href="https://agora.xtec.cat/ecamanresa/wp-content/uploads/usu866/2024/03/BETA-petit.jpg"><img loading="lazy" decoding="async" class="alignnone size-full wp-image-5967" src="https://agora.xtec.cat/ecamanresa/wp-content/uploads/usu866/2024/03/BETA-petit.jpg" alt="" width="300" height="81" /></a></td>
<td style="width: 79.3814%;">
<p style="text-align: left;"><a href="https://betatechcenter.com/ca/" target="_blank" rel="noopener"><strong>Centre tecnològic BETA</strong></a></p>
<p style="text-align: left;">El Centre Tecnològic en Biodiversitat, Ecologia i Tecnologia Ambiental i Alimentària (BETA) té per objectiu donar impuls a l’activitat investigadora en el camp de les tecnologies ambientals a la Universitat de Vic-Universitat Central de Catalunya (UVic-UCC).</p>
</td>
</tr>
<tr>
<td style="width: 20.6186%;"><a href="https://agora.xtec.cat/ecamanresa/wp-content/uploads/usu866/2024/03/Logo-Boscat.png"><img loading="lazy" decoding="async" class="alignnone wp-image-5969 size-full" src="https://agora.xtec.cat/ecamanresa/wp-content/uploads/usu866/2024/03/Logo-Boscat-e1710953734504.png" alt="" width="594" height="229" srcset="https://agora.xtec.cat/ecamanresa/wp-content/uploads/usu866/2024/03/Logo-Boscat-e1710953734504.png 594w, https://agora.xtec.cat/ecamanresa/wp-content/uploads/usu866/2024/03/Logo-Boscat-e1710953734504-300x116.png 300w" sizes="auto, (max-width: 594px) 100vw, 594px" /></a></td>
<td style="width: 79.3814%;">
<p style="text-align: left;"><a href="https://boscat.cat/" target="_blank" rel="noopener"><strong>BOSCAT Federació Catalana d&#8217;Associacions de Propietaris/es Forestals</strong></a></p>
<p style="text-align: left;">Organització sense ànim de lucre que agrupa totes les associacions forestals al territori amb l&#8217;objectiu d&#8217;aprofitar oportunitats per fer gestió forestal conjunta.</p>
</td>
</tr>
<tr>
<td style="width: 20.6186%;"><a href="https://agora.xtec.cat/ecamanresa/wp-content/uploads/usu866/2024/03/logo-traccio-animal-1.jpg"><img loading="lazy" decoding="async" class="wp-image-5971 aligncenter" src="https://agora.xtec.cat/ecamanresa/wp-content/uploads/usu866/2024/03/logo-traccio-animal-1.jpg" alt="" width="121" height="110" srcset="https://agora.xtec.cat/ecamanresa/wp-content/uploads/usu866/2024/03/logo-traccio-animal-1.jpg 357w, https://agora.xtec.cat/ecamanresa/wp-content/uploads/usu866/2024/03/logo-traccio-animal-1-300x274.jpg 300w" sizes="auto, (max-width: 121px) 100vw, 121px" /></a></td>
<td style="width: 79.3814%;">
<p style="text-align: left;"><a href="http://acta.cat/" target="_blank" rel="noopener"><strong>Associació catalana de tracció animal</strong> </a></p>
<p style="text-align: left;">L’Associació Catalana de Tracció Animal, és una associació sense ànim de lucre que té per objectiu impulsar la idea d’una utilització moderna de la tracció animal com a possibilitat i alternativa vàlida des del punt de vista agronòmic, econòmic, social, cultural i energètic. L’Escola dona suport a l’Escola de Tracció Animal Moderna que impulsa l’associació.</p>
</td>
</tr>
</tbody>
</table>
<p style="text-align: left;">

<p>L’Escola Agrària de Manresa manté aliances amb entitats afins, amb les quals col·labora per potenciar l’impacte de la seva acció per aconseguir els objectius estratègics: promoció de l’agroecologia, relleu generacional, recuperació de varietats locals, promoció del comerç de proximitat i resiliència climàtica. Associació l’Era L’Era, Espai de Recursos Agroecològics, és una associació que té com [&hellip;]</p>
