{"id":5695,"date":"2024-02-25T19:16:24","date_gmt":"2024-02-25T18:16:24","guid":{"rendered":"https:\/\/agora.xtec.cat\/ecamanresa\/?page_id=5695"},"modified":"2026-03-12T13:55:19","modified_gmt":"2026-03-12T12:55:19","slug":"ecovoc-2011-2013","status":"publish","type":"page","link":"https:\/\/agora.xtec.cat\/ecamanresa\/projectes-europeus\/ecovoc-2011-2013\/","title":{"rendered":"ECOVOC 2011-2013"},"content":{"rendered":"<p><a href=\"https:\/\/agora.xtec.cat\/ecamanresa\/wp-content\/uploads\/usu866\/2024\/02\/ecovoc_logo.png\"><img loading=\"lazy\" decoding=\"async\" class=\"alignnone wp-image-5666\" src=\"https:\/\/agora.xtec.cat\/ecamanresa\/wp-content\/uploads\/usu866\/2024\/02\/ecovoc_logo.png\" alt=\"\" width=\"194\" height=\"141\" \/><\/a><\/p>\n<p>El projecte tenia com a objectiu principal l\u2019elaboraci\u00f3 i homologaci\u00f3 en el sistema d\u2019educaci\u00f3 d\u2019Hongria d\u2019un pla d\u2019estudis de formaci\u00f3 professional en horta i fruita agroecol\u00f2gica i biodin\u00e0mica.\u00a0 A partir de l\u2019experi\u00e8ncia i transfer\u00e8ncia dels coneixements dels altres socis es va elaborar el curr\u00edculum adaptat a la realitat d\u2019Hongria.<\/p>\n<p>Van participar al projecte socis d\u2019Hongria, Fran\u00e7a, el Regne Unit, Pa\u00efsos Baixos i Catalunya.<\/p>\n<p><a href=\"https:\/\/agora.xtec.cat\/ecamanresa\/wp-content\/uploads\/usu866\/2024\/02\/ecovoc-scaled.jpg\"><img loading=\"lazy\" decoding=\"async\" class=\" wp-image-5678\" src=\"https:\/\/agora.xtec.cat\/ecamanresa\/wp-content\/uploads\/usu866\/2024\/02\/ecovoc-scaled.jpg\" alt=\"\" width=\"595\" height=\"397\" srcset=\"https:\/\/agora.xtec.cat\/ecamanresa\/wp-content\/uploads\/usu866\/2024\/02\/ecovoc-scaled.jpg 2560w, https:\/\/agora.xtec.cat\/ecamanresa\/wp-content\/uploads\/usu866\/2024\/02\/ecovoc-300x200.jpg 300w, https:\/\/agora.xtec.cat\/ecamanresa\/wp-content\/uploads\/usu866\/2024\/02\/ecovoc-1024x683.jpg 1024w, https:\/\/agora.xtec.cat\/ecamanresa\/wp-content\/uploads\/usu866\/2024\/02\/ecovoc-768x512.jpg 768w, https:\/\/agora.xtec.cat\/ecamanresa\/wp-content\/uploads\/usu866\/2024\/02\/ecovoc-1536x1024.jpg 1536w, https:\/\/agora.xtec.cat\/ecamanresa\/wp-content\/uploads\/usu866\/2024\/02\/ecovoc-2048x1365.jpg 2048w\" sizes=\"auto, (max-width: 595px) 100vw, 595px\" \/><\/a><\/p>\n","protected":false},"excerpt":{"rendered":"<p><a href=\"https:\/\/agora.xtec.cat\/ecamanresa\/wp-content\/uploads\/usu866\/2024\/02\/ecovoc_logo.png\"><\/a><br \/>\nEl projecte tenia com a objectiu principal l\u2019elaboraci\u00f3 i homologaci\u00f3 en el sistema d\u2019educaci\u00f3 d\u2019Hongria d\u2019un pla d\u2019estudis de formaci\u00f3 professional en horta i fruita agroecol\u00f2gica i biodin\u00e0mica.\u00a0 A partir de l\u2019experi\u00e8ncia i transfer\u00e8ncia dels coneixements dels altres socis es va elaborar el curr\u00edculum&hellip;  <a href=\"https:\/\/agora.xtec.cat\/ecamanresa\/projectes-europeus\/ecovoc-2011-2013\/\" title=\"Read ECOVOC 2011-2013\">Llegeix m\u00e9s\u00bb<\/a><\/p>\n","protected":false},"author":3,"featured_media":0,"parent":5661,"menu_order":0,"comment_status":"closed","ping_status":"closed","template":"page-templates\/side-menu.php","meta":{"_bbp_topic_count":0,"_bbp_reply_count":0,"_bbp_total_topic_count":0,"_bbp_total_reply_count":0,"_bbp_voice_count":0,"_bbp_anonymous_reply_count":0,"_bbp_topic_count_hidden":0,"_bbp_reply_count_hidden":0,"_bbp_forum_subforum_count":0,"footnotes":""},"class_list":["post-5695","page","type-page","status-publish","hentry"],"post_mailing_queue_ids":[],"_links":{"self":[{"href":"https:\/\/agora.xtec.cat\/ecamanresa\/wp-json\/wp\/v2\/pages\/5695","targetHints":{"allow":["GET"]}}],"collection":[{"href":"https:\/\/agora.xtec.cat\/ecamanresa\/wp-json\/wp\/v2\/pages"}],"about":[{"href":"https:\/\/agora.xtec.cat\/ecamanresa\/wp-json\/wp\/v2\/types\/page"}],"author":[{"embeddable":true,"href":"https:\/\/agora.xtec.cat\/ecamanresa\/wp-json\/wp\/v2\/users\/3"}],"replies":[{"embeddable":true,"href":"https:\/\/agora.xtec.cat\/ecamanresa\/wp-json\/wp\/v2\/comments?post=5695"}],"version-history":[{"count":3,"href":"https:\/\/agora.xtec.cat\/ecamanresa\/wp-json\/wp\/v2\/pages\/5695\/revisions"}],"predecessor-version":[{"id":5904,"href":"https:\/\/agora.xtec.cat\/ecamanresa\/wp-json\/wp\/v2\/pages\/5695\/revisions\/5904"}],"up":[{"embeddable":true,"href":"https:\/\/agora.xtec.cat\/ecamanresa\/wp-json\/wp\/v2\/pages\/5661"}],"wp:attachment":[{"href":"https:\/\/agora.xtec.cat\/ecamanresa\/wp-json\/wp\/v2\/media?parent=5695"}],"curies":[{"name":"wp","href":"https:\/\/api.w.org\/{rel}","templated":true}]}}