{"id":5576,"date":"2024-02-15T16:51:08","date_gmt":"2024-02-15T15:51:08","guid":{"rendered":"https:\/\/agora.xtec.cat\/ecamanresa\/?page_id=5576"},"modified":"2026-03-12T13:49:59","modified_gmt":"2026-03-12T12:49:59","slug":"practiques-empresa","status":"publish","type":"page","link":"https:\/\/agora.xtec.cat\/ecamanresa\/cicles-formatius\/practiques-empresa\/","title":{"rendered":"Pr\u00e0ctiques a l&#8217;empresa"},"content":{"rendered":"<p style=\"text-align: left;\">La formaci\u00f3 dual implica que una part molt important de l\u2019aprenentatge es fa\u00a0 treballant. Per aix\u00f2, durant el primer curs iniciar\u00e0s l\u2019estada a l\u2019empresa, que et permetr\u00e0 formar-te durant 1.000 hores al costat de professionals que et transmetran tota la seva experi\u00e8ncia.<\/p>\n<p style=\"text-align: left;\"><strong>A m\u00e9s, rebr\u00e0s una beca salari mensual per part de l\u2019empresa, pel teu esfor\u00e7 i dedicaci\u00f3.<\/strong><\/p>\n<p>L\u2019escola, d\u2019acord amb l\u2019empresa, dissenyar\u00e0 un pla d\u2019activitats que s\u2019ajusti a les teves necessitats de formaci\u00f3 i durant l\u2019estada en far\u00e0 el seguiment i avaluaci\u00f3.<\/p>\n<p><strong>Aix\u00f2 opina el nostre alumnat:<\/strong><\/p>\n<ul>\n<li><em>\u201cFer pr\u00e0ctiques amb el Tom\u00e0s Llop m\u2019ha ajudat a entendre els arbres i les cobertes d\u2019una altra forma, treballant al ritme de les plantes i no al ritme accelerat que portem les persones. Treballar al camp \u00e9s una altra quotidianitat. <\/em><em style=\"font-family: inherit; font-size: 1em;\">I treballar amb l\u2019Andr\u00e9 Trives m\u2019ha descobert una forma de fer agricultura i de viure del camp dignament. He apr\u00e8s la import\u00e0ncia de la xarxa familiar i m\u2019ha agradat la seva hist\u00f2ria de superaci\u00f3\u201d &#8211; <\/em><span style=\"font-family: inherit; font-size: 1em;\">Ramon Cunill<\/span><\/li>\n<li><em>\u201cFer les pr\u00e0ctiques amb el Vicen\u00e7 Cartr\u00f3 ha estat una experi\u00e8ncia positiva. He apr\u00e8s les circumst\u00e0ncies d\u2019una finca petita, on \u00e9s important reaprofitar i saber fer reparacions. Tamb\u00e9 he sigut conscient de l\u2019esfor\u00e7 f\u00edsic que pot suposar. I, d\u2019altra banda, he apr\u00e8s a treballar sola. La vinya pot ser una feina molt meditativa perqu\u00e8 tot \u00e9s manual i vol molta dedicaci\u00f3\u201d &#8211; <\/em>Elisenda Marc\u00e9<\/li>\n<li><em>\u201cLes pr\u00e0ctiques m\u2019han fet con\u00e8ixer la ramaderia m\u00e9s de prop: les necessitats aliment\u00e0ries dels animals, la seva sanitat, com es mouen a les pastures&#8230; I tamb\u00e9 els processos vinculats a l\u2019elaboraci\u00f3 i a la venda directa, fins i tot els de gesti\u00f3 de l\u2019empresa\u201d &#8211; <\/em>Maria Sin<\/li>\n<\/ul>\n<p><a href=\"https:\/\/agora.xtec.cat\/ecamanresa\/wp-content\/uploads\/usu866\/2024\/03\/Erik-Juarez-a-Can-Cases-DSC_0721-scaled.jpg\"><img loading=\"lazy\" decoding=\"async\" class=\"alignnone wp-image-5852\" src=\"https:\/\/agora.xtec.cat\/ecamanresa\/wp-content\/uploads\/usu866\/2024\/03\/Erik-Juarez-a-Can-Cases-DSC_0721-scaled.jpg\" alt=\"\" width=\"488\" height=\"325\" srcset=\"https:\/\/agora.xtec.cat\/ecamanresa\/wp-content\/uploads\/usu866\/2024\/03\/Erik-Juarez-a-Can-Cases-DSC_0721-scaled.jpg 2560w, https:\/\/agora.xtec.cat\/ecamanresa\/wp-content\/uploads\/usu866\/2024\/03\/Erik-Juarez-a-Can-Cases-DSC_0721-300x200.jpg 300w, https:\/\/agora.xtec.cat\/ecamanresa\/wp-content\/uploads\/usu866\/2024\/03\/Erik-Juarez-a-Can-Cases-DSC_0721-1024x683.jpg 1024w, https:\/\/agora.xtec.cat\/ecamanresa\/wp-content\/uploads\/usu866\/2024\/03\/Erik-Juarez-a-Can-Cases-DSC_0721-768x512.jpg 768w, https:\/\/agora.xtec.cat\/ecamanresa\/wp-content\/uploads\/usu866\/2024\/03\/Erik-Juarez-a-Can-Cases-DSC_0721-1536x1024.jpg 1536w, https:\/\/agora.xtec.cat\/ecamanresa\/wp-content\/uploads\/usu866\/2024\/03\/Erik-Juarez-a-Can-Cases-DSC_0721-2048x1365.jpg 2048w\" sizes=\"auto, (max-width: 488px) 100vw, 488px\" \/> <\/a><a href=\"https:\/\/agora.xtec.cat\/ecamanresa\/wp-content\/uploads\/usu866\/2024\/03\/20190401_122832.jpg\"><img loading=\"lazy\" decoding=\"async\" class=\"alignnone wp-image-5853\" src=\"https:\/\/agora.xtec.cat\/ecamanresa\/wp-content\/uploads\/usu866\/2024\/03\/20190401_122832.jpg\" alt=\"\" width=\"488\" height=\"325\" srcset=\"https:\/\/agora.xtec.cat\/ecamanresa\/wp-content\/uploads\/usu866\/2024\/03\/20190401_122832.jpg 1536w, https:\/\/agora.xtec.cat\/ecamanresa\/wp-content\/uploads\/usu866\/2024\/03\/20190401_122832-300x200.jpg 300w, https:\/\/agora.xtec.cat\/ecamanresa\/wp-content\/uploads\/usu866\/2024\/03\/20190401_122832-1024x683.jpg 1024w, https:\/\/agora.xtec.cat\/ecamanresa\/wp-content\/uploads\/usu866\/2024\/03\/20190401_122832-768x512.jpg 768w\" sizes=\"auto, (max-width: 488px) 100vw, 488px\" \/><\/a><\/p>\n<p><a href=\"https:\/\/agora.xtec.cat\/ecamanresa\/wp-content\/uploads\/usu866\/2024\/03\/04032011376-scaled.jpg\"><img loading=\"lazy\" decoding=\"async\" class=\"wp-image-5854 alignnone\" src=\"https:\/\/agora.xtec.cat\/ecamanresa\/wp-content\/uploads\/usu866\/2024\/03\/04032011376-scaled.jpg\" alt=\"\" width=\"488\" height=\"325\" srcset=\"https:\/\/agora.xtec.cat\/ecamanresa\/wp-content\/uploads\/usu866\/2024\/03\/04032011376-scaled.jpg 2560w, https:\/\/agora.xtec.cat\/ecamanresa\/wp-content\/uploads\/usu866\/2024\/03\/04032011376-300x200.jpg 300w, https:\/\/agora.xtec.cat\/ecamanresa\/wp-content\/uploads\/usu866\/2024\/03\/04032011376-1024x683.jpg 1024w, https:\/\/agora.xtec.cat\/ecamanresa\/wp-content\/uploads\/usu866\/2024\/03\/04032011376-768x512.jpg 768w, https:\/\/agora.xtec.cat\/ecamanresa\/wp-content\/uploads\/usu866\/2024\/03\/04032011376-1536x1024.jpg 1536w, https:\/\/agora.xtec.cat\/ecamanresa\/wp-content\/uploads\/usu866\/2024\/03\/04032011376-2048x1365.jpg 2048w\" sizes=\"auto, (max-width: 488px) 100vw, 488px\" \/><\/a> <a href=\"https:\/\/agora.xtec.cat\/ecamanresa\/wp-content\/uploads\/usu866\/2024\/04\/DSC_1957.jpg\"><img loading=\"lazy\" decoding=\"async\" class=\"wp-image-6173 alignnone\" src=\"https:\/\/agora.xtec.cat\/ecamanresa\/wp-content\/uploads\/usu866\/2024\/04\/DSC_1957.jpg\" alt=\"\" width=\"487\" height=\"325\" srcset=\"https:\/\/agora.xtec.cat\/ecamanresa\/wp-content\/uploads\/usu866\/2024\/04\/DSC_1957.jpg 1620w, https:\/\/agora.xtec.cat\/ecamanresa\/wp-content\/uploads\/usu866\/2024\/04\/DSC_1957-300x200.jpg 300w, https:\/\/agora.xtec.cat\/ecamanresa\/wp-content\/uploads\/usu866\/2024\/04\/DSC_1957-1024x683.jpg 1024w, https:\/\/agora.xtec.cat\/ecamanresa\/wp-content\/uploads\/usu866\/2024\/04\/DSC_1957-768x512.jpg 768w, https:\/\/agora.xtec.cat\/ecamanresa\/wp-content\/uploads\/usu866\/2024\/04\/DSC_1957-1536x1025.jpg 1536w\" sizes=\"auto, (max-width: 487px) 100vw, 487px\" \/><\/a><\/p>\n","protected":false},"excerpt":{"rendered":"<p>La formaci\u00f3 dual implica que una part molt important de l\u2019aprenentatge es fa\u00a0 treballant. Per aix\u00f2, durant el primer curs iniciar\u00e0s l\u2019estada a l\u2019empresa, que et permetr\u00e0 formar-te durant 1.000 hores al costat de professionals que et transmetran tota la seva experi\u00e8ncia.<br \/>\nA m\u00e9s, rebr\u00e0s una&hellip;  <a href=\"https:\/\/agora.xtec.cat\/ecamanresa\/cicles-formatius\/practiques-empresa\/\" title=\"Read Pr\u00e0ctiques a l&#8217;empresa\">Llegeix m\u00e9s\u00bb<\/a><\/p>\n","protected":false},"author":3,"featured_media":0,"parent":5746,"menu_order":3,"comment_status":"closed","ping_status":"closed","template":"page-templates\/side-menu.php","meta":{"_bbp_topic_count":0,"_bbp_reply_count":0,"_bbp_total_topic_count":0,"_bbp_total_reply_count":0,"_bbp_voice_count":0,"_bbp_anonymous_reply_count":0,"_bbp_topic_count_hidden":0,"_bbp_reply_count_hidden":0,"_bbp_forum_subforum_count":0,"footnotes":""},"class_list":["post-5576","page","type-page","status-publish","hentry"],"post_mailing_queue_ids":[],"_links":{"self":[{"href":"https:\/\/agora.xtec.cat\/ecamanresa\/wp-json\/wp\/v2\/pages\/5576","targetHints":{"allow":["GET"]}}],"collection":[{"href":"https:\/\/agora.xtec.cat\/ecamanresa\/wp-json\/wp\/v2\/pages"}],"about":[{"href":"https:\/\/agora.xtec.cat\/ecamanresa\/wp-json\/wp\/v2\/types\/page"}],"author":[{"embeddable":true,"href":"https:\/\/agora.xtec.cat\/ecamanresa\/wp-json\/wp\/v2\/users\/3"}],"replies":[{"embeddable":true,"href":"https:\/\/agora.xtec.cat\/ecamanresa\/wp-json\/wp\/v2\/comments?post=5576"}],"version-history":[{"count":7,"href":"https:\/\/agora.xtec.cat\/ecamanresa\/wp-json\/wp\/v2\/pages\/5576\/revisions"}],"predecessor-version":[{"id":7158,"href":"https:\/\/agora.xtec.cat\/ecamanresa\/wp-json\/wp\/v2\/pages\/5576\/revisions\/7158"}],"up":[{"embeddable":true,"href":"https:\/\/agora.xtec.cat\/ecamanresa\/wp-json\/wp\/v2\/pages\/5746"}],"wp:attachment":[{"href":"https:\/\/agora.xtec.cat\/ecamanresa\/wp-json\/wp\/v2\/media?parent=5576"}],"curies":[{"name":"wp","href":"https:\/\/api.w.org\/{rel}","templated":true}]}}