{"id":19,"date":"2014-09-17T14:56:56","date_gmt":"2014-09-17T14:56:56","guid":{"rendered":"http:\/\/agora.xtec.cat\/ecaforestal\/?page_id=19"},"modified":"2026-02-04T13:19:09","modified_gmt":"2026-02-04T12:19:09","slug":"linstitut","status":"publish","type":"page","link":"https:\/\/agora.xtec.cat\/ecaforestal\/linstitut\/","title":{"rendered":"EA Forestal de SCF"},"content":{"rendered":"\n<p><a href=\"https:\/\/agora.xtec.cat\/ecaforestal\/wp-content\/uploads\/usu2539\/2024\/02\/EA-Forestal-de-SCF.png\"><img loading=\"lazy\" decoding=\"async\" class=\"alignnone size-full wp-image-1482\" src=\"https:\/\/agora.xtec.cat\/ecaforestal\/wp-content\/uploads\/usu2539\/2024\/02\/EA-Forestal-de-SCF.png\" alt=\"\" width=\"1024\" height=\"150\" srcset=\"https:\/\/agora.xtec.cat\/ecaforestal\/wp-content\/uploads\/usu2539\/2024\/02\/EA-Forestal-de-SCF.png 1024w, https:\/\/agora.xtec.cat\/ecaforestal\/wp-content\/uploads\/usu2539\/2024\/02\/EA-Forestal-de-SCF-300x44.png 300w, https:\/\/agora.xtec.cat\/ecaforestal\/wp-content\/uploads\/usu2539\/2024\/02\/EA-Forestal-de-SCF-768x113.png 768w\" sizes=\"auto, (max-width: 1024px) 100vw, 1024px\" \/><\/a><\/p>\n\n\n<div class=\"pd-15x\">\n<p><a href=\"https:\/\/agora.xtec.cat\/ecaforestal\/wp-content\/uploads\/usu2539\/2021\/07\/IMGP1999.jpg\"><img loading=\"lazy\" decoding=\"async\" class=\"alignnone size-full wp-image-785\" src=\"https:\/\/agora.xtec.cat\/ecaforestal\/wp-content\/uploads\/usu2539\/2021\/07\/IMGP1999.jpg\" alt=\"\" width=\"640\" height=\"480\" srcset=\"https:\/\/agora.xtec.cat\/ecaforestal\/wp-content\/uploads\/usu2539\/2021\/07\/IMGP1999.jpg 640w, https:\/\/agora.xtec.cat\/ecaforestal\/wp-content\/uploads\/usu2539\/2021\/07\/IMGP1999-300x225.jpg 300w, https:\/\/agora.xtec.cat\/ecaforestal\/wp-content\/uploads\/usu2539\/2021\/07\/IMGP1999-200x150.jpg 200w\" sizes=\"auto, (max-width: 640px) 100vw, 640px\" \/><\/a><\/p>\n<p>L\u2019Escola Agr\u00e0ria Forestal \u201cCasa Xifra\u201d \u00e9s una escola p\u00fablica del Departament d\u2019Agricultura, Ramaderia, Pesca i Alimentaci\u00f3 de la Generalitat de Catalunya, situada al peu de les Guilleries, a Santa Coloma de Farners, capital de la comarca de la Selva.)&#8230;<\/p>\n<p>La nostra missi\u00f3 consisteix en garantir la qualificaci\u00f3 professional de les persones que volen desenvolupar la seva activitat en el sector forestal, del paisatgisme, de l\u2019apicultura\u00a0 i la conservaci\u00f3 del medi natural mitjan\u00e7ant una formaci\u00f3 integral que els capaciti per afrontar amb efic\u00e0cia la seva tasca com a professionals i\/o faciliti la seva inserci\u00f3 al m\u00f3n laboral. Valorem la conservaci\u00f3 i restauraci\u00f3 del medi natural, el foment de la biodiversitat,\u00a0 la sostenibilitat social i econ\u00f2mica, la dignificaci\u00f3 del treball, la formaci\u00f3 continua i l\u2019emprenedoria, tamb\u00e9 la recerca de oportunitats per a l\u2019alumnat, millorant l\u2019aprenentatge i la transfer\u00e8ncia en les activitats formatives.<\/p>\n<p>El nostre projecte educatiu, d\u2019acord al pl\u00e0 estrat\u00e8gic, apel.la a tota la comunitat educativa i es fonamenta en la responsabilitat ambiental i social, promovent la gesti\u00f3 respectuosa del medi, apostant per la cura de tots els essers i treballant per un canvi d\u2019h\u00e0bits de consum i la racionalitzaci\u00f3 en l\u2019\u00fas dels recursos.<\/p>\n<p>Els alumnes dels cicles formatius realitzen pr\u00e0ctiques en centres de treball mitjan\u00e7ant un conveni de col\u00b7laboraci\u00f3 entre el centre docent i l\u2019empresa, fet que afavoreix que l\u2019alumnat tingui una primera experi\u00e8ncia laboral dins aquest sector professional en modalitat normal o DUAL. \u00a0Tenim activa una borsa de treball pr\u00f2pia per als nostres alumnes i ex-alumnes, que gestiona sobre un centenar d\u2019ofertes l\u2019any del sector forestal i de paisatgisme amb especialitat en Gesti\u00f3 d\u2019Espais Verds i Ecologia Urbana. Gestionem una borsa de treball per als ex-alumnes del centre i hem impulsat la creaci\u00f3 d\u2019una plataforma de ocupaci\u00f3 p\u00fablica de treballs forestals (OCUPFOREST) dins el marc d\u2019un projecte europeu.<\/p>\n<p>Per als professionals organitzem cursos i jornades t\u00e8cniques, &#8230; i tamb\u00e9 participem en el proc\u00e9s d&#8217;incorporaci\u00f3 de joves agricultors. Tenim una oferta de m\u00e9s de trenta cursos anuals. Vam iniciar els primers cursos d\u2019arboricultura el 2006 i de trepador al 2011, actualment som centre reconegut amb cursos homologats per l\u2019Associaci\u00f3 Espanyola d\u2019Arboricultura (2019). Som Centre acreditat per European Forestry and Environmental Skills Council des del 2016 en la formaci\u00f3 i preparaci\u00f3 per a certificats de motoserrista ( ECC)\u00a0 i a partir de 2020 som tamb\u00e9 centre examinador. Tot aix\u00f2 ha estat fruit dels cursos b\u00e0sics de motoserra que es feien des del 1996.<\/p>\n<p>Des del 2015 a l\u2019escola es fan reunions de la comissi\u00f3 t\u00e8cnica en formaci\u00f3 de l\u2019apicultura a Catalunya per coordinar les necessitats formatives del sector\u00a0i al 2016 hem consolidat el Departament ap\u00edcola al mateix nivell que el forestal i el paisatgista.<\/p>\n<p>Estem contents de poder contribuir a la formaci\u00f3 i capacitaci\u00f3 de persones que cuiden el medi natural i el paisatge i continuarem oferint la qualitat que creiem necess\u00e0ria per a qu\u00e8 ho puguin fer amb criteri.<\/p>\n<br \/>\n<p><a href=\"https:\/\/agora.xtec.cat\/ecaforestal\/wp-content\/uploads\/usu2539\/2022\/07\/Carta-de-serveis-del-centre-2022.pdf\">Carta de serveis del centre -2022<\/a><\/p>\n<\/div>","protected":false},"excerpt":{"rendered":"<p><a href=\"https:\/\/agora.xtec.cat\/ecaforestal\/wp-content\/uploads\/usu2539\/2024\/02\/EA-Forestal-de-SCF.png\"><\/a><\/p>\n<p><a href=\"https:\/\/agora.xtec.cat\/ecaforestal\/wp-content\/uploads\/usu2539\/2021\/07\/IMGP1999.jpg\"><\/a><br \/>\nL\u2019Escola Agr\u00e0ria Forestal \u201cCasa Xifra\u201d \u00e9s una escola p\u00fablica del Departament d\u2019Agricultura, Ramaderia, Pesca i Alimentaci\u00f3 de la Generalitat de Catalunya, situada al peu de les Guilleries, a Santa Coloma de Farners, capital de la comarca de la Selva.)&#8230;<br \/>\nLa nostra missi\u00f3 consisteix en&hellip;  <a href=\"https:\/\/agora.xtec.cat\/ecaforestal\/linstitut\/\" title=\"Read EA Forestal de SCF\">Llegeix m\u00e9s\u00bb<\/a><\/p>\n","protected":false},"author":1,"featured_media":1482,"parent":0,"menu_order":0,"comment_status":"closed","ping_status":"closed","template":"page-templates\/side-menu.php","meta":{"_bbp_topic_count":0,"_bbp_reply_count":0,"_bbp_total_topic_count":0,"_bbp_total_reply_count":0,"_bbp_voice_count":0,"_bbp_anonymous_reply_count":0,"_bbp_topic_count_hidden":0,"_bbp_reply_count_hidden":0,"_bbp_forum_subforum_count":0,"footnotes":""},"class_list":["post-19","page","type-page","status-publish","has-post-thumbnail","hentry"],"post_mailing_queue_ids":[],"_links":{"self":[{"href":"https:\/\/agora.xtec.cat\/ecaforestal\/wp-json\/wp\/v2\/pages\/19","targetHints":{"allow":["GET"]}}],"collection":[{"href":"https:\/\/agora.xtec.cat\/ecaforestal\/wp-json\/wp\/v2\/pages"}],"about":[{"href":"https:\/\/agora.xtec.cat\/ecaforestal\/wp-json\/wp\/v2\/types\/page"}],"author":[{"embeddable":true,"href":"https:\/\/agora.xtec.cat\/ecaforestal\/wp-json\/wp\/v2\/users\/1"}],"replies":[{"embeddable":true,"href":"https:\/\/agora.xtec.cat\/ecaforestal\/wp-json\/wp\/v2\/comments?post=19"}],"version-history":[{"count":5,"href":"https:\/\/agora.xtec.cat\/ecaforestal\/wp-json\/wp\/v2\/pages\/19\/revisions"}],"predecessor-version":[{"id":1851,"href":"https:\/\/agora.xtec.cat\/ecaforestal\/wp-json\/wp\/v2\/pages\/19\/revisions\/1851"}],"wp:featuredmedia":[{"embeddable":true,"href":"https:\/\/agora.xtec.cat\/ecaforestal\/wp-json\/wp\/v2\/media\/1482"}],"wp:attachment":[{"href":"https:\/\/agora.xtec.cat\/ecaforestal\/wp-json\/wp\/v2\/media?parent=19"}],"curies":[{"name":"wp","href":"https:\/\/api.w.org\/{rel}","templated":true}]}}