{"id":629,"date":"2021-03-29T17:55:25","date_gmt":"2021-03-29T15:55:25","guid":{"rendered":"https:\/\/agora.xtec.cat\/ecaamposta\/?page_id=629"},"modified":"2023-12-04T13:56:20","modified_gmt":"2023-12-04T12:56:20","slug":"preinscripcions22-23","status":"publish","type":"page","link":"https:\/\/agora.xtec.cat\/ecaamposta\/escola\/secretaria\/preinscripcions22-23\/","title":{"rendered":"Preinscripcions 2023-2024"},"content":{"rendered":"<p>\ud83d\udca1 Dates preinscripci\u00f3 curs 2023-24 del <b>Cicle Formatiu de Grau mitj\u00e0 de Produccions Agroecol\u00f2gica<\/b>:<\/p>\n<p>&nbsp;<\/p>\n<p>Presentaci\u00f3 de sol\u00b7licituds:<\/p>\n<p>&nbsp;<\/p>\n<p><a href=\"https:\/\/preinscripcio.gencat.cat\/ca\/estudis\/fp-grau-mitja\/inici\/\" target=\"_blank\" rel=\"noopener\">Enlla\u00e7 per accedir a la preinscripci\u00f3 &#8211; <strong>Cicle Formatiu de Grau mitj\u00e0 de Produccions Agroecol\u00f2gica<\/strong><\/a><\/p>\n<p>&nbsp;<\/p>\n<p>\ud83d\udca1 Dates preinscripci\u00f3 curs 2023-24 del <strong>Cicle Formatiu de Grau Superior en Paisatgisme i Medi Rural<\/strong>:<\/p>\n<p>&nbsp;<\/p>\n<p>Presentaci\u00f3 de sol\u00b7licituds:<\/p>\n<p>&nbsp;<\/p>\n<p><a href=\"https:\/\/preinscripcio.gencat.cat\/ca\/estudis\/fp-grau-superior\/inici\/\" target=\"_blank\" rel=\"noopener\">Enlla\u00e7 per accedir a la preinscripci\u00f3 &#8211;\u00a0<strong>Cicle Formatiu de Grau Superior en Paisatgisme i Medi Rural<\/strong><\/a><\/p>\n<p><strong><a href=\"https:\/\/agora.xtec.cat\/ecaamposta\/wp-content\/uploads\/usu2500\/2021\/03\/task-completed.png\"><img loading=\"lazy\" decoding=\"async\" class=\"alignnone wp-image-569\" src=\"https:\/\/agora.xtec.cat\/ecaamposta\/wp-content\/uploads\/usu2500\/2021\/03\/task-completed.png\" alt=\"\" width=\"43\" height=\"43\" \/><\/a> PREINSCRIPCI\u00d3:<\/strong> Envia&#8217;ns aquest <a href=\"https:\/\/forms.gle\/sHsKesNXNnyziaoG6\" target=\"_blank\" rel=\"noopener noreferrer\">formulari<\/a> si est\u00e0s interessat\/a a rebre informaci\u00f3 de l&#8217;Escola.<\/p>\n<p>M\u00e9s informaci\u00f3 a <a title=\"B\u00fastia electr\u00f2nica\" href=\"mailto:aecaamp.daam@gencat.cat\">aecaamp.daam@gencat.cat <\/a>o al correu electr\u00f2nic\u00a0del Departament d\u2019Educaci\u00f3: <a style=\"font-family: inherit; font-size: 1em;\" href=\"https:\/\/preinscripcio.gencat.cat\/ca\/inici\/\" target=\"_blank\" rel=\"noopener noreferrer\">preinscripcio.gencat.cat<\/a><\/p>\n","protected":false},"excerpt":{"rendered":"<p>\ud83d\udca1 Dates preinscripci\u00f3 curs 2023-24 del Cicle Formatiu de Grau mitj\u00e0 de Produccions Agroecol\u00f2gica: &nbsp; Presentaci\u00f3 de sol\u00b7licituds: &nbsp; Enlla\u00e7 per accedir a la preinscripci\u00f3 &#8211; Cicle Formatiu de Grau mitj\u00e0 de Produccions Agroecol\u00f2gica &nbsp; \ud83d\udca1 Dates preinscripci\u00f3 curs 2023-24 del Cicle Formatiu de Grau Superior en Paisatgisme i Medi Rural: &nbsp; Presentaci\u00f3 de sol\u00b7licituds: [&hellip;]<\/p>\n","protected":false},"author":1,"featured_media":0,"parent":81,"menu_order":1,"comment_status":"closed","ping_status":"closed","template":"page-templates\/side-menu.php","meta":{"_bbp_topic_count":0,"_bbp_reply_count":0,"_bbp_total_topic_count":0,"_bbp_total_reply_count":0,"_bbp_voice_count":0,"_bbp_anonymous_reply_count":0,"_bbp_topic_count_hidden":0,"_bbp_reply_count_hidden":0,"_bbp_forum_subforum_count":0,"site-sidebar-layout":"default","site-content-layout":"","ast-site-content-layout":"","site-content-style":"default","site-sidebar-style":"default","ast-global-header-display":"","ast-banner-title-visibility":"","ast-main-header-display":"","ast-hfb-above-header-display":"","ast-hfb-below-header-display":"","ast-hfb-mobile-header-display":"","site-post-title":"","ast-breadcrumbs-content":"","ast-featured-img":"","footer-sml-layout":"","theme-transparent-header-meta":"","adv-header-id-meta":"","stick-header-meta":"","header-above-stick-meta":"","header-main-stick-meta":"","header-below-stick-meta":"","astra-migrate-meta-layouts":"default","ast-page-background-enabled":"default","ast-page-background-meta":{"desktop":{"background-color":"var(--ast-global-color-4)","background-image":"","background-repeat":"repeat","background-position":"center center","background-size":"auto","background-attachment":"scroll","background-type":"","background-media":"","overlay-type":"","overlay-color":"","overlay-opacity":"","overlay-gradient":""},"tablet":{"background-color":"","background-image":"","background-repeat":"repeat","background-position":"center center","background-size":"auto","background-attachment":"scroll","background-type":"","background-media":"","overlay-type":"","overlay-color":"","overlay-opacity":"","overlay-gradient":""},"mobile":{"background-color":"","background-image":"","background-repeat":"repeat","background-position":"center center","background-size":"auto","background-attachment":"scroll","background-type":"","background-media":"","overlay-type":"","overlay-color":"","overlay-opacity":"","overlay-gradient":""}},"ast-content-background-meta":{"desktop":{"background-color":"var(--ast-global-color-5)","background-image":"","background-repeat":"repeat","background-position":"center center","background-size":"auto","background-attachment":"scroll","background-type":"","background-media":"","overlay-type":"","overlay-color":"","overlay-opacity":"","overlay-gradient":""},"tablet":{"background-color":"var(--ast-global-color-5)","background-image":"","background-repeat":"repeat","background-position":"center center","background-size":"auto","background-attachment":"scroll","background-type":"","background-media":"","overlay-type":"","overlay-color":"","overlay-opacity":"","overlay-gradient":""},"mobile":{"background-color":"var(--ast-global-color-5)","background-image":"","background-repeat":"repeat","background-position":"center center","background-size":"auto","background-attachment":"scroll","background-type":"","background-media":"","overlay-type":"","overlay-color":"","overlay-opacity":"","overlay-gradient":""}},"footnotes":""},"class_list":["post-629","page","type-page","status-publish","hentry"],"post_mailing_queue_ids":[],"_links":{"self":[{"href":"https:\/\/agora.xtec.cat\/ecaamposta\/wp-json\/wp\/v2\/pages\/629","targetHints":{"allow":["GET"]}}],"collection":[{"href":"https:\/\/agora.xtec.cat\/ecaamposta\/wp-json\/wp\/v2\/pages"}],"about":[{"href":"https:\/\/agora.xtec.cat\/ecaamposta\/wp-json\/wp\/v2\/types\/page"}],"author":[{"embeddable":true,"href":"https:\/\/agora.xtec.cat\/ecaamposta\/wp-json\/wp\/v2\/users\/1"}],"replies":[{"embeddable":true,"href":"https:\/\/agora.xtec.cat\/ecaamposta\/wp-json\/wp\/v2\/comments?post=629"}],"version-history":[{"count":4,"href":"https:\/\/agora.xtec.cat\/ecaamposta\/wp-json\/wp\/v2\/pages\/629\/revisions"}],"predecessor-version":[{"id":1213,"href":"https:\/\/agora.xtec.cat\/ecaamposta\/wp-json\/wp\/v2\/pages\/629\/revisions\/1213"}],"up":[{"embeddable":true,"href":"https:\/\/agora.xtec.cat\/ecaamposta\/wp-json\/wp\/v2\/pages\/81"}],"wp:attachment":[{"href":"https:\/\/agora.xtec.cat\/ecaamposta\/wp-json\/wp\/v2\/media?parent=629"}],"curies":[{"name":"wp","href":"https:\/\/api.w.org\/{rel}","templated":true}]}}

<p>💡 Dates preinscripció curs 2023-24 del <b>Cicle Formatiu de Grau mitjà de Produccions Agroecològica</b>:</p>
<p>&nbsp;</p>
<p>Presentació de sol·licituds:</p>
<p>&nbsp;</p>
<p><a href="https://preinscripcio.gencat.cat/ca/estudis/fp-grau-mitja/inici/" target="_blank" rel="noopener">Enllaç per accedir a la preinscripció &#8211; <strong>Cicle Formatiu de Grau mitjà de Produccions Agroecològica</strong></a></p>
<p>&nbsp;</p>
<p>💡 Dates preinscripció curs 2023-24 del <strong>Cicle Formatiu de Grau Superior en Paisatgisme i Medi Rural</strong>:</p>
<p>&nbsp;</p>
<p>Presentació de sol·licituds:</p>
<p>&nbsp;</p>
<p><a href="https://preinscripcio.gencat.cat/ca/estudis/fp-grau-superior/inici/" target="_blank" rel="noopener">Enllaç per accedir a la preinscripció &#8211; <strong>Cicle Formatiu de Grau Superior en Paisatgisme i Medi Rural</strong></a></p>
<p><strong><a href="https://agora.xtec.cat/ecaamposta/wp-content/uploads/usu2500/2021/03/task-completed.png"><img loading="lazy" decoding="async" class="alignnone wp-image-569" src="https://agora.xtec.cat/ecaamposta/wp-content/uploads/usu2500/2021/03/task-completed.png" alt="" width="43" height="43" /></a> PREINSCRIPCIÓ:</strong> Envia&#8217;ns aquest <a href="https://forms.gle/sHsKesNXNnyziaoG6" target="_blank" rel="noopener noreferrer">formulari</a> si estàs interessat/a a rebre informació de l&#8217;Escola.</p>
<p>Més informació a <a title="Bústia electrònica" href="mailto:aecaamp.daam@gencat.cat">aecaamp.daam@gencat.cat </a>o al correu electrònic del Departament d’Educació: <a style="font-family: inherit; font-size: 1em;" href="https://preinscripcio.gencat.cat/ca/inici/" target="_blank" rel="noopener noreferrer">preinscripcio.gencat.cat</a></p>

<p>💡 Dates preinscripció curs 2023-24 del Cicle Formatiu de Grau mitjà de Produccions Agroecològica: &nbsp; Presentació de sol·licituds: &nbsp; Enllaç per accedir a la preinscripció &#8211; Cicle Formatiu de Grau mitjà de Produccions Agroecològica &nbsp; 💡 Dates preinscripció curs 2023-24 del Cicle Formatiu de Grau Superior en Paisatgisme i Medi Rural: &nbsp; Presentació de sol·licituds: [&hellip;]</p>
