{"id":610,"date":"2021-03-29T17:18:18","date_gmt":"2021-03-29T15:18:18","guid":{"rendered":"https:\/\/agora.xtec.cat\/ecaamposta\/?page_id=610"},"modified":"2025-04-11T11:29:57","modified_gmt":"2025-04-11T09:29:57","slug":"cfgs-paisatgisme-i-medi-rural","status":"publish","type":"page","link":"https:\/\/agora.xtec.cat\/ecaamposta\/ciclesformatius\/cfgs-paisatgisme-i-medi-rural\/","title":{"rendered":"CFGS Paisatgisme i Medi Rural"},"content":{"rendered":"<h3>Grau Superior en Paisatgisme i Medi Rural<\/h3>\n<p><strong>Descripci\u00f3<\/strong><\/p>\n<p>Aquests estudis capaciten per desenvolupar projectes de jardins i zones verdes i gestionar la producci\u00f3 de plantes i la producci\u00f3 agr\u00edcola, mitjan\u00e7ant la supervisi\u00f3 de les tasques, la programaci\u00f3 i l\u2019organitzaci\u00f3 dels recursos materials i humans disponibles aplicant criteris de rendibilitat econ\u00f2mica i complint amb la normativa ambiental, de producci\u00f3 ecol\u00f2gica, producci\u00f3 en viver, control de qualitat, seguretat aliment\u00e0ria i prevenci\u00f3 de riscos laborals.<\/p>\n<p>La durada \u00e9s de 2.000 hores (1.485 en un centre educatiu i 515 en un centre de treball) distribu\u00efdes en dos cursos acad\u00e8mics.<\/p>\n<p><strong>Continguts<\/strong><\/p>\n<div class=\"DC_marginBottom1\">\n<ul>\n<li>Bot\u00e0nica agron\u00f2mica<\/li>\n<li>Gesti\u00f3 i organitzaci\u00f3 del viver<\/li>\n<li>Fitopatologia<\/li>\n<li>Topografia agr\u00e0ria<\/li>\n<li>Maquin\u00e0ria i instal\u00b7lacions agroforestals<\/li>\n<li>Planificaci\u00f3 de cultius<\/li>\n<li>Gesti\u00f3 de cultius<\/li>\n<li>Disseny de jardins i restauraci\u00f3 dels paisatges<\/li>\n<li>Conservaci\u00f3 de jardins i gespes esportives<\/li>\n<li>Angl\u00e8s professional<\/li>\n<li>Digitalitzaci\u00f3 aplicada als sectors productius<\/li>\n<li>Sostenibilitat aplicada al sistema productiu<\/li>\n<li>Itinerari personal per a l&#8217;ocupabilitat I<\/li>\n<li>Itinerari personal per a l&#8217;ocupabilitat II<\/li>\n<li>Projecte intermodular<\/li>\n<li>M\u00f2dul professional optatiu<\/li>\n<\/ul>\n<p><a href=\"https:\/\/agora.xtec.cat\/ecaamposta\/wp-content\/uploads\/usu2500\/2021\/03\/3.png\"><img loading=\"lazy\" decoding=\"async\" class=\"size-full wp-image-557 alignleft\" src=\"https:\/\/agora.xtec.cat\/ecaamposta\/wp-content\/uploads\/usu2500\/2021\/03\/3.png\" alt=\"\" width=\"643\" height=\"643\" srcset=\"https:\/\/agora.xtec.cat\/ecaamposta\/wp-content\/uploads\/usu2500\/2021\/03\/3.png 643w, https:\/\/agora.xtec.cat\/ecaamposta\/wp-content\/uploads\/usu2500\/2021\/03\/3-150x150.png 150w, https:\/\/agora.xtec.cat\/ecaamposta\/wp-content\/uploads\/usu2500\/2021\/03\/3-300x300.png 300w\" sizes=\"auto, (max-width: 643px) 100vw, 643px\" \/><\/a><a href=\"https:\/\/agora.xtec.cat\/ecaamposta\/wp-content\/uploads\/usu2500\/2021\/03\/4.png\"><img loading=\"lazy\" decoding=\"async\" class=\"size-large wp-image-558 alignleft\" src=\"https:\/\/agora.xtec.cat\/ecaamposta\/wp-content\/uploads\/usu2500\/2021\/03\/4.png\" alt=\"\" width=\"643\" height=\"643\" srcset=\"https:\/\/agora.xtec.cat\/ecaamposta\/wp-content\/uploads\/usu2500\/2021\/03\/4.png 643w, https:\/\/agora.xtec.cat\/ecaamposta\/wp-content\/uploads\/usu2500\/2021\/03\/4-150x150.png 150w, https:\/\/agora.xtec.cat\/ecaamposta\/wp-content\/uploads\/usu2500\/2021\/03\/4-300x300.png 300w\" sizes=\"auto, (max-width: 643px) 100vw, 643px\" \/><\/a><\/p>\n<\/div>\n<p>&nbsp;<\/p>\n<p>&nbsp;<\/p>\n<p>&nbsp;<\/p>\n<p>&nbsp;<\/p>\n<p>&nbsp;<\/p>\n<p>&nbsp;<\/p>\n<p>&nbsp;<\/p>\n<p>&nbsp;<\/p>\n<p>&nbsp;<\/p>\n<p>&nbsp;<\/p>\n<p>&nbsp;<\/p>\n<p>&nbsp;<\/p>\n<p>&nbsp;<\/p>\n<p>&nbsp;<\/p>\n<p>&nbsp;<\/p>\n","protected":false},"excerpt":{"rendered":"<p>Grau Superior en Paisatgisme i Medi Rural Descripci\u00f3 Aquests estudis capaciten per desenvolupar projectes de jardins i zones verdes i gestionar la producci\u00f3 de plantes i la producci\u00f3 agr\u00edcola, mitjan\u00e7ant la supervisi\u00f3 de les tasques, la programaci\u00f3 i l\u2019organitzaci\u00f3 dels recursos materials i humans disponibles aplicant criteris de rendibilitat econ\u00f2mica i complint amb la normativa [&hellip;]<\/p>\n","protected":false},"author":1,"featured_media":0,"parent":195,"menu_order":0,"comment_status":"closed","ping_status":"closed","template":"page-templates\/side-menu.php","meta":{"_bbp_topic_count":0,"_bbp_reply_count":0,"_bbp_total_topic_count":0,"_bbp_total_reply_count":0,"_bbp_voice_count":0,"_bbp_anonymous_reply_count":0,"_bbp_topic_count_hidden":0,"_bbp_reply_count_hidden":0,"_bbp_forum_subforum_count":0,"site-sidebar-layout":"default","site-content-layout":"","ast-site-content-layout":"","site-content-style":"default","site-sidebar-style":"default","ast-global-header-display":"","ast-banner-title-visibility":"","ast-main-header-display":"","ast-hfb-above-header-display":"","ast-hfb-below-header-display":"","ast-hfb-mobile-header-display":"","site-post-title":"","ast-breadcrumbs-content":"","ast-featured-img":"","footer-sml-layout":"","theme-transparent-header-meta":"","adv-header-id-meta":"","stick-header-meta":"","header-above-stick-meta":"","header-main-stick-meta":"","header-below-stick-meta":"","astra-migrate-meta-layouts":"default","ast-page-background-enabled":"default","ast-page-background-meta":{"desktop":{"background-color":"var(--ast-global-color-4)","background-image":"","background-repeat":"repeat","background-position":"center center","background-size":"auto","background-attachment":"scroll","background-type":"","background-media":"","overlay-type":"","overlay-color":"","overlay-opacity":"","overlay-gradient":""},"tablet":{"background-color":"","background-image":"","background-repeat":"repeat","background-position":"center center","background-size":"auto","background-attachment":"scroll","background-type":"","background-media":"","overlay-type":"","overlay-color":"","overlay-opacity":"","overlay-gradient":""},"mobile":{"background-color":"","background-image":"","background-repeat":"repeat","background-position":"center center","background-size":"auto","background-attachment":"scroll","background-type":"","background-media":"","overlay-type":"","overlay-color":"","overlay-opacity":"","overlay-gradient":""}},"ast-content-background-meta":{"desktop":{"background-color":"var(--ast-global-color-5)","background-image":"","background-repeat":"repeat","background-position":"center center","background-size":"auto","background-attachment":"scroll","background-type":"","background-media":"","overlay-type":"","overlay-color":"","overlay-opacity":"","overlay-gradient":""},"tablet":{"background-color":"var(--ast-global-color-5)","background-image":"","background-repeat":"repeat","background-position":"center center","background-size":"auto","background-attachment":"scroll","background-type":"","background-media":"","overlay-type":"","overlay-color":"","overlay-opacity":"","overlay-gradient":""},"mobile":{"background-color":"var(--ast-global-color-5)","background-image":"","background-repeat":"repeat","background-position":"center center","background-size":"auto","background-attachment":"scroll","background-type":"","background-media":"","overlay-type":"","overlay-color":"","overlay-opacity":"","overlay-gradient":""}},"footnotes":""},"class_list":["post-610","page","type-page","status-publish","hentry"],"post_mailing_queue_ids":[],"_links":{"self":[{"href":"https:\/\/agora.xtec.cat\/ecaamposta\/wp-json\/wp\/v2\/pages\/610","targetHints":{"allow":["GET"]}}],"collection":[{"href":"https:\/\/agora.xtec.cat\/ecaamposta\/wp-json\/wp\/v2\/pages"}],"about":[{"href":"https:\/\/agora.xtec.cat\/ecaamposta\/wp-json\/wp\/v2\/types\/page"}],"author":[{"embeddable":true,"href":"https:\/\/agora.xtec.cat\/ecaamposta\/wp-json\/wp\/v2\/users\/1"}],"replies":[{"embeddable":true,"href":"https:\/\/agora.xtec.cat\/ecaamposta\/wp-json\/wp\/v2\/comments?post=610"}],"version-history":[{"count":6,"href":"https:\/\/agora.xtec.cat\/ecaamposta\/wp-json\/wp\/v2\/pages\/610\/revisions"}],"predecessor-version":[{"id":1448,"href":"https:\/\/agora.xtec.cat\/ecaamposta\/wp-json\/wp\/v2\/pages\/610\/revisions\/1448"}],"up":[{"embeddable":true,"href":"https:\/\/agora.xtec.cat\/ecaamposta\/wp-json\/wp\/v2\/pages\/195"}],"wp:attachment":[{"href":"https:\/\/agora.xtec.cat\/ecaamposta\/wp-json\/wp\/v2\/media?parent=610"}],"curies":[{"name":"wp","href":"https:\/\/api.w.org\/{rel}","templated":true}]}}

<h3>Grau Superior en Paisatgisme i Medi Rural</h3>
<p><strong>Descripció</strong></p>
<p>Aquests estudis capaciten per desenvolupar projectes de jardins i zones verdes i gestionar la producció de plantes i la producció agrícola, mitjançant la supervisió de les tasques, la programació i l’organització dels recursos materials i humans disponibles aplicant criteris de rendibilitat econòmica i complint amb la normativa ambiental, de producció ecològica, producció en viver, control de qualitat, seguretat alimentària i prevenció de riscos laborals.</p>
<p>La durada és de 2.000 hores (1.485 en un centre educatiu i 515 en un centre de treball) distribuïdes en dos cursos acadèmics.</p>
<p><strong>Continguts</strong></p>
<div class="DC_marginBottom1">
<ul>
<li>Botànica agronòmica</li>
<li>Gestió i organització del viver</li>
<li>Fitopatologia</li>
<li>Topografia agrària</li>
<li>Maquinària i instal·lacions agroforestals</li>
<li>Planificació de cultius</li>
<li>Gestió de cultius</li>
<li>Disseny de jardins i restauració dels paisatges</li>
<li>Conservació de jardins i gespes esportives</li>
<li>Anglès professional</li>
<li>Digitalització aplicada als sectors productius</li>
<li>Sostenibilitat aplicada al sistema productiu</li>
<li>Itinerari personal per a l&#8217;ocupabilitat I</li>
<li>Itinerari personal per a l&#8217;ocupabilitat II</li>
<li>Projecte intermodular</li>
<li>Mòdul professional optatiu</li>
</ul>
<p><a href="https://agora.xtec.cat/ecaamposta/wp-content/uploads/usu2500/2021/03/3.png"><img loading="lazy" decoding="async" class="size-full wp-image-557 alignleft" src="https://agora.xtec.cat/ecaamposta/wp-content/uploads/usu2500/2021/03/3.png" alt="" width="643" height="643" srcset="https://agora.xtec.cat/ecaamposta/wp-content/uploads/usu2500/2021/03/3.png 643w, https://agora.xtec.cat/ecaamposta/wp-content/uploads/usu2500/2021/03/3-150x150.png 150w, https://agora.xtec.cat/ecaamposta/wp-content/uploads/usu2500/2021/03/3-300x300.png 300w" sizes="auto, (max-width: 643px) 100vw, 643px" /></a><a href="https://agora.xtec.cat/ecaamposta/wp-content/uploads/usu2500/2021/03/4.png"><img loading="lazy" decoding="async" class="size-large wp-image-558 alignleft" src="https://agora.xtec.cat/ecaamposta/wp-content/uploads/usu2500/2021/03/4.png" alt="" width="643" height="643" srcset="https://agora.xtec.cat/ecaamposta/wp-content/uploads/usu2500/2021/03/4.png 643w, https://agora.xtec.cat/ecaamposta/wp-content/uploads/usu2500/2021/03/4-150x150.png 150w, https://agora.xtec.cat/ecaamposta/wp-content/uploads/usu2500/2021/03/4-300x300.png 300w" sizes="auto, (max-width: 643px) 100vw, 643px" /></a></p>
</div>
<p>&nbsp;</p>
<p>&nbsp;</p>
<p>&nbsp;</p>
<p>&nbsp;</p>
<p>&nbsp;</p>
<p>&nbsp;</p>
<p>&nbsp;</p>
<p>&nbsp;</p>
<p>&nbsp;</p>
<p>&nbsp;</p>
<p>&nbsp;</p>
<p>&nbsp;</p>
<p>&nbsp;</p>
<p>&nbsp;</p>
<p>&nbsp;</p>

<p>Grau Superior en Paisatgisme i Medi Rural Descripció Aquests estudis capaciten per desenvolupar projectes de jardins i zones verdes i gestionar la producció de plantes i la producció agrícola, mitjançant la supervisió de les tasques, la programació i l’organització dels recursos materials i humans disponibles aplicant criteris de rendibilitat econòmica i complint amb la normativa [&hellip;]</p>
