{"id":591,"date":"2021-03-29T14:35:27","date_gmt":"2021-03-29T12:35:27","guid":{"rendered":"https:\/\/agora.xtec.cat\/ecaamposta\/?page_id=591"},"modified":"2023-12-04T13:53:51","modified_gmt":"2023-12-04T12:53:51","slug":"matricula22-23","status":"publish","type":"page","link":"https:\/\/agora.xtec.cat\/ecaamposta\/escola\/secretaria\/matricula22-23\/","title":{"rendered":"Matr\u00edcula 2023-2024"},"content":{"rendered":"<p>\ud83d\udca1 Del <strong>03 al 07 de juliol matricula&#8217;t al cicle formatiu de grau mitj\u00e0<\/strong> i del <strong>18 al 24 matricula&#8217;t al cicle formatiu de grau superior<\/strong> per aquest curs 2023-2024:<\/p>\n<p>S\u00f3n temps canviants. Potser t\u2019havies plantejat encarar el teu futur professional al sector primari, un important sector que est\u00e0 en constant modernitzaci\u00f3 i adaptaci\u00f3, amb una gran facilitat d\u2019inserci\u00f3 i autoocupaci\u00f3. Aquesta \u00e9s la teva oportunitat. Aprofita i forma\u2019t amb nosaltres!<\/p>\n<p>Podreu trobar tota la informaci\u00f3 sobre els <strong>Cicles formatius<\/strong> que es realitzen a l\u2019escola als enlla\u00e7os seg\u00fcents:<\/p>\n<p><a href=\"https:\/\/agora.xtec.cat\/ecaamposta\/ciclesformatius\/cfgm-produccio-agroecologica\/\" target=\"_blank\" rel=\"noopener noreferrer\">Grau Mitj\u00e0 de Producci\u00f3 Agroecol\u00f2gica<\/a><\/p>\n<p><a href=\"https:\/\/agora.xtec.cat\/ecaamposta\/wp-content\/uploads\/usu2500\/2023\/06\/1.png\"><img loading=\"lazy\" decoding=\"async\" class=\"alignnone wp-image-1125\" src=\"https:\/\/agora.xtec.cat\/ecaamposta\/wp-content\/uploads\/usu2500\/2023\/06\/1-1024x1024.png\" alt=\"\" width=\"315\" height=\"315\" srcset=\"https:\/\/agora.xtec.cat\/ecaamposta\/wp-content\/uploads\/usu2500\/2023\/06\/1-1024x1024.png 1024w, https:\/\/agora.xtec.cat\/ecaamposta\/wp-content\/uploads\/usu2500\/2023\/06\/1-300x300.png 300w, https:\/\/agora.xtec.cat\/ecaamposta\/wp-content\/uploads\/usu2500\/2023\/06\/1-150x150.png 150w, https:\/\/agora.xtec.cat\/ecaamposta\/wp-content\/uploads\/usu2500\/2023\/06\/1-768x768.png 768w, https:\/\/agora.xtec.cat\/ecaamposta\/wp-content\/uploads\/usu2500\/2023\/06\/1.png 1080w\" sizes=\"auto, (max-width: 315px) 100vw, 315px\" \/><\/a><\/p>\n<p><a href=\"https:\/\/agora.xtec.cat\/ecaamposta\/ciclesformatius\/cfgs-paisatgisme-i-medi-rural\/\" target=\"_blank\" rel=\"noopener noreferrer\">Grau Superior en Paisatgisme i Medi Rural<\/a><\/p>\n<p><a href=\"https:\/\/agora.xtec.cat\/ecaamposta\/wp-content\/uploads\/usu2500\/2023\/06\/2.png\"><img loading=\"lazy\" decoding=\"async\" class=\"alignnone wp-image-1129\" src=\"https:\/\/agora.xtec.cat\/ecaamposta\/wp-content\/uploads\/usu2500\/2023\/06\/2-1024x1024.png\" alt=\"\" width=\"311\" height=\"311\" srcset=\"https:\/\/agora.xtec.cat\/ecaamposta\/wp-content\/uploads\/usu2500\/2023\/06\/2-1024x1024.png 1024w, https:\/\/agora.xtec.cat\/ecaamposta\/wp-content\/uploads\/usu2500\/2023\/06\/2-300x300.png 300w, https:\/\/agora.xtec.cat\/ecaamposta\/wp-content\/uploads\/usu2500\/2023\/06\/2-150x150.png 150w, https:\/\/agora.xtec.cat\/ecaamposta\/wp-content\/uploads\/usu2500\/2023\/06\/2-768x768.png 768w, https:\/\/agora.xtec.cat\/ecaamposta\/wp-content\/uploads\/usu2500\/2023\/06\/2.png 1080w\" sizes=\"auto, (max-width: 311px) 100vw, 311px\" \/><\/a><\/p>\n<p>&nbsp;<\/p>\n<p><strong><a href=\"https:\/\/agora.xtec.cat\/ecaamposta\/wp-content\/uploads\/usu2500\/2021\/03\/task-completed.png\"><img loading=\"lazy\" decoding=\"async\" class=\"alignnone wp-image-569\" src=\"https:\/\/agora.xtec.cat\/ecaamposta\/wp-content\/uploads\/usu2500\/2021\/03\/task-completed.png\" alt=\"\" width=\"43\" height=\"43\" \/><\/a> Informaci\u00f3 de matr\u00edcula a<\/strong>\u00a0<a title=\"B\u00fastia electr\u00f2nica\" href=\"mailto:aecaamp.daam@gencat.cat\">aecaamp.daam@gencat.cat\u00a0<\/a>o tamb\u00e9 al tel\u00e8fon <strong>977 70 15 00<\/strong><\/p>\n<p><a href=\"https:\/\/preinscripcio.gencat.cat\/ca\/estudis\/fp-grau-mitja\/matriculat\/\" target=\"_blank\" rel=\"noopener noreferrer\">M\u00e9s informaci\u00f3 de la matr\u00edcula de grau mitja fent clic aqu\u00ed!<\/a><\/p>\n<p><a href=\"https:\/\/preinscripcio.gencat.cat\/ca\/estudis\/fp-grau-superior\/matriculat\/\" target=\"_blank\" rel=\"noopener noreferrer\">M\u00e9s informaci\u00f3 de la matr\u00edcula de grau superior fent clic aqu\u00ed!<\/a><\/p>\n","protected":false},"excerpt":{"rendered":"<p>\ud83d\udca1 Del 03 al 07 de juliol matricula&#8217;t al cicle formatiu de grau mitj\u00e0 i del 18 al 24 matricula&#8217;t al cicle formatiu de grau superior per aquest curs 2023-2024: S\u00f3n temps canviants. Potser t\u2019havies plantejat encarar el teu futur professional al sector primari, un important sector que est\u00e0 en constant modernitzaci\u00f3 i adaptaci\u00f3, amb [&hellip;]<\/p>\n","protected":false},"author":1,"featured_media":0,"parent":81,"menu_order":2,"comment_status":"closed","ping_status":"closed","template":"page-templates\/side-menu.php","meta":{"_bbp_topic_count":0,"_bbp_reply_count":0,"_bbp_total_topic_count":0,"_bbp_total_reply_count":0,"_bbp_voice_count":0,"_bbp_anonymous_reply_count":0,"_bbp_topic_count_hidden":0,"_bbp_reply_count_hidden":0,"_bbp_forum_subforum_count":0,"site-sidebar-layout":"default","site-content-layout":"","ast-site-content-layout":"","site-content-style":"default","site-sidebar-style":"default","ast-global-header-display":"","ast-banner-title-visibility":"","ast-main-header-display":"","ast-hfb-above-header-display":"","ast-hfb-below-header-display":"","ast-hfb-mobile-header-display":"","site-post-title":"","ast-breadcrumbs-content":"","ast-featured-img":"","footer-sml-layout":"","theme-transparent-header-meta":"","adv-header-id-meta":"","stick-header-meta":"","header-above-stick-meta":"","header-main-stick-meta":"","header-below-stick-meta":"","astra-migrate-meta-layouts":"default","ast-page-background-enabled":"default","ast-page-background-meta":{"desktop":{"background-color":"var(--ast-global-color-4)","background-image":"","background-repeat":"repeat","background-position":"center center","background-size":"auto","background-attachment":"scroll","background-type":"","background-media":"","overlay-type":"","overlay-color":"","overlay-opacity":"","overlay-gradient":""},"tablet":{"background-color":"","background-image":"","background-repeat":"repeat","background-position":"center center","background-size":"auto","background-attachment":"scroll","background-type":"","background-media":"","overlay-type":"","overlay-color":"","overlay-opacity":"","overlay-gradient":""},"mobile":{"background-color":"","background-image":"","background-repeat":"repeat","background-position":"center center","background-size":"auto","background-attachment":"scroll","background-type":"","background-media":"","overlay-type":"","overlay-color":"","overlay-opacity":"","overlay-gradient":""}},"ast-content-background-meta":{"desktop":{"background-color":"var(--ast-global-color-5)","background-image":"","background-repeat":"repeat","background-position":"center center","background-size":"auto","background-attachment":"scroll","background-type":"","background-media":"","overlay-type":"","overlay-color":"","overlay-opacity":"","overlay-gradient":""},"tablet":{"background-color":"var(--ast-global-color-5)","background-image":"","background-repeat":"repeat","background-position":"center center","background-size":"auto","background-attachment":"scroll","background-type":"","background-media":"","overlay-type":"","overlay-color":"","overlay-opacity":"","overlay-gradient":""},"mobile":{"background-color":"var(--ast-global-color-5)","background-image":"","background-repeat":"repeat","background-position":"center center","background-size":"auto","background-attachment":"scroll","background-type":"","background-media":"","overlay-type":"","overlay-color":"","overlay-opacity":"","overlay-gradient":""}},"footnotes":""},"class_list":["post-591","page","type-page","status-publish","hentry"],"post_mailing_queue_ids":[],"_links":{"self":[{"href":"https:\/\/agora.xtec.cat\/ecaamposta\/wp-json\/wp\/v2\/pages\/591","targetHints":{"allow":["GET"]}}],"collection":[{"href":"https:\/\/agora.xtec.cat\/ecaamposta\/wp-json\/wp\/v2\/pages"}],"about":[{"href":"https:\/\/agora.xtec.cat\/ecaamposta\/wp-json\/wp\/v2\/types\/page"}],"author":[{"embeddable":true,"href":"https:\/\/agora.xtec.cat\/ecaamposta\/wp-json\/wp\/v2\/users\/1"}],"replies":[{"embeddable":true,"href":"https:\/\/agora.xtec.cat\/ecaamposta\/wp-json\/wp\/v2\/comments?post=591"}],"version-history":[{"count":4,"href":"https:\/\/agora.xtec.cat\/ecaamposta\/wp-json\/wp\/v2\/pages\/591\/revisions"}],"predecessor-version":[{"id":1211,"href":"https:\/\/agora.xtec.cat\/ecaamposta\/wp-json\/wp\/v2\/pages\/591\/revisions\/1211"}],"up":[{"embeddable":true,"href":"https:\/\/agora.xtec.cat\/ecaamposta\/wp-json\/wp\/v2\/pages\/81"}],"wp:attachment":[{"href":"https:\/\/agora.xtec.cat\/ecaamposta\/wp-json\/wp\/v2\/media?parent=591"}],"curies":[{"name":"wp","href":"https:\/\/api.w.org\/{rel}","templated":true}]}}

Matrícula 2023-2024

<p>💡 Del <strong>03 al 07 de juliol matricula&#8217;t al cicle formatiu de grau mitjà</strong> i del <strong>18 al 24 matricula&#8217;t al cicle formatiu de grau superior</strong> per aquest curs 2023-2024:</p>
<p>Són temps canviants. Potser t’havies plantejat encarar el teu futur professional al sector primari, un important sector que està en constant modernització i adaptació, amb una gran facilitat d’inserció i autoocupació. Aquesta és la teva oportunitat. Aprofita i forma’t amb nosaltres!</p>
<p>Podreu trobar tota la informació sobre els <strong>Cicles formatius</strong> que es realitzen a l’escola als enllaços següents:</p>
<p><a href="https://agora.xtec.cat/ecaamposta/ciclesformatius/cfgm-produccio-agroecologica/" target="_blank" rel="noopener noreferrer">Grau Mitjà de Producció Agroecològica</a></p>
<p><a href="https://agora.xtec.cat/ecaamposta/wp-content/uploads/usu2500/2023/06/1.png"><img loading="lazy" decoding="async" class="alignnone wp-image-1125" src="https://agora.xtec.cat/ecaamposta/wp-content/uploads/usu2500/2023/06/1-1024x1024.png" alt="" width="315" height="315" srcset="https://agora.xtec.cat/ecaamposta/wp-content/uploads/usu2500/2023/06/1-1024x1024.png 1024w, https://agora.xtec.cat/ecaamposta/wp-content/uploads/usu2500/2023/06/1-300x300.png 300w, https://agora.xtec.cat/ecaamposta/wp-content/uploads/usu2500/2023/06/1-150x150.png 150w, https://agora.xtec.cat/ecaamposta/wp-content/uploads/usu2500/2023/06/1-768x768.png 768w, https://agora.xtec.cat/ecaamposta/wp-content/uploads/usu2500/2023/06/1.png 1080w" sizes="auto, (max-width: 315px) 100vw, 315px" /></a></p>
<p><a href="https://agora.xtec.cat/ecaamposta/ciclesformatius/cfgs-paisatgisme-i-medi-rural/" target="_blank" rel="noopener noreferrer">Grau Superior en Paisatgisme i Medi Rural</a></p>
<p><a href="https://agora.xtec.cat/ecaamposta/wp-content/uploads/usu2500/2023/06/2.png"><img loading="lazy" decoding="async" class="alignnone wp-image-1129" src="https://agora.xtec.cat/ecaamposta/wp-content/uploads/usu2500/2023/06/2-1024x1024.png" alt="" width="311" height="311" srcset="https://agora.xtec.cat/ecaamposta/wp-content/uploads/usu2500/2023/06/2-1024x1024.png 1024w, https://agora.xtec.cat/ecaamposta/wp-content/uploads/usu2500/2023/06/2-300x300.png 300w, https://agora.xtec.cat/ecaamposta/wp-content/uploads/usu2500/2023/06/2-150x150.png 150w, https://agora.xtec.cat/ecaamposta/wp-content/uploads/usu2500/2023/06/2-768x768.png 768w, https://agora.xtec.cat/ecaamposta/wp-content/uploads/usu2500/2023/06/2.png 1080w" sizes="auto, (max-width: 311px) 100vw, 311px" /></a></p>
<p>&nbsp;</p>
<p><strong><a href="https://agora.xtec.cat/ecaamposta/wp-content/uploads/usu2500/2021/03/task-completed.png"><img loading="lazy" decoding="async" class="alignnone wp-image-569" src="https://agora.xtec.cat/ecaamposta/wp-content/uploads/usu2500/2021/03/task-completed.png" alt="" width="43" height="43" /></a> Informació de matrícula a</strong> <a title="Bústia electrònica" href="mailto:aecaamp.daam@gencat.cat">aecaamp.daam@gencat.cat </a>o també al telèfon <strong>977 70 15 00</strong></p>
<p><a href="https://preinscripcio.gencat.cat/ca/estudis/fp-grau-mitja/matriculat/" target="_blank" rel="noopener noreferrer">Més informació de la matrícula de grau mitja fent clic aquí!</a></p>
<p><a href="https://preinscripcio.gencat.cat/ca/estudis/fp-grau-superior/matriculat/" target="_blank" rel="noopener noreferrer">Més informació de la matrícula de grau superior fent clic aquí!</a></p>

<p>💡 Del 03 al 07 de juliol matricula&#8217;t al cicle formatiu de grau mitjà i del 18 al 24 matricula&#8217;t al cicle formatiu de grau superior per aquest curs 2023-2024: Són temps canviants. Potser t’havies plantejat encarar el teu futur professional al sector primari, un important sector que està en constant modernització i adaptació, amb [&hellip;]</p>
