{"id":1062,"date":"2023-04-27T17:04:51","date_gmt":"2023-04-27T15:04:51","guid":{"rendered":"https:\/\/agora.xtec.cat\/ecaamposta\/?page_id=1062"},"modified":"2023-04-27T17:04:51","modified_gmt":"2023-04-27T15:04:51","slug":"escola-verda","status":"publish","type":"page","link":"https:\/\/agora.xtec.cat\/ecaamposta\/altres\/escola-verda\/","title":{"rendered":"Escola Verda"},"content":{"rendered":"<p>El Projecte d&#8217;escoles verda vol innovar, incloure, avan\u00e7ar, sistematitzar i organitzar accions educatives que tinguin la finalitat d&#8217;afrontar, des de l&#8217;educaci\u00f3, els nous reptes i valors de la sostenibilitat.<\/p>\n<p>Les accions que farem durant aquest curs s\u00f3n:<\/p>\n<ul>\n<li>Incloure al PEC la voluntat d\u2019involucrar-se en l\u2019ExS.<\/li>\n<li>Instaurar un sistema de reciclatge a totes les depend\u00e8ncies de l\u2019escola.<\/li>\n<li>Crear una p\u00e0gina web per divulgar els documents estrat\u00e8gics del centre.<\/li>\n<li>Treball cooperatiu: a banda de continuar amb la l\u00ednia de les actuacions del curs passat es proposa: plantada d\u2019esqueixos de salze al riu S\u00e9nia produ\u00efts al m\u00f2dul de viver, estudiar la possibilitat de netejar platges com a activitat de la Setmana de la natura, col\u00b7laboraci\u00f3 amb els <a href=\"https:\/\/agora.xtec.cat\/ecaamposta\/wp-content\/uploads\/usu2500\/2023\/04\/logo-escola-verda-1.jpg\"><img loading=\"lazy\" decoding=\"async\" class=\"wp-image-1077 alignright\" src=\"https:\/\/agora.xtec.cat\/ecaamposta\/wp-content\/uploads\/usu2500\/2023\/04\/logo-escola-verda-1.jpg\" alt=\"\" width=\"145\" height=\"145\" srcset=\"https:\/\/agora.xtec.cat\/ecaamposta\/wp-content\/uploads\/usu2500\/2023\/04\/logo-escola-verda-1.jpg 500w, https:\/\/agora.xtec.cat\/ecaamposta\/wp-content\/uploads\/usu2500\/2023\/04\/logo-escola-verda-1-300x300.jpg 300w, https:\/\/agora.xtec.cat\/ecaamposta\/wp-content\/uploads\/usu2500\/2023\/04\/logo-escola-verda-1-150x150.jpg 150w\" sizes=\"auto, (max-width: 145px) 100vw, 145px\" \/><\/a>centres educatius: Apasa, i col\u00b7legi Santa B\u00e0rbara.<\/li>\n<\/ul>\n","protected":false},"excerpt":{"rendered":"<p>El Projecte d&#8217;escoles verda vol innovar, incloure, avan\u00e7ar, sistematitzar i organitzar accions educatives que tinguin la finalitat d&#8217;afrontar, des de l&#8217;educaci\u00f3, els nous reptes i valors de la sostenibilitat. Les accions que farem durant aquest curs s\u00f3n: Incloure al PEC la voluntat d\u2019involucrar-se en l\u2019ExS. Instaurar un sistema de reciclatge a totes les depend\u00e8ncies de [&hellip;]<\/p>\n","protected":false},"author":1,"featured_media":0,"parent":916,"menu_order":0,"comment_status":"closed","ping_status":"closed","template":"","meta":{"_bbp_topic_count":0,"_bbp_reply_count":0,"_bbp_total_topic_count":0,"_bbp_total_reply_count":0,"_bbp_voice_count":0,"_bbp_anonymous_reply_count":0,"_bbp_topic_count_hidden":0,"_bbp_reply_count_hidden":0,"_bbp_forum_subforum_count":0,"site-sidebar-layout":"default","site-content-layout":"","ast-site-content-layout":"","site-content-style":"default","site-sidebar-style":"default","ast-global-header-display":"","ast-banner-title-visibility":"","ast-main-header-display":"","ast-hfb-above-header-display":"","ast-hfb-below-header-display":"","ast-hfb-mobile-header-display":"","site-post-title":"","ast-breadcrumbs-content":"","ast-featured-img":"","footer-sml-layout":"","theme-transparent-header-meta":"","adv-header-id-meta":"","stick-header-meta":"","header-above-stick-meta":"","header-main-stick-meta":"","header-below-stick-meta":"","astra-migrate-meta-layouts":"default","ast-page-background-enabled":"default","ast-page-background-meta":{"desktop":{"background-color":"var(--ast-global-color-4)","background-image":"","background-repeat":"repeat","background-position":"center center","background-size":"auto","background-attachment":"scroll","background-type":"","background-media":"","overlay-type":"","overlay-color":"","overlay-opacity":"","overlay-gradient":""},"tablet":{"background-color":"","background-image":"","background-repeat":"repeat","background-position":"center center","background-size":"auto","background-attachment":"scroll","background-type":"","background-media":"","overlay-type":"","overlay-color":"","overlay-opacity":"","overlay-gradient":""},"mobile":{"background-color":"","background-image":"","background-repeat":"repeat","background-position":"center center","background-size":"auto","background-attachment":"scroll","background-type":"","background-media":"","overlay-type":"","overlay-color":"","overlay-opacity":"","overlay-gradient":""}},"ast-content-background-meta":{"desktop":{"background-color":"var(--ast-global-color-5)","background-image":"","background-repeat":"repeat","background-position":"center center","background-size":"auto","background-attachment":"scroll","background-type":"","background-media":"","overlay-type":"","overlay-color":"","overlay-opacity":"","overlay-gradient":""},"tablet":{"background-color":"var(--ast-global-color-5)","background-image":"","background-repeat":"repeat","background-position":"center center","background-size":"auto","background-attachment":"scroll","background-type":"","background-media":"","overlay-type":"","overlay-color":"","overlay-opacity":"","overlay-gradient":""},"mobile":{"background-color":"var(--ast-global-color-5)","background-image":"","background-repeat":"repeat","background-position":"center center","background-size":"auto","background-attachment":"scroll","background-type":"","background-media":"","overlay-type":"","overlay-color":"","overlay-opacity":"","overlay-gradient":""}},"footnotes":""},"class_list":["post-1062","page","type-page","status-publish","hentry"],"post_mailing_queue_ids":[],"_links":{"self":[{"href":"https:\/\/agora.xtec.cat\/ecaamposta\/wp-json\/wp\/v2\/pages\/1062","targetHints":{"allow":["GET"]}}],"collection":[{"href":"https:\/\/agora.xtec.cat\/ecaamposta\/wp-json\/wp\/v2\/pages"}],"about":[{"href":"https:\/\/agora.xtec.cat\/ecaamposta\/wp-json\/wp\/v2\/types\/page"}],"author":[{"embeddable":true,"href":"https:\/\/agora.xtec.cat\/ecaamposta\/wp-json\/wp\/v2\/users\/1"}],"replies":[{"embeddable":true,"href":"https:\/\/agora.xtec.cat\/ecaamposta\/wp-json\/wp\/v2\/comments?post=1062"}],"version-history":[{"count":2,"href":"https:\/\/agora.xtec.cat\/ecaamposta\/wp-json\/wp\/v2\/pages\/1062\/revisions"}],"predecessor-version":[{"id":1078,"href":"https:\/\/agora.xtec.cat\/ecaamposta\/wp-json\/wp\/v2\/pages\/1062\/revisions\/1078"}],"up":[{"embeddable":true,"href":"https:\/\/agora.xtec.cat\/ecaamposta\/wp-json\/wp\/v2\/pages\/916"}],"wp:attachment":[{"href":"https:\/\/agora.xtec.cat\/ecaamposta\/wp-json\/wp\/v2\/media?parent=1062"}],"curies":[{"name":"wp","href":"https:\/\/api.w.org\/{rel}","templated":true}]}}

<p>El Projecte d&#8217;escoles verda vol innovar, incloure, avançar, sistematitzar i organitzar accions educatives que tinguin la finalitat d&#8217;afrontar, des de l&#8217;educació, els nous reptes i valors de la sostenibilitat.</p>
<p>Les accions que farem durant aquest curs són:</p>
<ul>
<li>Incloure al PEC la voluntat d’involucrar-se en l’ExS.</li>
<li>Instaurar un sistema de reciclatge a totes les dependències de l’escola.</li>
<li>Crear una pàgina web per divulgar els documents estratègics del centre.</li>
<li>Treball cooperatiu: a banda de continuar amb la línia de les actuacions del curs passat es proposa: plantada d’esqueixos de salze al riu Sénia produïts al mòdul de viver, estudiar la possibilitat de netejar platges com a activitat de la Setmana de la natura, col·laboració amb els <a href="https://agora.xtec.cat/ecaamposta/wp-content/uploads/usu2500/2023/04/logo-escola-verda-1.jpg"><img loading="lazy" decoding="async" class="wp-image-1077 alignright" src="https://agora.xtec.cat/ecaamposta/wp-content/uploads/usu2500/2023/04/logo-escola-verda-1.jpg" alt="" width="145" height="145" srcset="https://agora.xtec.cat/ecaamposta/wp-content/uploads/usu2500/2023/04/logo-escola-verda-1.jpg 500w, https://agora.xtec.cat/ecaamposta/wp-content/uploads/usu2500/2023/04/logo-escola-verda-1-300x300.jpg 300w, https://agora.xtec.cat/ecaamposta/wp-content/uploads/usu2500/2023/04/logo-escola-verda-1-150x150.jpg 150w" sizes="auto, (max-width: 145px) 100vw, 145px" /></a>centres educatius: Apasa, i col·legi Santa Bàrbara.</li>
</ul>

<p>El Projecte d&#8217;escoles verda vol innovar, incloure, avançar, sistematitzar i organitzar accions educatives que tinguin la finalitat d&#8217;afrontar, des de l&#8217;educació, els nous reptes i valors de la sostenibilitat. Les accions que farem durant aquest curs són: Incloure al PEC la voluntat d’involucrar-se en l’ExS. Instaurar un sistema de reciclatge a totes les dependències de [&hellip;]</p>
