{"id":81,"date":"2014-09-18T10:38:05","date_gmt":"2014-09-18T10:38:05","guid":{"rendered":"http:\/\/agora.xtec.cat\/ecaalfarras\/?page_id=81"},"modified":"2026-02-23T21:02:09","modified_gmt":"2026-02-23T20:02:09","slug":"contacte","status":"publish","type":"page","link":"https:\/\/agora.xtec.cat\/ecaalfarras\/lescola-agraria\/contacte\/","title":{"rendered":"Contacte"},"content":{"rendered":"<p>&nbsp;<\/p>\n<h4><span style=\"text-decoration: underline;\"><span style=\"color: #003300;\"><strong class=\"uppercase\">HORARI D&#8217;ATENCI\u00d3<\/strong><\/span><\/span><\/h4>\n<p>&nbsp;<\/p>\n<p>Podeu contactar amb el servei de secretaria del centre per realitzar els tr\u00e0mits necessaris (trucar i demanar cita pr\u00e8viament).<\/p>\n<p>Tr\u00e0mits: gestions, homologacions, certificats, horaris, formaci\u00f3 cont\u00ednua, rebre informaci\u00f3 sobre els nostres cursos o formaci\u00f3&#8230;<\/p>\n<p>&nbsp;<\/p>\n<div class=\"col-xs-12 col-sm-3\">\n<h5><strong><em>Correu electr\u00f2nic: <u><a href=\"mailto:ea_alfarras.agricultura@gencat.cat\">ea_alfarras.agricultura@gencat.cat\u00a0<\/a><\/u><\/em><\/strong><\/h5>\n<p>&nbsp;<\/p>\n<p><strong>Tel\u00e8fon d&#8217;atenci\u00f3 al p\u00fablic i cita pr\u00e8via:\u00a0 973 760 100 &#8211;\u00a0 m\u00f2bil 695356287<\/strong><\/p>\n<p>&nbsp;<\/p>\n<\/div>\n<div class=\"col-xs-12 col-sm-3\">\n<ul>\n<li class=\"carrec\"><strong><em><span style=\"font-family: inherit; font-size: 1em;\">Directora de l&#8217;Escola Agr\u00e0ria d&#8217;Alfarr\u00e0s<\/span><\/em><\/strong><\/li>\n<\/ul>\n<p><em><span style=\"font-family: inherit; font-size: 1em;\">\u00a0 \u00a0 \u00a0 \u00a0 \u00a0 \u00a0 \u00a0 \u00a0 \u00a0 \u00a0 \u00a0 \u00a0 \u00a0 \u00a0 \u00a0 \u00a0 \u00a0Sra. M. Rosa Cort\u00e9s Polo.<\/span><\/em><\/p>\n<ul>\n<li><strong><em>Cap de Programes\u00a0<\/em><\/strong><\/li>\n<\/ul>\n<p style=\"text-align: left;\">\u00a0 \u00a0 \u00a0 \u00a0 \u00a0 \u00a0 \u00a0 \u00a0 \u00a0 \u00a0 \u00a0 \u00a0 \u00a0 \u00a0 \u00a0<em> \u00a0Jaume Castells.<\/em><\/p>\n<ul>\n<li><strong><em>Secret\u00e0ri<\/em><\/strong><\/li>\n<\/ul>\n<p style=\"text-align: left;\">\u00a0 \u00a0 \u00a0 \u00a0 \u00a0 \u00a0 \u00a0 \u00a0 \u00a0 \u00a0 \u00a0 \u00a0 \u00a0 \u00a0 \u00a0 \u00a0<em>Joana Aina Mart\u00ed.<\/em><\/p>\n<ul>\n<li style=\"list-style-type: none;\">\n<ul>\n<li><strong><em>Tutors:<\/em><\/strong>\n<ul>\n<li style=\"list-style-type: none;\">\n<ul>\n<li style=\"list-style-type: none;\">\n<ul>\n<li style=\"list-style-type: none;\">\n<ul>\n<li style=\"list-style-type: none;\">\n<ul>\n<li>1r GM: Asun Aragon\u00e9s<\/li>\n<li>2n GM: Pere Pag\u00e8s<\/li>\n<li>1r GS: Josep Esquerda<\/li>\n<li>2n GS: Joana Aina Mart\u00ed<\/li>\n<\/ul>\n<\/li>\n<\/ul>\n<\/li>\n<\/ul>\n<\/li>\n<\/ul>\n<\/li>\n<\/ul>\n<\/li>\n<\/ul>\n<\/li>\n<\/ul>\n<ul>\n<li style=\"list-style-type: none;\">\n<ul>\n<li style=\"list-style-type: none;\">\n<ul>\n<li style=\"list-style-type: none;\">\n<ul>\n<li style=\"list-style-type: none;\">\n<ul>\n<li style=\"list-style-type: none;\">\n<ul>\n<li style=\"list-style-type: none;\">\n<ul>\n<li style=\"list-style-type: none;\"><\/li>\n<\/ul>\n<\/li>\n<\/ul>\n<\/li>\n<\/ul>\n<\/li>\n<\/ul>\n<\/li>\n<\/ul>\n<\/li>\n<\/ul>\n<\/li>\n<\/ul>\n<p>&nbsp;<\/p>\n<\/div>\n<p><span style=\"text-decoration: underline;\"><b>Atenci\u00f3 al p\u00fablic<\/b><\/span><\/p>\n<p>De dilluns a dijous, de 8 a 15 h i divendres, de 8 a 14 h.<\/p>\n<ul style=\"list-style-type: square;\">\n<li><span style=\"text-decoration: underline;\"><b>Horari d&#8217;estiu<\/b><\/span><\/li>\n<\/ul>\n<p>De l&#8217;1 de juny al 30 de setembre: de dilluns a divendres, de 8 h a 15 h.<br \/>\n<b><\/b><\/p>\n<ul style=\"list-style-type: square;\">\n<li><b>Per\u00edode Nadal<\/b><\/li>\n<\/ul>\n<p>Del 15 de desembre al 10 de gener: de dilluns a divendres, de 8 h a 15 h.<br \/>\n<b><\/b><\/p>\n<ul style=\"list-style-type: square;\">\n<li><b>Romandr\u00e0 tancat<\/b><\/li>\n<\/ul>\n<p>24 de desembre: tancat.<br \/>\n31 de desembre: tancat.<\/p>\n<p>&nbsp;<\/p>\n<p>&nbsp;<\/p>\n<h5><span style=\"text-decoration: underline;\"><strong>POL\u00cdTICA I GESTI\u00d3 DE DADES\u00a0<\/strong><\/span><\/h5>\n<p>&nbsp;<\/p>\n<p><strong>Nom del tractament: <\/strong>Gesti\u00f3 i difusi\u00f3 de l\u2019activitat de les escoles agr\u00e0ries.<\/p>\n<p><strong>Responsable del tractament: <\/strong>Direcci\u00f3 General d\u2019Empreses Agroaliment\u00e0ries, Qualitat i Gastronomia.<\/p>\n<p><strong>Finalitat: <\/strong>La gesti\u00f3 de l\u2019activitat de les escoles agr\u00e0ries (formaci\u00f3 inicial i continua). Aquesta gesti\u00f3 inclou la relacionada amb l\u2019alumnat i el personal docent, inclosa la gesti\u00f3 d\u2019activitats i serveis espec\u00edfics de les escoles (material pedag\u00f2gic i de difusi\u00f3, menjador, resid\u00e8ncia, borsa de treball, validaci\u00f3 de cursos, itineraris formatius i altres), la gesti\u00f3 econ\u00f2mica i la difusi\u00f3 d\u2019activitats de les escoles agr\u00e0ries.<\/p>\n<p><strong>Drets de les persones interessades: <\/strong>Podeu sol\u00b7licitar l\u2019acc\u00e9s a les vostres dades, la seva rectificaci\u00f3, aix\u00ed com la supressi\u00f3 o la limitaci\u00f3 del tractament quan sigui procedent, d\u2019acord amb la informaci\u00f3 que trobareu al <a href=\"https:\/\/eur03.safelinks.protection.outlook.com\/?url=http%3A%2F%2Fagricultura.gencat.cat%2Fca%2Fdepartament%2Fproteccio-dades%2Fdrets-persones-interessades%2F&amp;data=04%7C01%7Canabel.camara%40gencat.cat%7C29f546ef982849d0ac7f08d9be08641b%7C3b9427dcd30e43bc8c06ff7253676fec%7C1%7C0%7C637749765507441779%7CUnknown%7CTWFpbGZsb3d8eyJWIjoiMC4wLjAwMDAiLCJQIjoiV2luMzIiLCJBTiI6Ik1haWwiLCJXVCI6Mn0%3D%7C3000&amp;sdata=gbu3fePXTA5OVHrbS3KPo1FC%2Fnin1bhvC6Ky4nmxqqo%3D&amp;reserved=0\">web del Departament<\/a>.<\/p>\n<p><strong>Informaci\u00f3 addicional: <\/strong>Trobareu m\u00e9s informaci\u00f3 d\u2019aquest tractament al <a href=\"https:\/\/eur03.safelinks.protection.outlook.com\/?url=http%3A%2F%2Fagricultura.gencat.cat%2Fca%2Fdepartament%2Fproteccio-dades%2Finformacio-detallada-tractaments%2F&amp;data=04%7C01%7Canabel.camara%40gencat.cat%7C29f546ef982849d0ac7f08d9be08641b%7C3b9427dcd30e43bc8c06ff7253676fec%7C1%7C0%7C637749765507441779%7CUnknown%7CTWFpbGZsb3d8eyJWIjoiMC4wLjAwMDAiLCJQIjoiV2luMzIiLCJBTiI6Ik1haWwiLCJXVCI6Mn0%3D%7C3000&amp;sdata=e2ncFJ3bD9t%2BHf2RtMLMFMTsh9QbEo%2Fd3B%2BzequIKPo%3D&amp;reserved=0\">web del Departament<\/a>.<\/p>\n<p>&nbsp;<\/p>\n<p>&nbsp;<\/p>\n<p>&nbsp;<\/p>\n","protected":false},"excerpt":{"rendered":"<p>&nbsp;<br \/>\nHORARI D&#8217;ATENCI\u00d3<br \/>\n&nbsp;<br \/>\nPodeu contactar amb el servei de secretaria del centre per realitzar els tr\u00e0mits necessaris (trucar i demanar cita pr\u00e8viament).<br \/>\nTr\u00e0mits: gestions, homologacions, certificats, horaris, formaci\u00f3 cont\u00ednua, rebre informaci\u00f3 sobre els nostres cursos o formaci\u00f3&#8230;<br \/>\n&nbsp;<\/p>\n<p>Correu electr\u00f2nic: <a href=\"mailto:ea_alfarras.agricultura@gencat.cat\">ea_alfarras.agricultura@gencat.cat\u00a0<\/a><br \/>\n&nbsp;<br \/>\nTel\u00e8fon d&#8217;atenci\u00f3 al p\u00fablic i cita pr\u00e8via:\u00a0 973 760&hellip;  <a href=\"https:\/\/agora.xtec.cat\/ecaalfarras\/lescola-agraria\/contacte\/\" title=\"Read Contacte\">Llegeix m\u00e9s\u00bb<\/a><\/p>\n","protected":false},"author":1,"featured_media":0,"parent":715,"menu_order":0,"comment_status":"closed","ping_status":"closed","template":"page-templates\/side-menu.php","meta":{"_bbp_topic_count":0,"_bbp_reply_count":0,"_bbp_total_topic_count":0,"_bbp_total_reply_count":0,"_bbp_voice_count":0,"_bbp_anonymous_reply_count":0,"_bbp_topic_count_hidden":0,"_bbp_reply_count_hidden":0,"_bbp_forum_subforum_count":0,"footnotes":""},"class_list":["post-81","page","type-page","status-publish","hentry"],"post_mailing_queue_ids":[],"_links":{"self":[{"href":"https:\/\/agora.xtec.cat\/ecaalfarras\/wp-json\/wp\/v2\/pages\/81","targetHints":{"allow":["GET"]}}],"collection":[{"href":"https:\/\/agora.xtec.cat\/ecaalfarras\/wp-json\/wp\/v2\/pages"}],"about":[{"href":"https:\/\/agora.xtec.cat\/ecaalfarras\/wp-json\/wp\/v2\/types\/page"}],"author":[{"embeddable":true,"href":"https:\/\/agora.xtec.cat\/ecaalfarras\/wp-json\/wp\/v2\/users\/1"}],"replies":[{"embeddable":true,"href":"https:\/\/agora.xtec.cat\/ecaalfarras\/wp-json\/wp\/v2\/comments?post=81"}],"version-history":[{"count":6,"href":"https:\/\/agora.xtec.cat\/ecaalfarras\/wp-json\/wp\/v2\/pages\/81\/revisions"}],"predecessor-version":[{"id":2991,"href":"https:\/\/agora.xtec.cat\/ecaalfarras\/wp-json\/wp\/v2\/pages\/81\/revisions\/2991"}],"up":[{"embeddable":true,"href":"https:\/\/agora.xtec.cat\/ecaalfarras\/wp-json\/wp\/v2\/pages\/715"}],"wp:attachment":[{"href":"https:\/\/agora.xtec.cat\/ecaalfarras\/wp-json\/wp\/v2\/media?parent=81"}],"curies":[{"name":"wp","href":"https:\/\/api.w.org\/{rel}","templated":true}]}}

<p>&nbsp;</p>
<h4><span style="text-decoration: underline;"><span style="color: #003300;"><strong class="uppercase">HORARI D&#8217;ATENCIÓ</strong></span></span></h4>
<p>&nbsp;</p>
<p>Podeu contactar amb el servei de secretaria del centre per realitzar els tràmits necessaris (trucar i demanar cita prèviament).</p>
<p>Tràmits: gestions, homologacions, certificats, horaris, formació contínua, rebre informació sobre els nostres cursos o formació&#8230;</p>
<p>&nbsp;</p>
<div class="col-xs-12 col-sm-3">
<h5><strong><em>Correu electrònic: <u><a href="mailto:ea_alfarras.agricultura@gencat.cat">ea_alfarras.agricultura@gencat.cat </a></u></em></strong></h5>
<p>&nbsp;</p>
<p><strong>Telèfon d&#8217;atenció al públic i cita prèvia:  973 760 100 &#8211;  mòbil 695356287</strong></p>
<p>&nbsp;</p>
</div>
<div class="col-xs-12 col-sm-3">
<ul>
<li class="carrec"><strong><em><span style="font-family: inherit; font-size: 1em;">Directora de l&#8217;Escola Agrària d&#8217;Alfarràs</span></em></strong></li>
</ul>
<p><em><span style="font-family: inherit; font-size: 1em;">                                 Sra. M. Rosa Cortés Polo.</span></em></p>
<ul>
<li><strong><em>Cap de Programes </em></strong></li>
</ul>
<p style="text-align: left;">                             <em>  Jaume Castells.</em></p>
<ul>
<li><strong><em>Secretàri</em></strong></li>
</ul>
<p style="text-align: left;">                               <em>Joana Aina Martí.</em></p>
<ul>
<li style="list-style-type: none;">
<ul>
<li><strong><em>Tutors:</em></strong>
<ul>
<li style="list-style-type: none;">
<ul>
<li style="list-style-type: none;">
<ul>
<li style="list-style-type: none;">
<ul>
<li style="list-style-type: none;">
<ul>
<li>1r GM: Asun Aragonés</li>
<li>2n GM: Pere Pagès</li>
<li>1r GS: Josep Esquerda</li>
<li>2n GS: Joana Aina Martí</li>
</ul>
</li>
</ul>
</li>
</ul>
</li>
</ul>
</li>
</ul>
</li>
</ul>
</li>
</ul>
<ul>
<li style="list-style-type: none;">
<ul>
<li style="list-style-type: none;">
<ul>
<li style="list-style-type: none;">
<ul>
<li style="list-style-type: none;">
<ul>
<li style="list-style-type: none;">
<ul>
<li style="list-style-type: none;">
<ul>
<li style="list-style-type: none;"></li>
</ul>
</li>
</ul>
</li>
</ul>
</li>
</ul>
</li>
</ul>
</li>
</ul>
</li>
</ul>
<p>&nbsp;</p>
</div>
<p><span style="text-decoration: underline;"><b>Atenció al públic</b></span></p>
<p>De dilluns a dijous, de 8 a 15 h i divendres, de 8 a 14 h.</p>
<ul style="list-style-type: square;">
<li><span style="text-decoration: underline;"><b>Horari d&#8217;estiu</b></span></li>
</ul>
<p>De l&#8217;1 de juny al 30 de setembre: de dilluns a divendres, de 8 h a 15 h.<br />
<b></b></p>
<ul style="list-style-type: square;">
<li><b>Període Nadal</b></li>
</ul>
<p>Del 15 de desembre al 10 de gener: de dilluns a divendres, de 8 h a 15 h.<br />
<b></b></p>
<ul style="list-style-type: square;">
<li><b>Romandrà tancat</b></li>
</ul>
<p>24 de desembre: tancat.<br />
31 de desembre: tancat.</p>
<p>&nbsp;</p>
<p>&nbsp;</p>
<h5><span style="text-decoration: underline;"><strong>POLÍTICA I GESTIÓ DE DADES </strong></span></h5>
<p>&nbsp;</p>
<p><strong>Nom del tractament: </strong>Gestió i difusió de l’activitat de les escoles agràries.</p>
<p><strong>Responsable del tractament: </strong>Direcció General d’Empreses Agroalimentàries, Qualitat i Gastronomia.</p>
<p><strong>Finalitat: </strong>La gestió de l’activitat de les escoles agràries (formació inicial i continua). Aquesta gestió inclou la relacionada amb l’alumnat i el personal docent, inclosa la gestió d’activitats i serveis específics de les escoles (material pedagògic i de difusió, menjador, residència, borsa de treball, validació de cursos, itineraris formatius i altres), la gestió econòmica i la difusió d’activitats de les escoles agràries.</p>
<p><strong>Drets de les persones interessades: </strong>Podeu sol·licitar l’accés a les vostres dades, la seva rectificació, així com la supressió o la limitació del tractament quan sigui procedent, d’acord amb la informació que trobareu al <a href="https://eur03.safelinks.protection.outlook.com/?url=http%3A%2F%2Fagricultura.gencat.cat%2Fca%2Fdepartament%2Fproteccio-dades%2Fdrets-persones-interessades%2F&amp;data=04%7C01%7Canabel.camara%40gencat.cat%7C29f546ef982849d0ac7f08d9be08641b%7C3b9427dcd30e43bc8c06ff7253676fec%7C1%7C0%7C637749765507441779%7CUnknown%7CTWFpbGZsb3d8eyJWIjoiMC4wLjAwMDAiLCJQIjoiV2luMzIiLCJBTiI6Ik1haWwiLCJXVCI6Mn0%3D%7C3000&amp;sdata=gbu3fePXTA5OVHrbS3KPo1FC%2Fnin1bhvC6Ky4nmxqqo%3D&amp;reserved=0">web del Departament</a>.</p>
<p><strong>Informació addicional: </strong>Trobareu més informació d’aquest tractament al <a href="https://eur03.safelinks.protection.outlook.com/?url=http%3A%2F%2Fagricultura.gencat.cat%2Fca%2Fdepartament%2Fproteccio-dades%2Finformacio-detallada-tractaments%2F&amp;data=04%7C01%7Canabel.camara%40gencat.cat%7C29f546ef982849d0ac7f08d9be08641b%7C3b9427dcd30e43bc8c06ff7253676fec%7C1%7C0%7C637749765507441779%7CUnknown%7CTWFpbGZsb3d8eyJWIjoiMC4wLjAwMDAiLCJQIjoiV2luMzIiLCJBTiI6Ik1haWwiLCJXVCI6Mn0%3D%7C3000&amp;sdata=e2ncFJ3bD9t%2BHf2RtMLMFMTsh9QbEo%2Fd3B%2BzequIKPo%3D&amp;reserved=0">web del Departament</a>.</p>
<p>&nbsp;</p>
<p>&nbsp;</p>
<p>&nbsp;</p>

<p>&nbsp;<br />
HORARI D&#8217;ATENCIÓ<br />
&nbsp;<br />
Podeu contactar amb el servei de secretaria del centre per realitzar els tràmits necessaris (trucar i demanar cita prèviament).<br />
Tràmits: gestions, homologacions, certificats, horaris, formació contínua, rebre informació sobre els nostres cursos o formació&#8230;<br />
&nbsp;</p>
<p>Correu electrònic: <a href="mailto:ea_alfarras.agricultura@gencat.cat">ea_alfarras.agricultura@gencat.cat </a><br />
&nbsp;<br />
Telèfon d&#8217;atenció al públic i cita prèvia:  973 760&hellip;  <a href="https://agora.xtec.cat/ecaalfarras/lescola-agraria/contacte/" title="Read Contacte">Llegeix més»</a></p>
