{"id":792,"date":"2020-05-07T17:37:47","date_gmt":"2020-05-07T15:37:47","guid":{"rendered":"https:\/\/agora.xtec.cat\/ecaalfarras\/?page_id=792"},"modified":"2020-05-07T19:53:52","modified_gmt":"2020-05-07T17:53:52","slug":"el-pressec-groc-de-lescola","status":"publish","type":"page","link":"https:\/\/agora.xtec.cat\/ecaalfarras\/el-pressec-groc-de-lescola\/","title":{"rendered":"El Pr\u00e9ssec Groc de L&#8217;escola"},"content":{"rendered":"<p><a href=\"https:\/\/agora.xtec.cat\/ecaalfarras\/wp-content\/uploads\/usu2159\/2020\/05\/productes_escolaagraria_alfarras.jpg\"><img loading=\"lazy\" decoding=\"async\" class=\"alignleft size-full wp-image-781\" src=\"https:\/\/agora.xtec.cat\/ecaalfarras\/wp-content\/uploads\/usu2159\/2020\/05\/productes_escolaagraria_alfarras.jpg\" alt=\"\" width=\"88\" height=\"600\" srcset=\"https:\/\/agora.xtec.cat\/ecaalfarras\/wp-content\/uploads\/usu2159\/2020\/05\/productes_escolaagraria_alfarras.jpg 88w, https:\/\/agora.xtec.cat\/ecaalfarras\/wp-content\/uploads\/usu2159\/2020\/05\/productes_escolaagraria_alfarras-44x300.jpg 44w\" sizes=\"auto, (max-width: 88px) 100vw, 88px\" \/><\/a><span style=\"color: #99cc00;\"><strong>ORIGEN<\/strong><\/span> Aquesta varietat va arribar a l\u2019Escola d\u2019Alfarr\u00e0s cap a l\u2019any 1975 quan es van plantar 210 arbres de la varietat Roig Gallur. Amb el temps es va veure que aquells presseguers no eren de la varietat encomanada.<\/p>\n<p>Com que a les poblacions del Segri\u00e0 Nord l\u2019afectaci\u00f3 de gelades primaverals \u00e9s important, va sorprendre que, malgrat que l\u2019Escola est\u00e0 en una fondalada vora del riu, quedessin pr\u00e9ssecs sense afectaci\u00f3. La floraci\u00f3 tardana de la varietat els va salvar.<\/p>\n<p>Va anar corrent la veu d\u2019aquest fet i de la qualitat del pr\u00e9ssec. Els pagesos de les contrades van comen\u00e7ar a buscar varetes per empeltar-lo i es va anar propagant la fama i el nom d\u2019aquesta varietat. Aix\u00ed, quan a l\u2019Espigares, l\u2019oficial de l\u2019escola, se li preguntava d\u2019on venia aquell pr\u00e9ssec, explicava que era de l\u2019escola.<\/p>\n<p>L\u2019any 1992, l\u2019Antonio Gil, el director de l\u2019\u00e8poca, va fer estudiar la varietat per l\u2019IRTA. Es va caracteritzar i, des de 1993, el pr\u00e9ssec de l\u2019Escola \u00e9s una varietat registrada.<\/p>\n<p><span style=\"color: #99cc00;\"><strong>ARBRE<\/strong><\/span> El presseguer de l\u2019Escola \u00e9s un arbre vigor\u00f3s, f\u00e0cil de conduir, que treballa sobretot amb xifones i rames de segon any.<\/p>\n<p><span style=\"color: #99cc00;\"><strong>FLORACI\u00d3<\/strong><\/span> La floraci\u00f3 \u00e9s tardana, cap a finals de mar\u00e7, fet que la fa m\u00e9s resistent a les gelades primaverals. La flor \u00e9s campanulada, menys vistosa que altres varietats de pr\u00e9ssec.<\/p>\n<p><strong><span style=\"color: #99cc00;\">FRUIT<\/span> <\/strong>El fruit es cull, habitualment, la segona setmana d\u2019agost. El color groc del fruit \u00e9s uniforme i intens. La forma \u00e9s lleugerament allargada amb sutura visible i amb el mugr\u00f3 semi-enfonsat. Gaireb\u00e9 no t\u00e9 vellut a la pell.<\/p>\n<p>T\u00e9 galta roja variable, segons la intensitat de llum, que pot variar del 10 al 60 %. El pinyol adherit tenyeix una mica la seva carn. \u00c9s un fruit mitja-gran, amb polpa consistent, molt dol\u00e7 i equilibrat. T\u00e9, de vegades, una maduraci\u00f3 sobtada i problemes de caiguda prematura. Suporta b\u00e9 el transport i es conserva molt b\u00e9.<\/p>\n<p>&nbsp;<\/p>\n<p>&nbsp;<br \/>\n&nbsp;<\/p>\n<p>&nbsp;<\/p>\n","protected":false},"excerpt":{"rendered":"<p><a href=\"https:\/\/agora.xtec.cat\/ecaalfarras\/wp-content\/uploads\/usu2159\/2020\/05\/productes_escolaagraria_alfarras.jpg\"><\/a>ORIGEN Aquesta varietat va arribar a l\u2019Escola d\u2019Alfarr\u00e0s cap a l\u2019any 1975 quan es van plantar 210 arbres de la varietat Roig Gallur. Amb el temps es va veure que aquells presseguers no eren de la varietat encomanada.<br \/>\nCom que a les poblacions del Segri\u00e0&hellip;  <a href=\"https:\/\/agora.xtec.cat\/ecaalfarras\/el-pressec-groc-de-lescola\/\" title=\"Read El Pr\u00e9ssec Groc de L&#8217;escola\">Llegeix m\u00e9s\u00bb<\/a><\/p>\n","protected":false},"author":1,"featured_media":0,"parent":0,"menu_order":40,"comment_status":"closed","ping_status":"closed","template":"page-templates\/side-menu.php","meta":{"_bbp_topic_count":0,"_bbp_reply_count":0,"_bbp_total_topic_count":0,"_bbp_total_reply_count":0,"_bbp_voice_count":0,"_bbp_anonymous_reply_count":0,"_bbp_topic_count_hidden":0,"_bbp_reply_count_hidden":0,"_bbp_forum_subforum_count":0,"footnotes":""},"class_list":["post-792","page","type-page","status-publish","hentry"],"post_mailing_queue_ids":[],"_links":{"self":[{"href":"https:\/\/agora.xtec.cat\/ecaalfarras\/wp-json\/wp\/v2\/pages\/792","targetHints":{"allow":["GET"]}}],"collection":[{"href":"https:\/\/agora.xtec.cat\/ecaalfarras\/wp-json\/wp\/v2\/pages"}],"about":[{"href":"https:\/\/agora.xtec.cat\/ecaalfarras\/wp-json\/wp\/v2\/types\/page"}],"author":[{"embeddable":true,"href":"https:\/\/agora.xtec.cat\/ecaalfarras\/wp-json\/wp\/v2\/users\/1"}],"replies":[{"embeddable":true,"href":"https:\/\/agora.xtec.cat\/ecaalfarras\/wp-json\/wp\/v2\/comments?post=792"}],"version-history":[{"count":2,"href":"https:\/\/agora.xtec.cat\/ecaalfarras\/wp-json\/wp\/v2\/pages\/792\/revisions"}],"predecessor-version":[{"id":941,"href":"https:\/\/agora.xtec.cat\/ecaalfarras\/wp-json\/wp\/v2\/pages\/792\/revisions\/941"}],"wp:attachment":[{"href":"https:\/\/agora.xtec.cat\/ecaalfarras\/wp-json\/wp\/v2\/media?parent=792"}],"curies":[{"name":"wp","href":"https:\/\/api.w.org\/{rel}","templated":true}]}}

El Préssec Groc de L&#8217;escola

<p><a href="https://agora.xtec.cat/ecaalfarras/wp-content/uploads/usu2159/2020/05/productes_escolaagraria_alfarras.jpg"><img loading="lazy" decoding="async" class="alignleft size-full wp-image-781" src="https://agora.xtec.cat/ecaalfarras/wp-content/uploads/usu2159/2020/05/productes_escolaagraria_alfarras.jpg" alt="" width="88" height="600" srcset="https://agora.xtec.cat/ecaalfarras/wp-content/uploads/usu2159/2020/05/productes_escolaagraria_alfarras.jpg 88w, https://agora.xtec.cat/ecaalfarras/wp-content/uploads/usu2159/2020/05/productes_escolaagraria_alfarras-44x300.jpg 44w" sizes="auto, (max-width: 88px) 100vw, 88px" /></a><span style="color: #99cc00;"><strong>ORIGEN</strong></span> Aquesta varietat va arribar a l’Escola d’Alfarràs cap a l’any 1975 quan es van plantar 210 arbres de la varietat Roig Gallur. Amb el temps es va veure que aquells presseguers no eren de la varietat encomanada.</p>
<p>Com que a les poblacions del Segrià Nord l’afectació de gelades primaverals és important, va sorprendre que, malgrat que l’Escola està en una fondalada vora del riu, quedessin préssecs sense afectació. La floració tardana de la varietat els va salvar.</p>
<p>Va anar corrent la veu d’aquest fet i de la qualitat del préssec. Els pagesos de les contrades van començar a buscar varetes per empeltar-lo i es va anar propagant la fama i el nom d’aquesta varietat. Així, quan a l’Espigares, l’oficial de l’escola, se li preguntava d’on venia aquell préssec, explicava que era de l’escola.</p>
<p>L’any 1992, l’Antonio Gil, el director de l’època, va fer estudiar la varietat per l’IRTA. Es va caracteritzar i, des de 1993, el préssec de l’Escola és una varietat registrada.</p>
<p><span style="color: #99cc00;"><strong>ARBRE</strong></span> El presseguer de l’Escola és un arbre vigorós, fàcil de conduir, que treballa sobretot amb xifones i rames de segon any.</p>
<p><span style="color: #99cc00;"><strong>FLORACIÓ</strong></span> La floració és tardana, cap a finals de març, fet que la fa més resistent a les gelades primaverals. La flor és campanulada, menys vistosa que altres varietats de préssec.</p>
<p><strong><span style="color: #99cc00;">FRUIT</span> </strong>El fruit es cull, habitualment, la segona setmana d’agost. El color groc del fruit és uniforme i intens. La forma és lleugerament allargada amb sutura visible i amb el mugró semi-enfonsat. Gairebé no té vellut a la pell.</p>
<p>Té galta roja variable, segons la intensitat de llum, que pot variar del 10 al 60 %. El pinyol adherit tenyeix una mica la seva carn. És un fruit mitja-gran, amb polpa consistent, molt dolç i equilibrat. Té, de vegades, una maduració sobtada i problemes de caiguda prematura. Suporta bé el transport i es conserva molt bé.</p>
<p>&nbsp;</p>
<p>&nbsp;<br />
&nbsp;</p>
<p>&nbsp;</p>

<p><a href="https://agora.xtec.cat/ecaalfarras/wp-content/uploads/usu2159/2020/05/productes_escolaagraria_alfarras.jpg"></a>ORIGEN Aquesta varietat va arribar a l’Escola d’Alfarràs cap a l’any 1975 quan es van plantar 210 arbres de la varietat Roig Gallur. Amb el temps es va veure que aquells presseguers no eren de la varietat encomanada.<br />
Com que a les poblacions del Segrià&hellip;  <a href="https://agora.xtec.cat/ecaalfarras/el-pressec-groc-de-lescola/" title="Read El Préssec Groc de L&#8217;escola">Llegeix més»</a></p>
