{"id":773,"date":"2020-05-07T17:25:26","date_gmt":"2020-05-07T15:25:26","guid":{"rendered":"https:\/\/agora.xtec.cat\/ecaalfarras\/?page_id=773"},"modified":"2020-05-07T19:53:38","modified_gmt":"2020-05-07T17:53:38","slug":"poma-fuji-zhen-aztec","status":"publish","type":"page","link":"https:\/\/agora.xtec.cat\/ecaalfarras\/poma-fuji-zhen-aztec\/","title":{"rendered":"Poma Fuji ZHEN &#8211; Aztec"},"content":{"rendered":"<p><a href=\"https:\/\/agora.xtec.cat\/ecaalfarras\/wp-content\/uploads\/usu2159\/2020\/05\/productes_escolaagraria_alfarras.jpg\"><img loading=\"lazy\" decoding=\"async\" class=\"alignleft size-full wp-image-781\" src=\"https:\/\/agora.xtec.cat\/ecaalfarras\/wp-content\/uploads\/usu2159\/2020\/05\/productes_escolaagraria_alfarras.jpg\" alt=\"\" width=\"88\" height=\"600\" srcset=\"https:\/\/agora.xtec.cat\/ecaalfarras\/wp-content\/uploads\/usu2159\/2020\/05\/productes_escolaagraria_alfarras.jpg 88w, https:\/\/agora.xtec.cat\/ecaalfarras\/wp-content\/uploads\/usu2159\/2020\/05\/productes_escolaagraria_alfarras-44x300.jpg 44w\" sizes=\"auto, (max-width: 88px) 100vw, 88px\" \/><\/a><span style=\"color: #99cc00;\"><strong>ORIGEN<\/strong><\/span> La poma Fuji \u00e9s origin\u00e0ria de fa milers d\u2019anys. Sembla ser que el seu origen \u00e9s al Caucas, a la vora del mar Caspi. La poma es va desenvolupar al Jap\u00f3, a l\u2019estaci\u00f3 d\u2019investigaci\u00f3 de Tohoku a Fujisaki, a finals de 1930. El seu nom procedeix de la ciutat de Fujisaki i es va comercialitzar a partir de 1960.<\/p>\n<p><strong><span style=\"color: #99cc00;\">ARBRE<\/span> <\/strong>La pomera Fuji \u00e9s un arbre vigor\u00f3s. La varietat Zhen Aztec del grup Fuji \u00e9s un arbre menys vigor\u00f3s que el cl\u00e0ssic amb un elevat potencial productiu malgrat la seva tend\u00e8ncia a l\u2019alternan\u00e7a.<\/p>\n<p><span style=\"color: #99cc00;\"><strong>FLORACI\u00d3<\/strong> <\/span>Les seves flors s\u00f3n arom\u00e0tiques, de color blanc amb vetes rosades. A la finca de l\u2019escola la pomera Fuji floreix a inicis d\u2019abril. L\u2019alternan\u00e7a pr\u00f2pia de la varietat fa que a vegades aquesta floraci\u00f3 sigui tamb\u00e9 irregular.<\/p>\n<p><strong><span style=\"color: #99cc00;\">FRUIT<\/span><\/strong> D\u2019un bonic color vermell i una lleugera asimetria pr\u00f2pia de les pomes Fuji, la poma Fuji Zhen Aztec que cultivem a l\u2019Escola Agr\u00e0ria \u00e9s una poma de textura fina, molt sucosa, de color crema o lleugerament groguenca, ferma, cruixent i molt dol\u00e7a (valors de sucres de 15 -16\u00ba Brix si est\u00e0 ben madura). El seu baix contingut en \u00e0cids (3,5 g\/l d\u2019\u00e0cid m\u00e0lic) ens fa percebre un intens gust dol\u00e7.<\/p>\n<p><strong><span style=\"color: #99cc00;\">COLLITA I CONSERVACI\u00d3<\/span><\/strong> La poma Fuji es conserva molt b\u00e9, fins i tot sense mantenir-la en fred.<\/p>\n<p><strong><span style=\"color: #99cc00;\">CONSIDERACIONS AGRON\u00d2MIQUES<\/span><\/strong> La poma Fuji Zhen Aztec produeix sobre brindilles coronades en fusta de 1-3 anys. Donada la seva tend\u00e8ncia a l\u2019alternan\u00e7a \u00e9s important una esporga que equilibri en vegetaci\u00f3 i producci\u00f3 per tal de donar produccions regulars. La proximitat al riu de la nostra finca incrementa la coloraci\u00f3 vermella. \u00c9s sensible al cop de sol, a la maduraci\u00f3 i a una mica de russeting lenticelar.<\/p>\n<p>&nbsp;<\/p>\n<p>&nbsp;<br \/>\n&nbsp;<\/p>\n<p>&nbsp;<\/p>\n","protected":false},"excerpt":{"rendered":"<p><a href=\"https:\/\/agora.xtec.cat\/ecaalfarras\/wp-content\/uploads\/usu2159\/2020\/05\/productes_escolaagraria_alfarras.jpg\"><\/a>ORIGEN La poma Fuji \u00e9s origin\u00e0ria de fa milers d\u2019anys. Sembla ser que el seu origen \u00e9s al Caucas, a la vora del mar Caspi. La poma es va desenvolupar al Jap\u00f3, a l\u2019estaci\u00f3 d\u2019investigaci\u00f3 de Tohoku a Fujisaki, a finals de 1930. El&hellip;  <a href=\"https:\/\/agora.xtec.cat\/ecaalfarras\/poma-fuji-zhen-aztec\/\" title=\"Read Poma Fuji ZHEN &#8211; Aztec\">Llegeix m\u00e9s\u00bb<\/a><\/p>\n","protected":false},"author":1,"featured_media":0,"parent":0,"menu_order":30,"comment_status":"closed","ping_status":"closed","template":"page-templates\/side-menu.php","meta":{"_bbp_topic_count":0,"_bbp_reply_count":0,"_bbp_total_topic_count":0,"_bbp_total_reply_count":0,"_bbp_voice_count":0,"_bbp_anonymous_reply_count":0,"_bbp_topic_count_hidden":0,"_bbp_reply_count_hidden":0,"_bbp_forum_subforum_count":0,"footnotes":""},"class_list":["post-773","page","type-page","status-publish","hentry"],"post_mailing_queue_ids":[],"_links":{"self":[{"href":"https:\/\/agora.xtec.cat\/ecaalfarras\/wp-json\/wp\/v2\/pages\/773","targetHints":{"allow":["GET"]}}],"collection":[{"href":"https:\/\/agora.xtec.cat\/ecaalfarras\/wp-json\/wp\/v2\/pages"}],"about":[{"href":"https:\/\/agora.xtec.cat\/ecaalfarras\/wp-json\/wp\/v2\/types\/page"}],"author":[{"embeddable":true,"href":"https:\/\/agora.xtec.cat\/ecaalfarras\/wp-json\/wp\/v2\/users\/1"}],"replies":[{"embeddable":true,"href":"https:\/\/agora.xtec.cat\/ecaalfarras\/wp-json\/wp\/v2\/comments?post=773"}],"version-history":[{"count":3,"href":"https:\/\/agora.xtec.cat\/ecaalfarras\/wp-json\/wp\/v2\/pages\/773\/revisions"}],"predecessor-version":[{"id":786,"href":"https:\/\/agora.xtec.cat\/ecaalfarras\/wp-json\/wp\/v2\/pages\/773\/revisions\/786"}],"wp:attachment":[{"href":"https:\/\/agora.xtec.cat\/ecaalfarras\/wp-json\/wp\/v2\/media?parent=773"}],"curies":[{"name":"wp","href":"https:\/\/api.w.org\/{rel}","templated":true}]}}