{"id":769,"date":"2020-05-07T17:08:01","date_gmt":"2020-05-07T15:08:01","guid":{"rendered":"https:\/\/agora.xtec.cat\/ecaalfarras\/?page_id=769"},"modified":"2020-05-07T19:53:16","modified_gmt":"2020-05-07T17:53:16","slug":"pera-ercolini","status":"publish","type":"page","link":"https:\/\/agora.xtec.cat\/ecaalfarras\/pera-ercolini\/","title":{"rendered":"Pera Ercolini"},"content":{"rendered":"<p><a href=\"https:\/\/agora.xtec.cat\/ecaalfarras\/wp-content\/uploads\/usu2159\/2020\/05\/productes_escolaagraria_alfarras.jpg\"><img loading=\"lazy\" decoding=\"async\" src=\"https:\/\/agora.xtec.cat\/ecaalfarras\/wp-content\/uploads\/usu2159\/2020\/05\/productes_escolaagraria_alfarras.jpg\" alt=\"\" width=\"88\" height=\"600\" class=\"alignleft size-full wp-image-781\" srcset=\"https:\/\/agora.xtec.cat\/ecaalfarras\/wp-content\/uploads\/usu2159\/2020\/05\/productes_escolaagraria_alfarras.jpg 88w, https:\/\/agora.xtec.cat\/ecaalfarras\/wp-content\/uploads\/usu2159\/2020\/05\/productes_escolaagraria_alfarras-44x300.jpg 44w\" sizes=\"auto, (max-width: 88px) 100vw, 88px\" \/><\/a><strong><span style=\"color: #99cc00;\">ORIGEN<\/span> <\/strong>Pera origin\u00e0ria de la Toscana (It\u00e0lia) de principis del segle XIX. Amb antecedents desconeguts.<\/p>\n<p><span style=\"color: #99cc00;\"><strong>ARBRE<\/strong><\/span> Arbre de vigor mitj\u00e0 a fort. De port erecte. Entrada en producci\u00f3 quelcom lenta. T\u00e9 tend\u00e8ncia a l\u2019alternan\u00e7a.<\/p>\n<p><span style=\"color: #99cc00;\"><strong>FLORACI\u00d3<\/strong><\/span> Floraci\u00f3 primerenca i abundosa. El seu pol\u00b7len t\u00e9 una elevada germinaci\u00f3 pel que pot ser \u00fatil com pol\u00b7linitzador per aquelles varietats amb les quals les floracions coincideixin. S\u00f3n bons pol\u00b7linitzadors Abate Fetel, Blanquilla, Bona Llu\u00efsa i Magallona.<\/p>\n<p><span style=\"color: #99cc00;\"><strong>FRUIT<\/strong><\/span> Calibre mitj\u00e0 i a vegades petit si la collita \u00e9s excessiva. Fruit piriforme i regular. De pell fina, de color verd clar, groc palla al madurar i amb xapa rosada al costat assolellat. La polpa \u00e9s de color blanc-crema, fina i sucosa, dol\u00e7a i lleugerament perfumada.<\/p>\n<p><span style=\"color: #99cc00;\"><strong>COLLITA I CONSERVACI\u00d3<\/strong><\/span> La collita d\u2019Ercolini es fa la tercera desena de juliol. La seva conservaci\u00f3 en fred \u00e9s limitada, d\u2019uns pocs mesos.<\/p>\n<p><span style=\"color: #99cc00;\"><strong>CONSIDERACIONS AGRON\u00d2MIQUES<\/strong> <\/span>T\u00e9 una afinitat mediocre amb el codonyer. Millor empeltar-lo amb codonyer tipus Provence. En climes c\u00e0lids quan la incompatibilitat s\u2019agreuja, \u00e9s recomanable l\u2019\u00fas d\u2019intermediaris.<\/p>\n<p>Produeix en brindilles coronades i llamburdes sobre fusta de 2 anys. Vol poda llarga i de renovaci\u00f3, retallant i eliminant rames envellides, eliminant tamb\u00e9 part de la fusta de 1-3 anys i branques d\u00e8bils per tal d\u2019equilibrar b\u00e9 l\u2019arbre i regularitzar les produccions. \u00c9s sensible a clorosi f\u00e8rrica.<br \/>\n&nbsp;<\/p>\n<p>&nbsp;<br \/>\n&nbsp;<br \/>\n&nbsp;<\/p>\n","protected":false},"excerpt":{"rendered":"<p><a href=\"https:\/\/agora.xtec.cat\/ecaalfarras\/wp-content\/uploads\/usu2159\/2020\/05\/productes_escolaagraria_alfarras.jpg\"><\/a>ORIGEN Pera origin\u00e0ria de la Toscana (It\u00e0lia) de principis del segle XIX. Amb antecedents desconeguts.<br \/>\nARBRE Arbre de vigor mitj\u00e0 a fort. De port erecte. Entrada en producci\u00f3 quelcom lenta. T\u00e9 tend\u00e8ncia a l\u2019alternan\u00e7a.<br \/>\nFLORACI\u00d3 Floraci\u00f3 primerenca i abundosa. El seu pol\u00b7len t\u00e9 una elevada germinaci\u00f3&hellip;  <a href=\"https:\/\/agora.xtec.cat\/ecaalfarras\/pera-ercolini\/\" title=\"Read Pera Ercolini\">Llegeix m\u00e9s\u00bb<\/a><\/p>\n","protected":false},"author":1,"featured_media":0,"parent":0,"menu_order":20,"comment_status":"closed","ping_status":"closed","template":"page-templates\/side-menu.php","meta":{"_bbp_topic_count":0,"_bbp_reply_count":0,"_bbp_total_topic_count":0,"_bbp_total_reply_count":0,"_bbp_voice_count":0,"_bbp_anonymous_reply_count":0,"_bbp_topic_count_hidden":0,"_bbp_reply_count_hidden":0,"_bbp_forum_subforum_count":0,"footnotes":""},"class_list":["post-769","page","type-page","status-publish","hentry"],"post_mailing_queue_ids":[],"_links":{"self":[{"href":"https:\/\/agora.xtec.cat\/ecaalfarras\/wp-json\/wp\/v2\/pages\/769","targetHints":{"allow":["GET"]}}],"collection":[{"href":"https:\/\/agora.xtec.cat\/ecaalfarras\/wp-json\/wp\/v2\/pages"}],"about":[{"href":"https:\/\/agora.xtec.cat\/ecaalfarras\/wp-json\/wp\/v2\/types\/page"}],"author":[{"embeddable":true,"href":"https:\/\/agora.xtec.cat\/ecaalfarras\/wp-json\/wp\/v2\/users\/1"}],"replies":[{"embeddable":true,"href":"https:\/\/agora.xtec.cat\/ecaalfarras\/wp-json\/wp\/v2\/comments?post=769"}],"version-history":[{"count":3,"href":"https:\/\/agora.xtec.cat\/ecaalfarras\/wp-json\/wp\/v2\/pages\/769\/revisions"}],"predecessor-version":[{"id":788,"href":"https:\/\/agora.xtec.cat\/ecaalfarras\/wp-json\/wp\/v2\/pages\/769\/revisions\/788"}],"wp:attachment":[{"href":"https:\/\/agora.xtec.cat\/ecaalfarras\/wp-json\/wp\/v2\/media?parent=769"}],"curies":[{"name":"wp","href":"https:\/\/api.w.org\/{rel}","templated":true}]}}

<p><a href="https://agora.xtec.cat/ecaalfarras/wp-content/uploads/usu2159/2020/05/productes_escolaagraria_alfarras.jpg"><img loading="lazy" decoding="async" src="https://agora.xtec.cat/ecaalfarras/wp-content/uploads/usu2159/2020/05/productes_escolaagraria_alfarras.jpg" alt="" width="88" height="600" class="alignleft size-full wp-image-781" srcset="https://agora.xtec.cat/ecaalfarras/wp-content/uploads/usu2159/2020/05/productes_escolaagraria_alfarras.jpg 88w, https://agora.xtec.cat/ecaalfarras/wp-content/uploads/usu2159/2020/05/productes_escolaagraria_alfarras-44x300.jpg 44w" sizes="auto, (max-width: 88px) 100vw, 88px" /></a><strong><span style="color: #99cc00;">ORIGEN</span> </strong>Pera originària de la Toscana (Itàlia) de principis del segle XIX. Amb antecedents desconeguts.</p>
<p><span style="color: #99cc00;"><strong>ARBRE</strong></span> Arbre de vigor mitjà a fort. De port erecte. Entrada en producció quelcom lenta. Té tendència a l’alternança.</p>
<p><span style="color: #99cc00;"><strong>FLORACIÓ</strong></span> Floració primerenca i abundosa. El seu pol·len té una elevada germinació pel que pot ser útil com pol·linitzador per aquelles varietats amb les quals les floracions coincideixin. Són bons pol·linitzadors Abate Fetel, Blanquilla, Bona Lluïsa i Magallona.</p>
<p><span style="color: #99cc00;"><strong>FRUIT</strong></span> Calibre mitjà i a vegades petit si la collita és excessiva. Fruit piriforme i regular. De pell fina, de color verd clar, groc palla al madurar i amb xapa rosada al costat assolellat. La polpa és de color blanc-crema, fina i sucosa, dolça i lleugerament perfumada.</p>
<p><span style="color: #99cc00;"><strong>COLLITA I CONSERVACIÓ</strong></span> La collita d’Ercolini es fa la tercera desena de juliol. La seva conservació en fred és limitada, d’uns pocs mesos.</p>
<p><span style="color: #99cc00;"><strong>CONSIDERACIONS AGRONÒMIQUES</strong> </span>Té una afinitat mediocre amb el codonyer. Millor empeltar-lo amb codonyer tipus Provence. En climes càlids quan la incompatibilitat s’agreuja, és recomanable l’ús d’intermediaris.</p>
<p>Produeix en brindilles coronades i llamburdes sobre fusta de 2 anys. Vol poda llarga i de renovació, retallant i eliminant rames envellides, eliminant també part de la fusta de 1-3 anys i branques dèbils per tal d’equilibrar bé l’arbre i regularitzar les produccions. És sensible a clorosi fèrrica.<br />
&nbsp;</p>
<p>&nbsp;<br />
&nbsp;<br />
&nbsp;</p>

<p><a href="https://agora.xtec.cat/ecaalfarras/wp-content/uploads/usu2159/2020/05/productes_escolaagraria_alfarras.jpg"></a>ORIGEN Pera originària de la Toscana (Itàlia) de principis del segle XIX. Amb antecedents desconeguts.<br />
ARBRE Arbre de vigor mitjà a fort. De port erecte. Entrada en producció quelcom lenta. Té tendència a l’alternança.<br />
FLORACIÓ Floració primerenca i abundosa. El seu pol·len té una elevada germinació&hellip;  <a href="https://agora.xtec.cat/ecaalfarras/pera-ercolini/" title="Read Pera Ercolini">Llegeix més»</a></p>
