{"id":2224,"date":"2021-09-29T14:40:48","date_gmt":"2021-09-29T12:40:48","guid":{"rendered":"https:\/\/agora.xtec.cat\/ecaalfarras\/?page_id=2224"},"modified":"2026-02-23T21:03:55","modified_gmt":"2026-02-23T20:03:55","slug":"internacionalitzacio-erasmus","status":"publish","type":"page","link":"https:\/\/agora.xtec.cat\/ecaalfarras\/lescola-agraria\/internacionalitzacio-erasmus\/","title":{"rendered":"Internacionalitzaci\u00f3\/ Erasmus"},"content":{"rendered":"<p><a href=\"https:\/\/agora.xtec.cat\/ecaalfarras\/wp-content\/uploads\/usu2159\/2021\/09\/2.png\"><img loading=\"lazy\" decoding=\"async\" class=\"size-medium wp-image-2240 alignright\" src=\"https:\/\/agora.xtec.cat\/ecaalfarras\/wp-content\/uploads\/usu2159\/2021\/09\/2-300x122.png\" alt=\"\" width=\"300\" height=\"122\" srcset=\"https:\/\/agora.xtec.cat\/ecaalfarras\/wp-content\/uploads\/usu2159\/2021\/09\/2-300x122.png 300w, https:\/\/agora.xtec.cat\/ecaalfarras\/wp-content\/uploads\/usu2159\/2021\/09\/2.png 353w\" sizes=\"auto, (max-width: 300px) 100vw, 300px\" \/><\/a><\/p>\n<p>&nbsp;<\/p>\n<p><strong>L\u2019Escola Agr\u00e0ria d\u2019Alfarr\u00e0s porta m\u00e9s de 30 anys organitzant projectes d\u2019internacionalitzaci\u00f3,<\/strong> tot i que el format, grups d\u2019alumnes i objectius, han anat canviant amb els anys.<\/p>\n<p>A la nostra escola hem aconseguit i mantingut bons contactes amb centres d\u2019It\u00e0lia, Finl\u00e0ndia i Su\u00e8cia.<\/p>\n<p>En aquests m\u00e9s de 30 anys, els nostres alumnes han vist nous horitzons, altres maneres de treballar la terra i, sobretot, altres filosofies d\u2019entendre la vida, la qual cosa els ha sorpr\u00e8s i ha ajudat a formar-se com a t\u00e8cnics i com a persones.<\/p>\n<p>La cultura d\u2019un pa\u00eds s\u2019observa al carrer i es palpa veient el dia a dia, i aquesta \u00e9s la immersi\u00f3 cultural que han fet tots i cada un dels nostres alumnes quan han estat a l\u2019estranger.<\/p>\n<p>La nostra escola est\u00e0 molt orgullosa d\u2019obrir aquesta finestra al m\u00f3n dels nostres alumnes perqu\u00e8 puguin millorar ells i el seu entorn.<\/p>\n<p><strong>Documents Estrat\u00e8gics:<\/strong><\/p>\n<ol>\n<li><a href=\"https:\/\/agora.xtec.cat\/ecaalfarras\/wp-content\/uploads\/usu2159\/2021\/09\/Oferta-formativa-catala.pdf\">Oferta formativa (catal\u00e0)<\/a><\/li>\n<li><a href=\"https:\/\/agora.xtec.cat\/ecaalfarras\/wp-content\/uploads\/usu2159\/2021\/09\/Oferta-formativa-English.pdf\">Oferta formativa (English)<\/a><\/li>\n<li><a href=\"https:\/\/agora.xtec.cat\/ecaalfarras\/wp-content\/uploads\/usu2159\/2021\/09\/Policy-statement.pdf\">Policy statement<\/a><\/li>\n<li><a href=\"https:\/\/agora.xtec.cat\/ecaalfarras\/wp-content\/uploads\/usu2159\/2021\/09\/Document-difusio-internacionalitzacio-B.pdf\">Document difusi\u00f3 internacionalitzaci\u00f3 <\/a><\/li>\n<li><a href=\"https:\/\/agora.xtec.cat\/ecaalfarras\/wp-content\/uploads\/usu2159\/2023\/05\/Criteris-alumnat-FCT-extranger-1.pdf\">Criteris-alumnat-FCT-extranger (1)<\/a><\/li>\n<li><a href=\"https:\/\/agora.xtec.cat\/ecaalfarras\/wp-content\/uploads\/usu2159\/2021\/11\/Certificate-Award-Letter-October-2021.pdf\">Certificate Award Letter October 2021<\/a><\/li>\n<\/ol>\n<p>&nbsp;<\/p>\n<p><a href=\"https:\/\/agora.xtec.cat\/ecaalfarras\/wp-content\/uploads\/usu2159\/2021\/09\/1.jpg\"><img loading=\"lazy\" decoding=\"async\" class=\"aligncenter size-medium wp-image-2239\" src=\"https:\/\/agora.xtec.cat\/ecaalfarras\/wp-content\/uploads\/usu2159\/2021\/09\/1-300x176.jpg\" alt=\"\" width=\"300\" height=\"176\" srcset=\"https:\/\/agora.xtec.cat\/ecaalfarras\/wp-content\/uploads\/usu2159\/2021\/09\/1-300x176.jpg 300w, https:\/\/agora.xtec.cat\/ecaalfarras\/wp-content\/uploads\/usu2159\/2021\/09\/1-768x450.jpg 768w, https:\/\/agora.xtec.cat\/ecaalfarras\/wp-content\/uploads\/usu2159\/2021\/09\/1.jpg 1024w\" sizes=\"auto, (max-width: 300px) 100vw, 300px\" \/><\/a><\/p>\n","protected":false},"excerpt":{"rendered":"<p><a href=\"https:\/\/agora.xtec.cat\/ecaalfarras\/wp-content\/uploads\/usu2159\/2021\/09\/2.png\"><\/a><br \/>\n&nbsp;<br \/>\nL\u2019Escola Agr\u00e0ria d\u2019Alfarr\u00e0s porta m\u00e9s de 30 anys organitzant projectes d\u2019internacionalitzaci\u00f3, tot i que el format, grups d\u2019alumnes i objectius, han anat canviant amb els anys.<br \/>\nA la nostra escola hem aconseguit i mantingut bons contactes amb centres d\u2019It\u00e0lia, Finl\u00e0ndia i Su\u00e8cia.<br \/>\nEn aquests m\u00e9s de&hellip;  <a href=\"https:\/\/agora.xtec.cat\/ecaalfarras\/lescola-agraria\/internacionalitzacio-erasmus\/\" title=\"Read Internacionalitzaci\u00f3\/ Erasmus\">Llegeix m\u00e9s\u00bb<\/a><\/p>\n","protected":false},"author":1,"featured_media":0,"parent":715,"menu_order":0,"comment_status":"closed","ping_status":"closed","template":"page-templates\/side-menu.php","meta":{"_bbp_topic_count":0,"_bbp_reply_count":0,"_bbp_total_topic_count":0,"_bbp_total_reply_count":0,"_bbp_voice_count":0,"_bbp_anonymous_reply_count":0,"_bbp_topic_count_hidden":0,"_bbp_reply_count_hidden":0,"_bbp_forum_subforum_count":0,"footnotes":""},"class_list":["post-2224","page","type-page","status-publish","hentry"],"post_mailing_queue_ids":[],"_links":{"self":[{"href":"https:\/\/agora.xtec.cat\/ecaalfarras\/wp-json\/wp\/v2\/pages\/2224","targetHints":{"allow":["GET"]}}],"collection":[{"href":"https:\/\/agora.xtec.cat\/ecaalfarras\/wp-json\/wp\/v2\/pages"}],"about":[{"href":"https:\/\/agora.xtec.cat\/ecaalfarras\/wp-json\/wp\/v2\/types\/page"}],"author":[{"embeddable":true,"href":"https:\/\/agora.xtec.cat\/ecaalfarras\/wp-json\/wp\/v2\/users\/1"}],"replies":[{"embeddable":true,"href":"https:\/\/agora.xtec.cat\/ecaalfarras\/wp-json\/wp\/v2\/comments?post=2224"}],"version-history":[{"count":4,"href":"https:\/\/agora.xtec.cat\/ecaalfarras\/wp-json\/wp\/v2\/pages\/2224\/revisions"}],"predecessor-version":[{"id":2574,"href":"https:\/\/agora.xtec.cat\/ecaalfarras\/wp-json\/wp\/v2\/pages\/2224\/revisions\/2574"}],"up":[{"embeddable":true,"href":"https:\/\/agora.xtec.cat\/ecaalfarras\/wp-json\/wp\/v2\/pages\/715"}],"wp:attachment":[{"href":"https:\/\/agora.xtec.cat\/ecaalfarras\/wp-json\/wp\/v2\/media?parent=2224"}],"curies":[{"name":"wp","href":"https:\/\/api.w.org\/{rel}","templated":true}]}}

Internacionalització/ Erasmus

<p><a href="https://agora.xtec.cat/ecaalfarras/wp-content/uploads/usu2159/2021/09/2.png"><img loading="lazy" decoding="async" class="size-medium wp-image-2240 alignright" src="https://agora.xtec.cat/ecaalfarras/wp-content/uploads/usu2159/2021/09/2-300x122.png" alt="" width="300" height="122" srcset="https://agora.xtec.cat/ecaalfarras/wp-content/uploads/usu2159/2021/09/2-300x122.png 300w, https://agora.xtec.cat/ecaalfarras/wp-content/uploads/usu2159/2021/09/2.png 353w" sizes="auto, (max-width: 300px) 100vw, 300px" /></a></p>
<p>&nbsp;</p>
<p><strong>L’Escola Agrària d’Alfarràs porta més de 30 anys organitzant projectes d’internacionalització,</strong> tot i que el format, grups d’alumnes i objectius, han anat canviant amb els anys.</p>
<p>A la nostra escola hem aconseguit i mantingut bons contactes amb centres d’Itàlia, Finlàndia i Suècia.</p>
<p>En aquests més de 30 anys, els nostres alumnes han vist nous horitzons, altres maneres de treballar la terra i, sobretot, altres filosofies d’entendre la vida, la qual cosa els ha sorprès i ha ajudat a formar-se com a tècnics i com a persones.</p>
<p>La cultura d’un país s’observa al carrer i es palpa veient el dia a dia, i aquesta és la immersió cultural que han fet tots i cada un dels nostres alumnes quan han estat a l’estranger.</p>
<p>La nostra escola està molt orgullosa d’obrir aquesta finestra al món dels nostres alumnes perquè puguin millorar ells i el seu entorn.</p>
<p><strong>Documents Estratègics:</strong></p>
<ol>
<li><a href="https://agora.xtec.cat/ecaalfarras/wp-content/uploads/usu2159/2021/09/Oferta-formativa-catala.pdf">Oferta formativa (català)</a></li>
<li><a href="https://agora.xtec.cat/ecaalfarras/wp-content/uploads/usu2159/2021/09/Oferta-formativa-English.pdf">Oferta formativa (English)</a></li>
<li><a href="https://agora.xtec.cat/ecaalfarras/wp-content/uploads/usu2159/2021/09/Policy-statement.pdf">Policy statement</a></li>
<li><a href="https://agora.xtec.cat/ecaalfarras/wp-content/uploads/usu2159/2021/09/Document-difusio-internacionalitzacio-B.pdf">Document difusió internacionalització </a></li>
<li><a href="https://agora.xtec.cat/ecaalfarras/wp-content/uploads/usu2159/2023/05/Criteris-alumnat-FCT-extranger-1.pdf">Criteris-alumnat-FCT-extranger (1)</a></li>
<li><a href="https://agora.xtec.cat/ecaalfarras/wp-content/uploads/usu2159/2021/11/Certificate-Award-Letter-October-2021.pdf">Certificate Award Letter October 2021</a></li>
</ol>
<p>&nbsp;</p>
<p><a href="https://agora.xtec.cat/ecaalfarras/wp-content/uploads/usu2159/2021/09/1.jpg"><img loading="lazy" decoding="async" class="aligncenter size-medium wp-image-2239" src="https://agora.xtec.cat/ecaalfarras/wp-content/uploads/usu2159/2021/09/1-300x176.jpg" alt="" width="300" height="176" srcset="https://agora.xtec.cat/ecaalfarras/wp-content/uploads/usu2159/2021/09/1-300x176.jpg 300w, https://agora.xtec.cat/ecaalfarras/wp-content/uploads/usu2159/2021/09/1-768x450.jpg 768w, https://agora.xtec.cat/ecaalfarras/wp-content/uploads/usu2159/2021/09/1.jpg 1024w" sizes="auto, (max-width: 300px) 100vw, 300px" /></a></p>

<p><a href="https://agora.xtec.cat/ecaalfarras/wp-content/uploads/usu2159/2021/09/2.png"></a><br />
&nbsp;<br />
L’Escola Agrària d’Alfarràs porta més de 30 anys organitzant projectes d’internacionalització, tot i que el format, grups d’alumnes i objectius, han anat canviant amb els anys.<br />
A la nostra escola hem aconseguit i mantingut bons contactes amb centres d’Itàlia, Finlàndia i Suècia.<br />
En aquests més de&hellip;  <a href="https://agora.xtec.cat/ecaalfarras/lescola-agraria/internacionalitzacio-erasmus/" title="Read Internacionalització/ Erasmus">Llegeix més»</a></p>
