{"id":2181,"date":"2021-07-13T15:54:52","date_gmt":"2021-07-13T13:54:52","guid":{"rendered":"https:\/\/agora.xtec.cat\/ecaalfarras\/?page_id=2181"},"modified":"2026-01-19T12:16:08","modified_gmt":"2026-01-19T11:16:08","slug":"iso-medi-ambient-14000","status":"publish","type":"page","link":"https:\/\/agora.xtec.cat\/ecaalfarras\/iso-medi-ambient-14000\/","title":{"rendered":"Gesti\u00f3 Ambiental i  Projecte de Sostenibilitat"},"content":{"rendered":"<h5><span style=\"color: #008000;\"><strong><u>Certificaci\u00f3 ISO 14000:2015\u00a0<\/u><\/strong><\/span><\/h5>\n<p><em>Juliol 2021<\/em><\/p>\n<p><strong>L&#8217;Escola Agr\u00e0ria d&#8217;Alfarr\u00e0s, la primera catalana a aconseguir la certificaci\u00f3 ISO 14001:2015 de gesti\u00f3 mediambiental<\/strong><\/p>\n<table width=\"100%\">\n<tbody>\n<tr>\n<td width=\"100%\">\n<ul>\n<li><strong>\u00c9s la primera Escola Agr\u00e0ria i el sis\u00e8 centre educatiu de tot Catalunya a obtenir l\u2019esmentada certificaci\u00f3<\/strong><\/li>\n<li><strong>La sostenibilitat \u00e9s una l\u00ednia estrat\u00e8gica cabdal pel Servei de Formaci\u00f3 Agr\u00e0ria, la unitat del Departament d\u2019Acci\u00f3 Clim\u00e0tica, Alimentaci\u00f3 i Agenda Rural que s\u2019encarrega de gestionar la xarxa d\u2019Escoles Agr\u00e0ries<\/strong><\/li>\n<\/ul>\n<\/td>\n<\/tr>\n<\/tbody>\n<\/table>\n<p>&nbsp;<\/p>\n<p>L\u2019Escola Agr\u00e0ria d\u2019Alfarr\u00e0s, un centre formatiu p\u00fablic del Servei de Formaci\u00f3 Agr\u00e0ria (SFA) del Departament d\u2019Acci\u00f3 Clim\u00e0tica, Alimentaci\u00f3 i Agenda Rural de la Generalitat de Catalunya, \u00e9s la primera Escola Agr\u00e0ria catalana a aconseguir la certificaci\u00f3 ISO 14001:2015 de gesti\u00f3 mediambiental, aix\u00ed com el sis\u00e8 centre educatiu de tot Catalunya que compta amb aquesta distinci\u00f3, que t\u00e9 com a objectiu promoure la protecci\u00f3 ambiental i evitar la contaminaci\u00f3 del planeta.<\/p>\n<p>A m\u00e9s a m\u00e9s, cal destacar que l\u2019Escola Agr\u00e0ria d\u2019Alfarr\u00e0s est\u00e0 certificada amb la ISO9001:2015 de gesti\u00f3 de qualitat, treballa en xarxa amb la resta d\u2019Escoles Agr\u00e0ries del SFA, i tamb\u00e9 amb el Departament d\u2019Educaci\u00f3 en el\u00a0<a href=\"https:\/\/eur03.safelinks.protection.outlook.com\/?url=https%3A%2F%2Fprojectes.xtec.cat%2Fqualitatfp%2Fpla-pqimc%2F&amp;data=04%7C01%7Crosa.cortes%40gencat.cat%7C635a6507e2a140b7ca2108d945dbd6bc%7C3b9427dcd30e43bc8c06ff7253676fec%7C1%7C0%7C637617632774469690%7CUnknown%7CTWFpbGZsb3d8eyJWIjoiMC4wLjAwMDAiLCJQIjoiV2luMzIiLCJBTiI6Ik1haWwiLCJXVCI6Mn0%3D%7C1000&amp;sdata=9NFv1s%2B0yDCBnYAnh5LAefGDY9%2BcBqli%2B60TeeAfpdA%3D&amp;reserved=0\" data-saferedirecturl=\"https:\/\/www.google.com\/url?q=https:\/\/eur03.safelinks.protection.outlook.com\/?url%3Dhttps%253A%252F%252Fprojectes.xtec.cat%252Fqualitatfp%252Fpla-pqimc%252F%26data%3D04%257C01%257Crosa.cortes%2540gencat.cat%257C635a6507e2a140b7ca2108d945dbd6bc%257C3b9427dcd30e43bc8c06ff7253676fec%257C1%257C0%257C637617632774469690%257CUnknown%257CTWFpbGZsb3d8eyJWIjoiMC4wLjAwMDAiLCJQIjoiV2luMzIiLCJBTiI6Ik1haWwiLCJXVCI6Mn0%253D%257C1000%26sdata%3D9NFv1s%252B0yDCBnYAnh5LAefGDY9%252BcBqli%252B60TeeAfpdA%253D%26reserved%3D0&amp;source=gmail&amp;ust=1626263512432000&amp;usg=AFQjCNEdK6A69_3QR21pxnv_oLrz1T0Pow\">Projecte de Qualitat i Millora Cont\u00ednua (PQiMC)<\/a>, enfocat a desenvolupar un sistema de gesti\u00f3 de qualitat basat en la millora cont\u00ednua per tal d\u2019assolir, de manera sostenible, resultats educatius excel\u00b7lents.<\/p>\n<p>L\u2019Escola Agr\u00e0ria d\u2019Alfarr\u00e0s t\u00e9 un ferm comprom\u00eds amb la sostenibilitat, qualitat, seguretat, salut, i protecci\u00f3 del medi ambient. Segons la directora del centre, Rosa Cort\u00e9s, des de fa molt temps la gesti\u00f3 ambiental i sostenible forma part de l\u2019ADN de l\u2019Escola Agr\u00e0ria d\u2019Alfarr\u00e0s. \u201cJa fa m\u00e9s de 10 anys que formem l\u2019alumnat en producci\u00f3 agroecol\u00f2gica, i fa 3 anys que hem fet la conversi\u00f3 a ecol\u00f2gic de la part de l\u2019explotaci\u00f3 de l\u2019escola que quedava pendent. Aquest canvi curricular i procedimental ens ha menat, a poc a poc, cap a una manera de fer i de concebre la nostra feina que encaixa perfectament amb el respecte pel medi ambient i la sostenibilitat\u201d, afirma.<\/p>\n<p>Les principals accions que s\u2019han dut a terme en el marc de l\u2019obtenci\u00f3 de la ISO 14001:2015 se centren en la vigil\u00e0ncia i la reducci\u00f3 dels consums a tots els nivells, la correcta gesti\u00f3 dels residus, l\u2019adequaci\u00f3 i la millora de les instal\u00b7lacions, i, sobretot i fonamentalment, la formaci\u00f3, la informaci\u00f3, i la conscienciaci\u00f3 de tota la comunitat educativa de l\u2019Escola Agr\u00e0ria d\u2019Alfarr\u00e0s.<\/p>\n<p>El centre ha anat fent petits passos al llarg d\u2019aquests \u00faltims anys per a obtenir la certificaci\u00f3: \u201cNo ens hem plantejat mai aquest projecte com una cursa. M\u00e9s que una distinci\u00f3, representa una gran satisfacci\u00f3 perqu\u00e8 ara podem veure el progr\u00e9s i la feina feta per tot un equip\u201d, valora Rosa Cort\u00e9s.<\/p>\n<p>L\u2019Escola Agr\u00e0ria d\u2019Alfarr\u00e0s ja t\u00e9 en ment algunes de les accions que duran a terme en mat\u00e8ria de gesti\u00f3 ambiental: organitzaci\u00f3 de jornades de divulgaci\u00f3 dirigides a l\u2019alumnat i\/o altres persones interessades en q\u00fcestions ambientals, reducci\u00f3 del consum d\u2019energia el\u00e8ctrica, estalvi d\u2019aigua de reg, i millora de l\u2019emmagatzematge dels residus.<\/p>\n<p><strong>La sostenibilitat, un pilar fonamental<\/strong><\/p>\n<p>La sostenibilitat \u00e9s una l\u00ednia estrat\u00e8gica cabdal per al Servei de Formaci\u00f3 Agr\u00e0ria. Aix\u00ed ho explica Joan Minguet, cap del Servei de Formaci\u00f3 Agr\u00e0ria: \u201cEstem compromesos amb l\u2019Agenda 2030 i els Objectius de Desenvolupament Sostenible (ODS) de les Nacions Unides. Conscients dels reptes que representen per a la societat, estem conven\u00e7uts que la sostenibilitat \u00e9s un pilar essencial per a superar-los. Des del SFA hi estem plenament enfocats amb l\u2019objectiu de sensibilitzar el professorat, alumnat, personal de neteja, cuina, menjador, i a la resta de personal en les nostres l\u00ednies d\u2019actuaci\u00f3. Volem anar tots a una per a fer front a una de les majors problem\u00e0tiques del segle XXI: l\u2019emerg\u00e8ncia clim\u00e0tica\u201d.<\/p>\n<p>Tant \u00e9s aix\u00ed, que recentment el SFA ha creat la Guia de Sostenibilitat del Servei de Formaci\u00f3 Agr\u00e0ria 2021, un full de ruta que estableix 10 \u00e0rees on fer front a l\u2019emerg\u00e8ncia clim\u00e0tica i als reptes de sostenibilitat de la societat, aix\u00ed com un seguit de bones pr\u00e0ctiques dirigides a les Escoles Agr\u00e0ries sobre els seg\u00fcents \u00e0mbits: aigua, alimentaci\u00f3, contractaci\u00f3, energia, formaci\u00f3, mobilitat, neteja i reparacions, paper, residus, i benestar.<\/p>\n<p><strong>Servei de Formaci\u00f3 Agr\u00e0ria<\/strong><\/p>\n<p>El Servei de Formaci\u00f3 Agr\u00e0ria del Departament d\u2019Acci\u00f3 Clim\u00e0tica, Alimentaci\u00f3 i Agenda Rural de la Generalitat de Catalunya est\u00e0 format per catorze Escoles Agr\u00e0ries distribu\u00efdes arreu del territori catal\u00e0. La seva principal missi\u00f3 \u00e9s professionalitzar el sector agroalimentari, mitjan\u00e7ant la millora de la qualificaci\u00f3 dels seus professionals.<\/p>\n<p>Ofereix una \u00e0mplia oferta de cicles, cursos, i jornades en la modalitat presencial, semi presencial, i a dist\u00e0ncia, adaptats a les necessitats del sector agropecuari, forestal, i alimentari. S\u2019encarrega d\u2019executar, seguir, i avaluar els plans i els programes de capacitaci\u00f3 professional agr\u00e0ria del Departament en diversos \u00e0mbits: la formaci\u00f3 inicial mitjan\u00e7ant cicles formatius de grau mitj\u00e0 i grau superior; la formaci\u00f3 cont\u00ednua dels professionals del m\u00f3n agropecuari, forestal, i alimentari; i la incorporaci\u00f3 de joves a l\u2019empresa agr\u00e0ria. Coordina i gestiona el Campus Empresarial Agrari, un espai que ofereix formaci\u00f3 en gesti\u00f3 empresarial a les empreses i professionals del sector.<\/p>\n<p>&nbsp;<\/p>\n","protected":false},"excerpt":{"rendered":"<p>Certificaci\u00f3 ISO 14000:2015\u00a0<br \/>\nJuliol 2021<br \/>\nL&#8217;Escola Agr\u00e0ria d&#8217;Alfarr\u00e0s, la primera catalana a aconseguir la certificaci\u00f3 ISO 14001:2015 de gesti\u00f3 mediambiental<\/p>\n<ul>\n<li>\u00c9s la primera Escola Agr\u00e0ria i el sis\u00e8 centre educatiu de tot Catalunya a obtenir l\u2019esmentada certificaci\u00f3<\/li>\n<li>La sostenibilitat \u00e9s una l\u00ednia estrat\u00e8gica cabdal pel Servei de Formaci\u00f3 Agr\u00e0ria,&hellip;  <a href=\"https:\/\/agora.xtec.cat\/ecaalfarras\/iso-medi-ambient-14000\/\" title=\"Read Gesti\u00f3 Ambiental i  Projecte de Sostenibilitat\">Llegeix m\u00e9s\u00bb<\/a><br \/>\n","protected":false},"author":1,"featured_media":0,"parent":0,"menu_order":0,"comment_status":"closed","ping_status":"closed","template":"","meta":{"_bbp_topic_count":0,"_bbp_reply_count":0,"_bbp_total_topic_count":0,"_bbp_total_reply_count":0,"_bbp_voice_count":0,"_bbp_anonymous_reply_count":0,"_bbp_topic_count_hidden":0,"_bbp_reply_count_hidden":0,"_bbp_forum_subforum_count":0,"footnotes":""},"class_list":["post-2181","page","type-page","status-publish","hentry"],"post_mailing_queue_ids":[],"_links":{"self":[{"href":"https:\/\/agora.xtec.cat\/ecaalfarras\/wp-json\/wp\/v2\/pages\/2181","targetHints":{"allow":["GET"]}}],"collection":[{"href":"https:\/\/agora.xtec.cat\/ecaalfarras\/wp-json\/wp\/v2\/pages"}],"about":[{"href":"https:\/\/agora.xtec.cat\/ecaalfarras\/wp-json\/wp\/v2\/types\/page"}],"author":[{"embeddable":true,"href":"https:\/\/agora.xtec.cat\/ecaalfarras\/wp-json\/wp\/v2\/users\/1"}],"replies":[{"embeddable":true,"href":"https:\/\/agora.xtec.cat\/ecaalfarras\/wp-json\/wp\/v2\/comments?post=2181"}],"version-history":[{"count":4,"href":"https:\/\/agora.xtec.cat\/ecaalfarras\/wp-json\/wp\/v2\/pages\/2181\/revisions"}],"predecessor-version":[{"id":2635,"href":"https:\/\/agora.xtec.cat\/ecaalfarras\/wp-json\/wp\/v2\/pages\/2181\/revisions\/2635"}],"wp:attachment":[{"href":"https:\/\/agora.xtec.cat\/ecaalfarras\/wp-json\/wp\/v2\/media?parent=2181"}],"curies":[{"name":"wp","href":"https:\/\/api.w.org\/{rel}","templated":true}]}}