{"id":2102,"date":"2021-07-03T18:15:48","date_gmt":"2021-07-03T16:15:48","guid":{"rendered":"https:\/\/agora.xtec.cat\/ecaalfarras\/?page_id=2102"},"modified":"2025-12-22T21:20:22","modified_gmt":"2025-12-22T20:20:22","slug":"cursos","status":"publish","type":"page","link":"https:\/\/agora.xtec.cat\/ecaalfarras\/cursos-i-jornades-20-21\/cursos\/","title":{"rendered":"Cursos de Formaci\u00f3 Cont\u00ednua"},"content":{"rendered":"<p>&nbsp;<\/p>\n<p style=\"font-family: 'Open Sans', Arial, Helvetica, sans-serif; font-size: 16px; color: #444444;\">A l\u2019Escola Agr\u00e0ria d\u2019Alfarr\u00e0s oferim cursos de formaci\u00f3 durant tot l\u2019any:<\/p>\n<h4><\/h4>\n<h4 style=\"color: #087eb6; font-family: 'Open Sans', sans-serif; font-weight: 400; line-height: 1.4; font-size: 1.25em; text-align: center;\"><span style=\"color: #3366ff;\"><strong><em><a style=\"color: #3366ff; background: transparent; font-weight: 400;\" href=\"https:\/\/forms.gle\/A18gWkfcjk3NcaTi8\">Si vols que contactem amb tu, per <\/a><\/em><\/strong><span style=\"text-decoration: underline;\"><em><a style=\"color: #3366ff; background: transparent; font-weight: 400; text-decoration: underline;\" href=\"https:\/\/forms.gle\/A18gWkfcjk3NcaTi8\">rebre informaci\u00f3 d\u2019algun curs\u00a0<\/a><\/em><em><a style=\"color: #3366ff; background: transparent; font-weight: 400; text-decoration: underline;\" href=\"https:\/\/forms.gle\/A18gWkfcjk3NcaTi8\"><span style=\"color: #0000ff; text-decoration: underline;\">clica aqu\u00ed<\/span><\/a><\/em><\/span><\/span><\/h4>\n<h5><\/h5>\n<h4><\/h4>\n<h4><em>Nous cursos programats pel 2026!<\/em><\/h4>\n<p>&nbsp;<\/p>\n<h4><u>CURSOS DE FORMACI\u00d3 CONT\u00cdNUA 2026<\/u><\/h4>\n<p>&nbsp;<\/p>\n<table style=\"width: 88.2776%;\" width=\"970\">\n<tbody>\n<tr>\n<td style=\"width: 75.0126%; text-align: center;\">\n<h5><em><strong>T\u00edtol Curs<\/strong><\/em><\/h5>\n<\/td>\n<td style=\"width: 29.7661%; text-align: center;\">\n<h5><em><strong>Ubicaci\u00f3\u00a0<\/strong><\/em><\/h5>\n<\/td>\n<\/tr>\n<tr>\n<td style=\"width: 75.0126%;\" width=\"427\">Aplicacions avan\u00e7ades per al c\u00e0lcul en les explotacions agr\u00e0ries II<\/td>\n<td style=\"width: 29.7661%;\" width=\"95\">Alcarr\u00e0s<\/td>\n<\/tr>\n<tr>\n<td style=\"width: 75.0126%;\">B\u00e0sic d&#8217;aplicador de fertilitzants<\/td>\n<td style=\"width: 29.7661%;\">Alcarr\u00e0s<\/td>\n<\/tr>\n<tr>\n<td style=\"width: 75.0126%;\">B\u00e0sic de producci\u00f3 agr\u00e0ria ecol\u00f2gica<\/td>\n<td style=\"width: 29.7661%;\">Alfarr\u00e0s<\/td>\n<\/tr>\n<tr>\n<td style=\"width: 75.0126%;\">Benestar animal en explotacions porcines<\/td>\n<td style=\"width: 29.7661%;\">Alcarr\u00e0s<\/td>\n<\/tr>\n<tr>\n<td style=\"width: 75.0126%;\">Benestar animal en explotacions porcines<\/td>\n<td style=\"width: 29.7661%;\">Almacelles<\/td>\n<\/tr>\n<tr>\n<td style=\"width: 75.0126%;\">Control d\u2019stemphyllium en pereres sensibles en la perspectiva de regeneraci\u00f3 microbiol\u00f2gica de la finca<\/td>\n<td style=\"width: 29.7661%;\">Alfarr\u00e0s<\/td>\n<\/tr>\n<tr>\n<td style=\"width: 75.0126%;\">Eines pr\u00e0ctiques pel teu negoci<\/td>\n<td style=\"width: 29.7661%;\">Alcarr\u00e0s<\/td>\n<\/tr>\n<tr>\n<td style=\"width: 75.0126%;\">Gesti\u00f3 ambiental i lluita contra el canvi clim\u00e0tic en granges porcines<\/td>\n<td style=\"width: 29.7661%;\">Alcarr\u00e0s<\/td>\n<\/tr>\n<tr>\n<td style=\"width: 75.0126%;\">Manipulador i aplicador de productes biocides d\u2019us ramader<\/td>\n<td style=\"width: 29.7661%;\">Alcarr\u00e0s<\/td>\n<\/tr>\n<tr>\n<td style=\"width: 75.0126%;\">Nivell b\u00e0sic de manipulador i aplicador de productes fitosanitaris<\/td>\n<td style=\"width: 29.7661%;\">Alcarr\u00e0s<\/td>\n<\/tr>\n<tr>\n<td style=\"width: 75.0126%;\">Nivell fumigador<\/td>\n<td style=\"width: 29.7661%;\">Alfarr\u00e0s<\/td>\n<\/tr>\n<tr>\n<td style=\"width: 75.0126%;\">Personal que treballa en granges bovines<\/td>\n<td style=\"width: 29.7661%;\">Sucs<\/td>\n<\/tr>\n<tr>\n<td style=\"width: 75.0126%;\">Personal que treballa en granges porcines<\/td>\n<td style=\"width: 29.7661%;\">Alcarr\u00e0s<\/td>\n<\/tr>\n<tr>\n<td style=\"width: 75.0126%;\">Producci\u00f3 fruct\u00edcola<\/td>\n<td style=\"width: 29.7661%;\">Alcarr\u00e0s<\/td>\n<\/tr>\n<tr>\n<td style=\"width: 75.0126%;\">Qualificaci\u00f3 per executar accions de control poblacional d&#8217;esp\u00e8cies cineg\u00e8tiques<\/td>\n<td style=\"width: 29.7661%;\">Alfarr\u00e0s<\/td>\n<\/tr>\n<tr>\n<td style=\"width: 75.0126%;\">Regeneraci\u00f3 de s\u00f2ls a partir de la microbiologia<\/td>\n<td style=\"width: 29.7661%;\">Alfarr\u00e0s<\/td>\n<\/tr>\n<tr>\n<td style=\"width: 75.0126%;\">Soldadura d\u2019el\u00e8ctrode: manteniment d\u2019instal\u00b7lacions<\/td>\n<td style=\"width: 29.7661%;\">Alfarr\u00e0s<\/td>\n<\/tr>\n<\/tbody>\n<\/table>\n<p>&nbsp;<\/p>\n<p>&nbsp;<\/p>\n","protected":false},"excerpt":{"rendered":"<p>&nbsp;<br \/>\nA l\u2019Escola Agr\u00e0ria d\u2019Alfarr\u00e0s oferim cursos de formaci\u00f3 durant tot l\u2019any:<\/p>\n<p><a style=\"color: #3366ff; background: transparent; font-weight: 400;\" href=\"https:\/\/forms.gle\/A18gWkfcjk3NcaTi8\">Si vols que contactem amb tu, per <\/a><a style=\"color: #3366ff; background: transparent; font-weight: 400; text-decoration: underline;\" href=\"https:\/\/forms.gle\/A18gWkfcjk3NcaTi8\">rebre informaci\u00f3 d\u2019algun curs\u00a0<\/a><a style=\"color: #3366ff; background: transparent; font-weight: 400; text-decoration: underline;\"&hellip;  <a href=\"https:\/\/agora.xtec.cat\/ecaalfarras\/cursos-i-jornades-20-21\/cursos\/\" title=\"Read Cursos de Formaci\u00f3 Cont\u00ednua\">Llegeix m\u00e9s\u00bb<\/a><\/p>\n","protected":false},"author":1,"featured_media":0,"parent":971,"menu_order":0,"comment_status":"closed","ping_status":"closed","template":"page-templates\/side-menu.php","meta":{"_bbp_topic_count":0,"_bbp_reply_count":0,"_bbp_total_topic_count":0,"_bbp_total_reply_count":0,"_bbp_voice_count":0,"_bbp_anonymous_reply_count":0,"_bbp_topic_count_hidden":0,"_bbp_reply_count_hidden":0,"_bbp_forum_subforum_count":0,"footnotes":""},"class_list":["post-2102","page","type-page","status-publish","hentry"],"post_mailing_queue_ids":[],"_links":{"self":[{"href":"https:\/\/agora.xtec.cat\/ecaalfarras\/wp-json\/wp\/v2\/pages\/2102","targetHints":{"allow":["GET"]}}],"collection":[{"href":"https:\/\/agora.xtec.cat\/ecaalfarras\/wp-json\/wp\/v2\/pages"}],"about":[{"href":"https:\/\/agora.xtec.cat\/ecaalfarras\/wp-json\/wp\/v2\/types\/page"}],"author":[{"embeddable":true,"href":"https:\/\/agora.xtec.cat\/ecaalfarras\/wp-json\/wp\/v2\/users\/1"}],"replies":[{"embeddable":true,"href":"https:\/\/agora.xtec.cat\/ecaalfarras\/wp-json\/wp\/v2\/comments?post=2102"}],"version-history":[{"count":7,"href":"https:\/\/agora.xtec.cat\/ecaalfarras\/wp-json\/wp\/v2\/pages\/2102\/revisions"}],"predecessor-version":[{"id":2947,"href":"https:\/\/agora.xtec.cat\/ecaalfarras\/wp-json\/wp\/v2\/pages\/2102\/revisions\/2947"}],"up":[{"embeddable":true,"href":"https:\/\/agora.xtec.cat\/ecaalfarras\/wp-json\/wp\/v2\/pages\/971"}],"wp:attachment":[{"href":"https:\/\/agora.xtec.cat\/ecaalfarras\/wp-json\/wp\/v2\/media?parent=2102"}],"curies":[{"name":"wp","href":"https:\/\/api.w.org\/{rel}","templated":true}]}}

Cursos de Formació Contínua

<p>&nbsp;</p>
<p style="font-family: 'Open Sans', Arial, Helvetica, sans-serif; font-size: 16px; color: #444444;">A l’Escola Agrària d’Alfarràs oferim cursos de formació durant tot l’any:</p>
<h4></h4>
<h4 style="color: #087eb6; font-family: 'Open Sans', sans-serif; font-weight: 400; line-height: 1.4; font-size: 1.25em; text-align: center;"><span style="color: #3366ff;"><strong><em><a style="color: #3366ff; background: transparent; font-weight: 400;" href="https://forms.gle/A18gWkfcjk3NcaTi8">Si vols que contactem amb tu, per </a></em></strong><span style="text-decoration: underline;"><em><a style="color: #3366ff; background: transparent; font-weight: 400; text-decoration: underline;" href="https://forms.gle/A18gWkfcjk3NcaTi8">rebre informació d’algun curs </a></em><em><a style="color: #3366ff; background: transparent; font-weight: 400; text-decoration: underline;" href="https://forms.gle/A18gWkfcjk3NcaTi8"><span style="color: #0000ff; text-decoration: underline;">clica aquí</span></a></em></span></span></h4>
<h5></h5>
<h4></h4>
<h4><em>Nous cursos programats pel 2026!</em></h4>
<p>&nbsp;</p>
<h4><u>CURSOS DE FORMACIÓ CONTÍNUA 2026</u></h4>
<p>&nbsp;</p>
<table style="width: 88.2776%;" width="970">
<tbody>
<tr>
<td style="width: 75.0126%; text-align: center;">
<h5><em><strong>Títol Curs</strong></em></h5>
</td>
<td style="width: 29.7661%; text-align: center;">
<h5><em><strong>Ubicació </strong></em></h5>
</td>
</tr>
<tr>
<td style="width: 75.0126%;" width="427">Aplicacions avançades per al càlcul en les explotacions agràries II</td>
<td style="width: 29.7661%;" width="95">Alcarràs</td>
</tr>
<tr>
<td style="width: 75.0126%;">Bàsic d&#8217;aplicador de fertilitzants</td>
<td style="width: 29.7661%;">Alcarràs</td>
</tr>
<tr>
<td style="width: 75.0126%;">Bàsic de producció agrària ecològica</td>
<td style="width: 29.7661%;">Alfarràs</td>
</tr>
<tr>
<td style="width: 75.0126%;">Benestar animal en explotacions porcines</td>
<td style="width: 29.7661%;">Alcarràs</td>
</tr>
<tr>
<td style="width: 75.0126%;">Benestar animal en explotacions porcines</td>
<td style="width: 29.7661%;">Almacelles</td>
</tr>
<tr>
<td style="width: 75.0126%;">Control d’stemphyllium en pereres sensibles en la perspectiva de regeneració microbiològica de la finca</td>
<td style="width: 29.7661%;">Alfarràs</td>
</tr>
<tr>
<td style="width: 75.0126%;">Eines pràctiques pel teu negoci</td>
<td style="width: 29.7661%;">Alcarràs</td>
</tr>
<tr>
<td style="width: 75.0126%;">Gestió ambiental i lluita contra el canvi climàtic en granges porcines</td>
<td style="width: 29.7661%;">Alcarràs</td>
</tr>
<tr>
<td style="width: 75.0126%;">Manipulador i aplicador de productes biocides d’us ramader</td>
<td style="width: 29.7661%;">Alcarràs</td>
</tr>
<tr>
<td style="width: 75.0126%;">Nivell bàsic de manipulador i aplicador de productes fitosanitaris</td>
<td style="width: 29.7661%;">Alcarràs</td>
</tr>
<tr>
<td style="width: 75.0126%;">Nivell fumigador</td>
<td style="width: 29.7661%;">Alfarràs</td>
</tr>
<tr>
<td style="width: 75.0126%;">Personal que treballa en granges bovines</td>
<td style="width: 29.7661%;">Sucs</td>
</tr>
<tr>
<td style="width: 75.0126%;">Personal que treballa en granges porcines</td>
<td style="width: 29.7661%;">Alcarràs</td>
</tr>
<tr>
<td style="width: 75.0126%;">Producció fructícola</td>
<td style="width: 29.7661%;">Alcarràs</td>
</tr>
<tr>
<td style="width: 75.0126%;">Qualificació per executar accions de control poblacional d&#8217;espècies cinegètiques</td>
<td style="width: 29.7661%;">Alfarràs</td>
</tr>
<tr>
<td style="width: 75.0126%;">Regeneració de sòls a partir de la microbiologia</td>
<td style="width: 29.7661%;">Alfarràs</td>
</tr>
<tr>
<td style="width: 75.0126%;">Soldadura d’elèctrode: manteniment d’instal·lacions</td>
<td style="width: 29.7661%;">Alfarràs</td>
</tr>
</tbody>
</table>
<p>&nbsp;</p>
<p>&nbsp;</p>

<p>&nbsp;<br />
A l’Escola Agrària d’Alfarràs oferim cursos de formació durant tot l’any:</p>
<p><a style="color: #3366ff; background: transparent; font-weight: 400;" href="https://forms.gle/A18gWkfcjk3NcaTi8">Si vols que contactem amb tu, per </a><a style="color: #3366ff; background: transparent; font-weight: 400; text-decoration: underline;" href="https://forms.gle/A18gWkfcjk3NcaTi8">rebre informació d’algun curs </a><a style="color: #3366ff; background: transparent; font-weight: 400; text-decoration: underline;"&hellip;  <a href="https://agora.xtec.cat/ecaalfarras/cursos-i-jornades-20-21/cursos/" title="Read Cursos de Formació Contínua">Llegeix més»</a></p>
