{"id":2083,"date":"2021-07-03T14:29:19","date_gmt":"2021-07-03T12:29:19","guid":{"rendered":"https:\/\/agora.xtec.cat\/ecaalfarras\/?page_id=2083"},"modified":"2025-12-22T21:21:45","modified_gmt":"2025-12-22T20:21:45","slug":"pla-estrategic","status":"publish","type":"page","link":"https:\/\/agora.xtec.cat\/ecaalfarras\/lescola-agraria\/descobreix-lea\/pla-estrategic\/","title":{"rendered":"Pla Estrat\u00e8gic"},"content":{"rendered":"<p>&nbsp;<\/p>\n<p>En aquest apartat podeu veure la participaci\u00f3 en projectes estrat\u00e8gics de l&#8217;<span class=\"hiddenSpellError\">EA<\/span>\u00a0Alfarr\u00e0s que ha desenvolupat en la seva traject\u00f2ria com escola.<\/p>\n<p>Aquest Pla estrat\u00e8gic defineix la l\u00ednia de treball i les actuacions previstes per als propers 4 anys a l\u2019Escola Agr\u00e0ria d\u2019Alfarr\u00e0s. Aquest document \u00e9s el resum d\u2019un treball de reflexi\u00f3 i an\u00e0lisi per continuar la nostra tasca docent i de divulgaci\u00f3 t\u00e8cnica tenint com a referent i marc el nostre sector agroalimentari.<\/p>\n<p>Aquesta reflexi\u00f3 estrat\u00e8gica, m\u00e9s enll\u00e0 d\u2019una demanda normativa i administrativa \u00e9s un instrument necessari per dibuixar les l\u00ednies d\u2019actuaci\u00f3 a mitj\u00e0 i llarg termini i concretar i plasmar els objectius de l\u2019escola.<\/p>\n<p>El present Pla estrat\u00e8gic contempla la continuaci\u00f3 i revisi\u00f3 del primer Pla estrat\u00e8gic (2019-22) de l\u2019actual equip directiu. Inclou els 4 anys prescriptius, del 2023 al 2027 i abra\u00e7a aquests 5 cursos escolars: 2022-23, 2023-24, 2024-25, 2025-26 i 2026-27.<\/p>\n<p>En la redacci\u00f3 d\u2019aquest document s\u2019ha primat el fet de tenir en compte propostes i punts de vista diferents i d\u2019arribar a conclusions interessants per la comunitat educativa de l\u2019escola per\u00f2 tamb\u00e9 viables. En aquest sentit hem intentat:<\/p>\n<ul>\n<li>Analitzar a fons la nostra identitat.<\/li>\n<li>Determinar els objectius a mig i llarg termini.<\/li>\n<li>Avan\u00e7ar en els canvis estructurals i educatius iniciats.<\/li>\n<li>Escoltar els interessos i necessitats de la comunitat educativa i del sector.<\/li>\n<\/ul>\n<p>Per dissenyar aquest Pla estrat\u00e8gic hem seguit una metodologia i una temporitzaci\u00f3 tamb\u00e9 estrat\u00e8giques per tal d\u2019aprofitar al m\u00e0xim les aportacions primer de l\u2019equip directiu, despr\u00e9s del Claustre de professors i finalment del Consell escolar. Per treure el millor de cada part i generar un proc\u00e9s participatiu hem treballat en equip per aconseguir:<\/p>\n<ul>\n<li>Un projecte estrat\u00e8gic consensuat.<\/li>\n<li>Un projecte global que intenta atendre els grans eixos de l\u2019escola: Formaci\u00f3 Inicial, Formaci\u00f3 Cont\u00ednua, explotaci\u00f3, resid\u00e8ncia i persones.<\/li>\n<li>Un projecte aplicable i de f\u00e0cil seguiment.<\/li>\n<\/ul>\n<p>El mapa estrat\u00e8gic s\u2019ha elaborat i redactat i el resultat s\u00f3n els 3 grans objectius estrat\u00e8gics que a continuaci\u00f3 es presenten.<\/p>\n<p>Amb totes les dades mestres recopilades s\u2019ha fet una an\u00e0lisi, una valoraci\u00f3 i una redacci\u00f3 provisional que s\u2019ha presentat al Consell escolar per ser debatuda i finalment aprovada. Aquest document n\u2019\u00e9s el resultat.<\/p>\n<p>La nostra voluntat \u00e9s que aquest sigui no nom\u00e9s un enc\u00e0rrec de projecte sin\u00f3 tamb\u00e9 un instrument de gesti\u00f3 per a poder atendre els reptes organitzatius i futurs de la nostra escola.<\/p>\n<p>Un dels principals projectes de l&#8217;escola \u00e9s el sistema de gesti\u00f3 mediambiental i el seu comprom\u00eds amb la sostenibilitat, tot dins de les normes de qualitat i millora, m\u00e9s informaci\u00f3:<\/p>\n<ul>\n<li>\n<h4><a href=\"https:\/\/agora.xtec.cat\/ecaalfarras\/iso-medi-ambient-14000\/\">Gesti\u00f3 de medi ambient i projecte de sostenibilitat.<\/a><\/h4>\n<\/li>\n<\/ul>\n<div class=\"entry-content\">\n<h4 style=\"text-align: center;\"><\/h4>\n<\/div>\n<div class=\"entry-content\">\n<p>&nbsp;<\/p>\n<p>&nbsp;<\/p>\n<\/div>\n","protected":false},"excerpt":{"rendered":"<p>&nbsp;<br \/>\nEn aquest apartat podeu veure la participaci\u00f3 en projectes estrat\u00e8gics de l&#8217;EA\u00a0Alfarr\u00e0s que ha desenvolupat en la seva traject\u00f2ria com escola.<br \/>\nAquest Pla estrat\u00e8gic defineix la l\u00ednia de treball i les actuacions previstes per als propers 4 anys a l\u2019Escola Agr\u00e0ria d\u2019Alfarr\u00e0s. Aquest document \u00e9s el&hellip;  <a href=\"https:\/\/agora.xtec.cat\/ecaalfarras\/lescola-agraria\/descobreix-lea\/pla-estrategic\/\" title=\"Read Pla Estrat\u00e8gic\">Llegeix m\u00e9s\u00bb<\/a><\/p>\n","protected":false},"author":1,"featured_media":0,"parent":2077,"menu_order":0,"comment_status":"closed","ping_status":"closed","template":"page-templates\/side-menu.php","meta":{"_bbp_topic_count":0,"_bbp_reply_count":0,"_bbp_total_topic_count":0,"_bbp_total_reply_count":0,"_bbp_voice_count":0,"_bbp_anonymous_reply_count":0,"_bbp_topic_count_hidden":0,"_bbp_reply_count_hidden":0,"_bbp_forum_subforum_count":0,"footnotes":""},"class_list":["post-2083","page","type-page","status-publish","hentry"],"post_mailing_queue_ids":[],"_links":{"self":[{"href":"https:\/\/agora.xtec.cat\/ecaalfarras\/wp-json\/wp\/v2\/pages\/2083","targetHints":{"allow":["GET"]}}],"collection":[{"href":"https:\/\/agora.xtec.cat\/ecaalfarras\/wp-json\/wp\/v2\/pages"}],"about":[{"href":"https:\/\/agora.xtec.cat\/ecaalfarras\/wp-json\/wp\/v2\/types\/page"}],"author":[{"embeddable":true,"href":"https:\/\/agora.xtec.cat\/ecaalfarras\/wp-json\/wp\/v2\/users\/1"}],"replies":[{"embeddable":true,"href":"https:\/\/agora.xtec.cat\/ecaalfarras\/wp-json\/wp\/v2\/comments?post=2083"}],"version-history":[{"count":3,"href":"https:\/\/agora.xtec.cat\/ecaalfarras\/wp-json\/wp\/v2\/pages\/2083\/revisions"}],"predecessor-version":[{"id":2634,"href":"https:\/\/agora.xtec.cat\/ecaalfarras\/wp-json\/wp\/v2\/pages\/2083\/revisions\/2634"}],"up":[{"embeddable":true,"href":"https:\/\/agora.xtec.cat\/ecaalfarras\/wp-json\/wp\/v2\/pages\/2077"}],"wp:attachment":[{"href":"https:\/\/agora.xtec.cat\/ecaalfarras\/wp-json\/wp\/v2\/media?parent=2083"}],"curies":[{"name":"wp","href":"https:\/\/api.w.org\/{rel}","templated":true}]}}

Pla Estratègic

<p>&nbsp;</p>
<p>En aquest apartat podeu veure la participació en projectes estratègics de l&#8217;<span class="hiddenSpellError">EA</span> Alfarràs que ha desenvolupat en la seva trajectòria com escola.</p>
<p>Aquest Pla estratègic defineix la línia de treball i les actuacions previstes per als propers 4 anys a l’Escola Agrària d’Alfarràs. Aquest document és el resum d’un treball de reflexió i anàlisi per continuar la nostra tasca docent i de divulgació tècnica tenint com a referent i marc el nostre sector agroalimentari.</p>
<p>Aquesta reflexió estratègica, més enllà d’una demanda normativa i administrativa és un instrument necessari per dibuixar les línies d’actuació a mitjà i llarg termini i concretar i plasmar els objectius de l’escola.</p>
<p>El present Pla estratègic contempla la continuació i revisió del primer Pla estratègic (2019-22) de l’actual equip directiu. Inclou els 4 anys prescriptius, del 2023 al 2027 i abraça aquests 5 cursos escolars: 2022-23, 2023-24, 2024-25, 2025-26 i 2026-27.</p>
<p>En la redacció d’aquest document s’ha primat el fet de tenir en compte propostes i punts de vista diferents i d’arribar a conclusions interessants per la comunitat educativa de l’escola però també viables. En aquest sentit hem intentat:</p>
<ul>
<li>Analitzar a fons la nostra identitat.</li>
<li>Determinar els objectius a mig i llarg termini.</li>
<li>Avançar en els canvis estructurals i educatius iniciats.</li>
<li>Escoltar els interessos i necessitats de la comunitat educativa i del sector.</li>
</ul>
<p>Per dissenyar aquest Pla estratègic hem seguit una metodologia i una temporització també estratègiques per tal d’aprofitar al màxim les aportacions primer de l’equip directiu, després del Claustre de professors i finalment del Consell escolar. Per treure el millor de cada part i generar un procés participatiu hem treballat en equip per aconseguir:</p>
<ul>
<li>Un projecte estratègic consensuat.</li>
<li>Un projecte global que intenta atendre els grans eixos de l’escola: Formació Inicial, Formació Contínua, explotació, residència i persones.</li>
<li>Un projecte aplicable i de fàcil seguiment.</li>
</ul>
<p>El mapa estratègic s’ha elaborat i redactat i el resultat són els 3 grans objectius estratègics que a continuació es presenten.</p>
<p>Amb totes les dades mestres recopilades s’ha fet una anàlisi, una valoració i una redacció provisional que s’ha presentat al Consell escolar per ser debatuda i finalment aprovada. Aquest document n’és el resultat.</p>
<p>La nostra voluntat és que aquest sigui no només un encàrrec de projecte sinó també un instrument de gestió per a poder atendre els reptes organitzatius i futurs de la nostra escola.</p>
<p>Un dels principals projectes de l&#8217;escola és el sistema de gestió mediambiental i el seu compromís amb la sostenibilitat, tot dins de les normes de qualitat i millora, més informació:</p>
<ul>
<li>
<h4><a href="https://agora.xtec.cat/ecaalfarras/iso-medi-ambient-14000/">Gestió de medi ambient i projecte de sostenibilitat.</a></h4>
</li>
</ul>
<div class="entry-content">
<h4 style="text-align: center;"></h4>
</div>
<div class="entry-content">
<p>&nbsp;</p>
<p>&nbsp;</p>
</div>

<p>&nbsp;<br />
En aquest apartat podeu veure la participació en projectes estratègics de l&#8217;EA Alfarràs que ha desenvolupat en la seva trajectòria com escola.<br />
Aquest Pla estratègic defineix la línia de treball i les actuacions previstes per als propers 4 anys a l’Escola Agrària d’Alfarràs. Aquest document és el&hellip;  <a href="https://agora.xtec.cat/ecaalfarras/lescola-agraria/descobreix-lea/pla-estrategic/" title="Read Pla Estratègic">Llegeix més»</a></p>
