{"id":1844,"date":"2021-02-08T17:20:18","date_gmt":"2021-02-08T16:20:18","guid":{"rendered":"https:\/\/agora.xtec.cat\/ecaalfarras\/?page_id=1844"},"modified":"2021-02-08T17:42:38","modified_gmt":"2021-02-08T16:42:38","slug":"internacionalitzacio-de-lescola-agraria-dalfarras","status":"publish","type":"page","link":"https:\/\/agora.xtec.cat\/ecaalfarras\/activitats\/internacionalitzacio-de-lescola-agraria-dalfarras\/","title":{"rendered":"Internacionalitzaci\u00f3 de l\u2019Escola Agr\u00e0ria d\u2019Alfarr\u00e0s"},"content":{"rendered":"<p>&nbsp;<\/p>\n<p>L\u2019Escola Agr\u00e0ria d\u2019Alfarr\u00e0s porta m\u00e9s de 30 anys organitzant projectes d\u2019internacionalitzaci\u00f3, tot i que el format, grups d\u2019alumnes i objectius, han anat canviant.<\/p>\n<p>En un principi, quan existia l\u2019FP2, l\u2019escola organitzava sortides d\u2019uns dies d\u2019intercanvi a Fran\u00e7a o b\u00e9 es feien viatges de final de curs a diferents destinacions nacionals i internacionals. Aix\u00ed els alumnes van visitar pa\u00efsos com Alemanya, Estats Units, Holanda, It\u00e0lia, Israel i Pol\u00f2nia.<\/p>\n<p>Quan es va implantar la primera reforma educativa i es va comen\u00e7ar a fer cicles, la sortida internacional va passar a ser l\u2019opci\u00f3 de fer l\u2019FCT a l\u2019estranger. Els alumnes que volien i podien passar 30 dies fora ho feien en una empresa estrangera. I aix\u00ed vam comen\u00e7ar a utilitzar les beques Erasmus.\u00a0 Era m\u00e9s f\u00e0cil trobar una empresa estrangera per fer les pr\u00e0ctiques que no pas trobar un allotjament durant aquell per\u00edode, per la qual cosa ens feia falta una altra escola o centre\u00a0 col\u00b7laborador amb qui tenir reciprocitat en els serveis oferts i rebuts.<\/p>\n<p>I aix\u00ed, a la nostra Escola Agr\u00e0ria d\u2019Alfarr\u00e0s hem aconseguit i mantingut bons contactes amb centres d\u2019It\u00e0lia, Finl\u00e0ndia i Su\u00e8cia.<\/p>\n<p>Aix\u00ed doncs, en aquests m\u00e9s de 30 anyss els nostres alumnes han vist nous horitzons, altres maneres de treballar la terra i, sobretot, altres filosofies d\u2019entendre la vida, la qual cosa els ha sorpr\u00e8s i ha ajudat a formar-se com a t\u00e8cnics i com a persones.<\/p>\n<p>Els nostres alumnes sempre s\u2019han sentit m\u00e9s com a casa a pa\u00efsos com It\u00e0lia, pa\u00eds molt ric des del punt de vista agrari i amb una manera de fer creativa, lliure, tolerant per\u00f2 poc corporativa i amb una disciplina similar a la nostra.<\/p>\n<p>En canvi en els pa\u00efsos n\u00f2rdics se sentien m\u00e9s controlats per\u00f2 acabaven reconeixent i valorant molt la disciplina i la seva responsabilitat a l\u2019hora de treballar.<\/p>\n<p>La cultura d\u2019un pa\u00eds s\u2019observa al carrer i es palpa veient el dia a dia, i aquesta \u00e9s la immersi\u00f3 cultural que han fet tots i cada un dels nostres alumnes quan han estat a l\u2019estranger. La nostra escola est\u00e0 molt orgullosa d\u2019obrir aquesta finestra al m\u00f3n dels nostres alumnes perqu\u00e8 puguin millorar ells i el seu entorn.<\/p>\n<p><a href=\"https:\/\/agora.xtec.cat\/ecaalfarras\/wp-content\/uploads\/usu2159\/2021\/02\/Imagen1.jpg\"><img loading=\"lazy\" decoding=\"async\" class=\"aligncenter wp-image-1846 size-medium\" src=\"https:\/\/agora.xtec.cat\/ecaalfarras\/wp-content\/uploads\/usu2159\/2021\/02\/Imagen1-300x225.jpg\" alt=\"\" width=\"300\" height=\"225\" srcset=\"https:\/\/agora.xtec.cat\/ecaalfarras\/wp-content\/uploads\/usu2159\/2021\/02\/Imagen1-300x225.jpg 300w, https:\/\/agora.xtec.cat\/ecaalfarras\/wp-content\/uploads\/usu2159\/2021\/02\/Imagen1-768x576.jpg 768w, https:\/\/agora.xtec.cat\/ecaalfarras\/wp-content\/uploads\/usu2159\/2021\/02\/Imagen1-200x150.jpg 200w, https:\/\/agora.xtec.cat\/ecaalfarras\/wp-content\/uploads\/usu2159\/2021\/02\/Imagen1.jpg 930w\" sizes=\"auto, (max-width: 300px) 100vw, 300px\" \/><\/a><\/p>\n","protected":false},"excerpt":{"rendered":"<p>&nbsp;<br \/>\nL\u2019Escola Agr\u00e0ria d\u2019Alfarr\u00e0s porta m\u00e9s de 30 anys organitzant projectes d\u2019internacionalitzaci\u00f3, tot i que el format, grups d\u2019alumnes i objectius, han anat canviant.<br \/>\nEn un principi, quan existia l\u2019FP2, l\u2019escola organitzava sortides d\u2019uns dies d\u2019intercanvi a Fran\u00e7a o b\u00e9 es feien viatges de final de curs&hellip;  <a href=\"https:\/\/agora.xtec.cat\/ecaalfarras\/activitats\/internacionalitzacio-de-lescola-agraria-dalfarras\/\" title=\"Read Internacionalitzaci\u00f3 de l\u2019Escola Agr\u00e0ria d\u2019Alfarr\u00e0s\">Llegeix m\u00e9s\u00bb<\/a><\/p>\n","protected":false},"author":1,"featured_media":0,"parent":1638,"menu_order":0,"comment_status":"closed","ping_status":"closed","template":"","meta":{"_bbp_topic_count":0,"_bbp_reply_count":0,"_bbp_total_topic_count":0,"_bbp_total_reply_count":0,"_bbp_voice_count":0,"_bbp_anonymous_reply_count":0,"_bbp_topic_count_hidden":0,"_bbp_reply_count_hidden":0,"_bbp_forum_subforum_count":0,"footnotes":""},"class_list":["post-1844","page","type-page","status-publish","hentry"],"post_mailing_queue_ids":[],"_links":{"self":[{"href":"https:\/\/agora.xtec.cat\/ecaalfarras\/wp-json\/wp\/v2\/pages\/1844","targetHints":{"allow":["GET"]}}],"collection":[{"href":"https:\/\/agora.xtec.cat\/ecaalfarras\/wp-json\/wp\/v2\/pages"}],"about":[{"href":"https:\/\/agora.xtec.cat\/ecaalfarras\/wp-json\/wp\/v2\/types\/page"}],"author":[{"embeddable":true,"href":"https:\/\/agora.xtec.cat\/ecaalfarras\/wp-json\/wp\/v2\/users\/1"}],"replies":[{"embeddable":true,"href":"https:\/\/agora.xtec.cat\/ecaalfarras\/wp-json\/wp\/v2\/comments?post=1844"}],"version-history":[{"count":2,"href":"https:\/\/agora.xtec.cat\/ecaalfarras\/wp-json\/wp\/v2\/pages\/1844\/revisions"}],"predecessor-version":[{"id":1847,"href":"https:\/\/agora.xtec.cat\/ecaalfarras\/wp-json\/wp\/v2\/pages\/1844\/revisions\/1847"}],"up":[{"embeddable":true,"href":"https:\/\/agora.xtec.cat\/ecaalfarras\/wp-json\/wp\/v2\/pages\/1638"}],"wp:attachment":[{"href":"https:\/\/agora.xtec.cat\/ecaalfarras\/wp-json\/wp\/v2\/media?parent=1844"}],"curies":[{"name":"wp","href":"https:\/\/api.w.org\/{rel}","templated":true}]}}

Internacionalització de l’Escola Agrària d’Alfarràs

<p>&nbsp;</p>
<p>L’Escola Agrària d’Alfarràs porta més de 30 anys organitzant projectes d’internacionalització, tot i que el format, grups d’alumnes i objectius, han anat canviant.</p>
<p>En un principi, quan existia l’FP2, l’escola organitzava sortides d’uns dies d’intercanvi a França o bé es feien viatges de final de curs a diferents destinacions nacionals i internacionals. Així els alumnes van visitar països com Alemanya, Estats Units, Holanda, Itàlia, Israel i Polònia.</p>
<p>Quan es va implantar la primera reforma educativa i es va començar a fer cicles, la sortida internacional va passar a ser l’opció de fer l’FCT a l’estranger. Els alumnes que volien i podien passar 30 dies fora ho feien en una empresa estrangera. I així vam començar a utilitzar les beques Erasmus.  Era més fàcil trobar una empresa estrangera per fer les pràctiques que no pas trobar un allotjament durant aquell període, per la qual cosa ens feia falta una altra escola o centre  col·laborador amb qui tenir reciprocitat en els serveis oferts i rebuts.</p>
<p>I així, a la nostra Escola Agrària d’Alfarràs hem aconseguit i mantingut bons contactes amb centres d’Itàlia, Finlàndia i Suècia.</p>
<p>Així doncs, en aquests més de 30 anyss els nostres alumnes han vist nous horitzons, altres maneres de treballar la terra i, sobretot, altres filosofies d’entendre la vida, la qual cosa els ha sorprès i ha ajudat a formar-se com a tècnics i com a persones.</p>
<p>Els nostres alumnes sempre s’han sentit més com a casa a països com Itàlia, país molt ric des del punt de vista agrari i amb una manera de fer creativa, lliure, tolerant però poc corporativa i amb una disciplina similar a la nostra.</p>
<p>En canvi en els països nòrdics se sentien més controlats però acabaven reconeixent i valorant molt la disciplina i la seva responsabilitat a l’hora de treballar.</p>
<p>La cultura d’un país s’observa al carrer i es palpa veient el dia a dia, i aquesta és la immersió cultural que han fet tots i cada un dels nostres alumnes quan han estat a l’estranger. La nostra escola està molt orgullosa d’obrir aquesta finestra al món dels nostres alumnes perquè puguin millorar ells i el seu entorn.</p>
<p><a href="https://agora.xtec.cat/ecaalfarras/wp-content/uploads/usu2159/2021/02/Imagen1.jpg"><img loading="lazy" decoding="async" class="aligncenter wp-image-1846 size-medium" src="https://agora.xtec.cat/ecaalfarras/wp-content/uploads/usu2159/2021/02/Imagen1-300x225.jpg" alt="" width="300" height="225" srcset="https://agora.xtec.cat/ecaalfarras/wp-content/uploads/usu2159/2021/02/Imagen1-300x225.jpg 300w, https://agora.xtec.cat/ecaalfarras/wp-content/uploads/usu2159/2021/02/Imagen1-768x576.jpg 768w, https://agora.xtec.cat/ecaalfarras/wp-content/uploads/usu2159/2021/02/Imagen1-200x150.jpg 200w, https://agora.xtec.cat/ecaalfarras/wp-content/uploads/usu2159/2021/02/Imagen1.jpg 930w" sizes="auto, (max-width: 300px) 100vw, 300px" /></a></p>

<p>&nbsp;<br />
L’Escola Agrària d’Alfarràs porta més de 30 anys organitzant projectes d’internacionalització, tot i que el format, grups d’alumnes i objectius, han anat canviant.<br />
En un principi, quan existia l’FP2, l’escola organitzava sortides d’uns dies d’intercanvi a França o bé es feien viatges de final de curs&hellip;  <a href="https://agora.xtec.cat/ecaalfarras/activitats/internacionalitzacio-de-lescola-agraria-dalfarras/" title="Read Internacionalització de l’Escola Agrària d’Alfarràs">Llegeix més»</a></p>
