{"id":648,"date":"2022-11-21T14:40:30","date_gmt":"2022-11-21T13:40:30","guid":{"rendered":"https:\/\/agora.xtec.cat\/eca-pirineu\/?page_id=648"},"modified":"2025-05-19T13:32:09","modified_gmt":"2025-05-19T11:32:09","slug":"cicle-formatiu-grau-mitja-activitats-equestres","status":"publish","type":"page","link":"https:\/\/agora.xtec.cat\/eca-pirineu\/cicles-formatius\/cicle-formatiu-grau-mitja-activitats-equestres\/","title":{"rendered":"Cicle Formatiu de Grau Mitj\u00e0 d&#8217;Activitats Eq\u00fcestres"},"content":{"rendered":"\n<p>L\u2019<strong>Escola Agr\u00e0ria del Pirineu <\/strong>s\u2019adapta a una societat que es troba en constant evoluci\u00f3. Per aquest motiu, mant\u00e9 la seva aposta de present i futur: una formaci\u00f3 destinada al <strong>desenvolupament del m\u00f3n rural<\/strong>.<\/p>\n<p>Ofereix el <strong>Cicle Formatiu d\u2019Activitats Eq\u00fcestres<\/strong>, uns estudis que capaciten per manejar i tenir cura dels \u00e8quids en cadascuna de les seves fases productives, aix\u00ed com desenvolupar activitats de guia per itineraris eq\u00fcestres, amb especial atenci\u00f3 a la seguretat i el benestar de l\u2019animal,<\/p>\n<p>utilitzant i mantenint instal\u00b7lacions, maquin\u00e0ria i equips i acomplint la normativa de benestar animal, de prevenci\u00f3 de riscos laborals i de protecci\u00f3 ambiental.<\/p>\n<p><span class=\"color15\"><strong>Organitzaci\u00f3 curricular 1r Curs CFGM Activitats Eq\u00fcestres<\/strong><\/span><\/p>\n<p><a href=\"https:\/\/agora.xtec.cat\/eca-pirineu\/wp-content\/uploads\/usu2154\/2025\/05\/1r-AE.png\"><img loading=\"lazy\" decoding=\"async\" class=\"alignnone size-full wp-image-1294\" src=\"https:\/\/agora.xtec.cat\/eca-pirineu\/wp-content\/uploads\/usu2154\/2025\/05\/1r-AE.png\" alt=\"\" width=\"850\" height=\"389\" srcset=\"https:\/\/agora.xtec.cat\/eca-pirineu\/wp-content\/uploads\/usu2154\/2025\/05\/1r-AE.png 850w, https:\/\/agora.xtec.cat\/eca-pirineu\/wp-content\/uploads\/usu2154\/2025\/05\/1r-AE-300x137.png 300w, https:\/\/agora.xtec.cat\/eca-pirineu\/wp-content\/uploads\/usu2154\/2025\/05\/1r-AE-768x351.png 768w\" sizes=\"auto, (max-width: 850px) 100vw, 850px\" \/><\/a><\/p>\n<p><span class=\"color15\"><strong>Organitzaci\u00f3 curricular 2n Curs CFGM Activitats Eq\u00fcestres<\/strong><\/span><\/p>\n<p><a href=\"https:\/\/agora.xtec.cat\/eca-pirineu\/wp-content\/uploads\/usu2154\/2025\/05\/2n-AE.png\"><img loading=\"lazy\" decoding=\"async\" class=\"alignnone size-full wp-image-1295\" src=\"https:\/\/agora.xtec.cat\/eca-pirineu\/wp-content\/uploads\/usu2154\/2025\/05\/2n-AE.png\" alt=\"\" width=\"850\" height=\"234\" srcset=\"https:\/\/agora.xtec.cat\/eca-pirineu\/wp-content\/uploads\/usu2154\/2025\/05\/2n-AE.png 850w, https:\/\/agora.xtec.cat\/eca-pirineu\/wp-content\/uploads\/usu2154\/2025\/05\/2n-AE-300x83.png 300w, https:\/\/agora.xtec.cat\/eca-pirineu\/wp-content\/uploads\/usu2154\/2025\/05\/2n-AE-768x211.png 768w\" sizes=\"auto, (max-width: 850px) 100vw, 850px\" \/><\/a><\/p>\n<p><strong>Sortides laborals <\/strong><\/p>\n<ul>\n<li>Treballador\/a en la cria de cavalls<img loading=\"lazy\" decoding=\"async\" class=\"alignright wp-image-826 size-medium\" src=\"https:\/\/agora.xtec.cat\/eca-pirineu\/wp-content\/uploads\/usu2154\/2023\/10\/Act.-eq.-300x225.jpg\" alt=\"\" width=\"300\" height=\"225\" srcset=\"https:\/\/agora.xtec.cat\/eca-pirineu\/wp-content\/uploads\/usu2154\/2023\/10\/Act.-eq.-300x225.jpg 300w, https:\/\/agora.xtec.cat\/eca-pirineu\/wp-content\/uploads\/usu2154\/2023\/10\/Act.-eq.-200x150.jpg 200w, https:\/\/agora.xtec.cat\/eca-pirineu\/wp-content\/uploads\/usu2154\/2023\/10\/Act.-eq..jpg 575w\" sizes=\"auto, (max-width: 300px) 100vw, 300px\" \/><\/li>\n<li>Treballador\/a per a la cura i maneig dels \u00e8quids i les seves instal\u00b7lacions<\/li>\n<li>Treballador\/a per a la doma de poltres en explotacions ramaderes equines<\/li>\n<li>Treballador\/a per a la doma de poltres en centres d\u2019ensinistrament i entrenament dels \u00e8quids<\/li>\n<li>Treballador\/a per a la doma de poltres en centres de pupil\u00b7latge, descans i recuperaci\u00f3 dels \u00e8quids<\/li>\n<li>Treballador\/a per a la doma de poltres en parades de sementals, centres de selecci\u00f3, centres de testatge i eguassades<\/li>\n<li>Treballador\/a en empreses de servei relacionades amb el sector equ\u00ed<\/li>\n<li>Auxiliar ferrador del ramat equ\u00ed<img loading=\"lazy\" decoding=\"async\" class=\"wp-image-827 size-medium alignright\" src=\"https:\/\/agora.xtec.cat\/eca-pirineu\/wp-content\/uploads\/usu2154\/2023\/10\/335643519_878216426800959_7048280840368647496_n-300x228.jpeg\" alt=\"\" width=\"300\" height=\"228\" srcset=\"https:\/\/agora.xtec.cat\/eca-pirineu\/wp-content\/uploads\/usu2154\/2023\/10\/335643519_878216426800959_7048280840368647496_n-300x228.jpeg 300w, https:\/\/agora.xtec.cat\/eca-pirineu\/wp-content\/uploads\/usu2154\/2023\/10\/335643519_878216426800959_7048280840368647496_n-1024x777.jpeg 1024w, https:\/\/agora.xtec.cat\/eca-pirineu\/wp-content\/uploads\/usu2154\/2023\/10\/335643519_878216426800959_7048280840368647496_n-768x583.jpeg 768w, https:\/\/agora.xtec.cat\/eca-pirineu\/wp-content\/uploads\/usu2154\/2023\/10\/335643519_878216426800959_7048280840368647496_n.jpeg 1080w\" sizes=\"auto, (max-width: 300px) 100vw, 300px\" \/><\/li>\n<li>Monitor\/a de campaments<\/li>\n<li>Guia d\u2019itineraris a cavall<\/li>\n<li>Encarregat\/da de prevenci\u00f3 i seguretat en rutes i esdeveniments eq\u00fcestres<\/li>\n<li>Dissenyador\/a d\u2019itineraris eq\u00fcestres fins a mitja muntanya<\/li>\n<\/ul>\n<p>\u00a0<\/p>\n<p>\u00a0<\/p>\n<p><a href=\"https:\/\/agora.xtec.cat\/eca-pirineu\/wp-content\/uploads\/usu2154\/2025\/02\/CFGM-AEquestres-2025-1.pdf\" target=\"_blank\" rel=\"noopener\"><img loading=\"lazy\" decoding=\"async\" class=\"alignnone size-full wp-image-705\" src=\"https:\/\/agora.xtec.cat\/eca-pirineu\/wp-content\/uploads\/usu2154\/2023\/03\/EA-Pirineu_Triptic-equestre.png\" alt=\"\" width=\"1024\" height=\"338\" srcset=\"https:\/\/agora.xtec.cat\/eca-pirineu\/wp-content\/uploads\/usu2154\/2023\/03\/EA-Pirineu_Triptic-equestre.png 1024w, https:\/\/agora.xtec.cat\/eca-pirineu\/wp-content\/uploads\/usu2154\/2023\/03\/EA-Pirineu_Triptic-equestre-300x99.png 300w, https:\/\/agora.xtec.cat\/eca-pirineu\/wp-content\/uploads\/usu2154\/2023\/03\/EA-Pirineu_Triptic-equestre-768x254.png 768w\" sizes=\"auto, (max-width: 1024px) 100vw, 1024px\" \/><\/a><\/p>\n<p>\u00a0<\/p>\n<p>\u00a0<\/p>\n<p>\u00a0<\/p>\n","protected":false},"excerpt":{"rendered":"<p>L\u2019Escola Agr\u00e0ria del Pirineu s\u2019adapta a una societat que es troba en constant evoluci\u00f3. Per aquest motiu, mant\u00e9 la seva aposta de present i futur: una formaci\u00f3 destinada al desenvolupament del m\u00f3n rural.<br \/>\nOfereix el Cicle Formatiu d\u2019Activitats Eq\u00fcestres, uns estudis que capaciten per manejar i&hellip;  <a href=\"https:\/\/agora.xtec.cat\/eca-pirineu\/cicles-formatius\/cicle-formatiu-grau-mitja-activitats-equestres\/\" title=\"Read Cicle Formatiu de Grau Mitj\u00e0 d&#8217;Activitats Eq\u00fcestres\">Llegeix m\u00e9s\u00bb<\/a><\/p>\n","protected":false},"author":1,"featured_media":0,"parent":716,"menu_order":0,"comment_status":"closed","ping_status":"closed","template":"page-templates\/side-menu.php","meta":{"_bbp_topic_count":0,"_bbp_reply_count":0,"_bbp_total_topic_count":0,"_bbp_total_reply_count":0,"_bbp_voice_count":0,"_bbp_anonymous_reply_count":0,"_bbp_topic_count_hidden":0,"_bbp_reply_count_hidden":0,"_bbp_forum_subforum_count":0,"footnotes":""},"class_list":["post-648","page","type-page","status-publish","hentry"],"post_mailing_queue_ids":[],"_links":{"self":[{"href":"https:\/\/agora.xtec.cat\/eca-pirineu\/wp-json\/wp\/v2\/pages\/648","targetHints":{"allow":["GET"]}}],"collection":[{"href":"https:\/\/agora.xtec.cat\/eca-pirineu\/wp-json\/wp\/v2\/pages"}],"about":[{"href":"https:\/\/agora.xtec.cat\/eca-pirineu\/wp-json\/wp\/v2\/types\/page"}],"author":[{"embeddable":true,"href":"https:\/\/agora.xtec.cat\/eca-pirineu\/wp-json\/wp\/v2\/users\/1"}],"replies":[{"embeddable":true,"href":"https:\/\/agora.xtec.cat\/eca-pirineu\/wp-json\/wp\/v2\/comments?post=648"}],"version-history":[{"count":6,"href":"https:\/\/agora.xtec.cat\/eca-pirineu\/wp-json\/wp\/v2\/pages\/648\/revisions"}],"predecessor-version":[{"id":1296,"href":"https:\/\/agora.xtec.cat\/eca-pirineu\/wp-json\/wp\/v2\/pages\/648\/revisions\/1296"}],"up":[{"embeddable":true,"href":"https:\/\/agora.xtec.cat\/eca-pirineu\/wp-json\/wp\/v2\/pages\/716"}],"wp:attachment":[{"href":"https:\/\/agora.xtec.cat\/eca-pirineu\/wp-json\/wp\/v2\/media?parent=648"}],"curies":[{"name":"wp","href":"https:\/\/api.w.org\/{rel}","templated":true}]}}