{"id":586,"date":"2020-05-14T15:04:58","date_gmt":"2020-05-14T13:04:58","guid":{"rendered":"https:\/\/agora.xtec.cat\/eca-pirineu\/?page_id=586"},"modified":"2025-02-19T18:16:02","modified_gmt":"2025-02-19T17:16:02","slug":"informacio-curs-2020-2021","status":"publish","type":"page","link":"https:\/\/agora.xtec.cat\/eca-pirineu\/informacio-curs-2020-2021\/","title":{"rendered":"L&#8217;escola"},"content":{"rendered":"<p>L\u2019<strong>Escola Agr\u00e0ria del Pirineu <\/strong>es troba situada a <strong>Bellestar<\/strong>, en el terme municipal de Montferrer Castellb\u00f2, a la comarca de \u00a0l\u2019Alt Urgell. \u00c9s un centre p\u00fablic gestionat pel Servei de Formaci\u00f3 Agr\u00e0ria, la unitat del <a href=\"https:\/\/agricultura.gencat.cat\/ca\/inici\">Departament d\u2019Agricultura, Ramaderia, Pesca i Alimentaci\u00f3<\/a>\u00a0de la Generalitat de Catalunya que t\u00e9 la missi\u00f3 de professionalitzar el <strong>sector agropecuari, alimentari i forestal<\/strong>, mitjan\u00e7ant la millora de la qualificaci\u00f3 dels seus professionals. L\u2019Escola Agr\u00e0ria del Pirineu forma part del conjunt d\u2019Escoles Agr\u00e0ries del SFA, una xarxa de 15 centres formatius, amb especialitzacions diverses i situades en diferents punts del territori catal\u00e0.<\/p>\n<p>L\u2019escola va n\u00e9ixer amb una clara vocaci\u00f3 d\u2019integrar-se en el medi pirinenc. Els eixos estrat\u00e8gics de formaci\u00f3 i d\u2019actuaci\u00f3 del centre s\u00f3n els <strong>sistemes agroforestals de muntanya, el sector eq\u00fcestre i l\u2019activitat formatgera<\/strong>.<\/p>\n<p>Per una banda, ofereix <strong>formaci\u00f3 reglada<\/strong>, mitjan\u00e7ant dos cicles formatius: el Cicle Formatiu de Grau Mitj\u00e0 d\u2019Activitats Eq\u00fcestres i el Cicle Formatiu de Grau Mitj\u00e0 d\u2019Aprofitament i Conservaci\u00f3 del Medi Natural. D\u2019altra banda, disposa d\u2019una completa oferta de <strong>formaci\u00f3 cont\u00ednua<\/strong> per a l\u2019actualitzaci\u00f3 dels coneixements dels professionals, mitjan\u00e7ant cursos i jornades de transfer\u00e8ncia tecnol\u00f2gica, en la modalitat presencial, semipresencial i en l\u00ednia, i adaptats a les necessitats del sector.<\/p>\n<p>L\u2019escola tamb\u00e9 s\u2019encarrega de preparar l\u2019itinerari formatiu dels i les joves que han sol\u00b7licitat l\u2019<strong>ajut de primera instal\u00b7laci\u00f3 <\/strong>i estan realitzant la <strong>incorporaci\u00f3 a l\u2019empresa agr\u00e0ria<\/strong>, aix\u00ed com tutoritzar-los al llarg de tot el proc\u00e9s.<\/p>\n<p><a href=\"https:\/\/www.youtube.com\/watch?v=1b9xiwgCnac\" target=\"_blank\" rel=\"noopener\"><img loading=\"lazy\" decoding=\"async\" class=\"wp-image-781  aligncenter\" src=\"https:\/\/agora.xtec.cat\/eca-pirineu\/wp-content\/uploads\/usu2154\/2023\/10\/EA-Pirineu-300x169.jpg\" alt=\"\" width=\"468\" height=\"264\" srcset=\"https:\/\/agora.xtec.cat\/eca-pirineu\/wp-content\/uploads\/usu2154\/2023\/10\/EA-Pirineu-300x169.jpg 300w, https:\/\/agora.xtec.cat\/eca-pirineu\/wp-content\/uploads\/usu2154\/2023\/10\/EA-Pirineu-1024x576.jpg 1024w, https:\/\/agora.xtec.cat\/eca-pirineu\/wp-content\/uploads\/usu2154\/2023\/10\/EA-Pirineu-768x432.jpg 768w, https:\/\/agora.xtec.cat\/eca-pirineu\/wp-content\/uploads\/usu2154\/2023\/10\/EA-Pirineu-1536x864.jpg 1536w, https:\/\/agora.xtec.cat\/eca-pirineu\/wp-content\/uploads\/usu2154\/2023\/10\/EA-Pirineu.jpg 1920w\" sizes=\"auto, (max-width: 468px) 100vw, 468px\" \/><\/a><\/p>\n\n","protected":false},"excerpt":{"rendered":"<p>L\u2019Escola Agr\u00e0ria del Pirineu es troba situada a Bellestar, en el terme municipal de Montferrer Castellb\u00f2, a la comarca de \u00a0l\u2019Alt Urgell. \u00c9s un centre p\u00fablic gestionat pel Servei de Formaci\u00f3 Agr\u00e0ria, la unitat del Departament d\u2019Agricultura, Ramaderia, Pesca i Alimentaci\u00f3\u00a0de la Generalitat de Catalunya que t\u00e9 la missi\u00f3 de professionalitzar el sector agropecuari, alimentari [&hellip;]<\/p>\n","protected":false},"author":1,"featured_media":0,"parent":0,"menu_order":10,"comment_status":"closed","ping_status":"closed","template":"page-templates\/side-menu.php","meta":{"_bbp_topic_count":0,"_bbp_reply_count":0,"_bbp_total_topic_count":0,"_bbp_total_reply_count":0,"_bbp_voice_count":0,"_bbp_anonymous_reply_count":0,"_bbp_topic_count_hidden":0,"_bbp_reply_count_hidden":0,"_bbp_forum_subforum_count":0,"site-sidebar-layout":"default","site-content-layout":"","ast-site-content-layout":"","site-content-style":"default","site-sidebar-style":"default","ast-global-header-display":"","ast-banner-title-visibility":"","ast-main-header-display":"","ast-hfb-above-header-display":"","ast-hfb-below-header-display":"","ast-hfb-mobile-header-display":"","site-post-title":"","ast-breadcrumbs-content":"","ast-featured-img":"","footer-sml-layout":"","theme-transparent-header-meta":"","adv-header-id-meta":"","stick-header-meta":"","header-above-stick-meta":"","header-main-stick-meta":"","header-below-stick-meta":"","astra-migrate-meta-layouts":"default","ast-page-background-enabled":"default","ast-page-background-meta":{"desktop":{"background-color":"var(--ast-global-color-4)","background-image":"","background-repeat":"repeat","background-position":"center center","background-size":"auto","background-attachment":"scroll","background-type":"","background-media":"","overlay-type":"","overlay-color":"","overlay-opacity":"","overlay-gradient":""},"tablet":{"background-color":"","background-image":"","background-repeat":"repeat","background-position":"center center","background-size":"auto","background-attachment":"scroll","background-type":"","background-media":"","overlay-type":"","overlay-color":"","overlay-opacity":"","overlay-gradient":""},"mobile":{"background-color":"","background-image":"","background-repeat":"repeat","background-position":"center center","background-size":"auto","background-attachment":"scroll","background-type":"","background-media":"","overlay-type":"","overlay-color":"","overlay-opacity":"","overlay-gradient":""}},"ast-content-background-meta":{"desktop":{"background-color":"var(--ast-global-color-5)","background-image":"","background-repeat":"repeat","background-position":"center center","background-size":"auto","background-attachment":"scroll","background-type":"","background-media":"","overlay-type":"","overlay-color":"","overlay-opacity":"","overlay-gradient":""},"tablet":{"background-color":"var(--ast-global-color-5)","background-image":"","background-repeat":"repeat","background-position":"center center","background-size":"auto","background-attachment":"scroll","background-type":"","background-media":"","overlay-type":"","overlay-color":"","overlay-opacity":"","overlay-gradient":""},"mobile":{"background-color":"var(--ast-global-color-5)","background-image":"","background-repeat":"repeat","background-position":"center center","background-size":"auto","background-attachment":"scroll","background-type":"","background-media":"","overlay-type":"","overlay-color":"","overlay-opacity":"","overlay-gradient":""}},"footnotes":""},"class_list":["post-586","page","type-page","status-publish","hentry"],"post_mailing_queue_ids":[],"_links":{"self":[{"href":"https:\/\/agora.xtec.cat\/eca-pirineu\/wp-json\/wp\/v2\/pages\/586","targetHints":{"allow":["GET"]}}],"collection":[{"href":"https:\/\/agora.xtec.cat\/eca-pirineu\/wp-json\/wp\/v2\/pages"}],"about":[{"href":"https:\/\/agora.xtec.cat\/eca-pirineu\/wp-json\/wp\/v2\/types\/page"}],"author":[{"embeddable":true,"href":"https:\/\/agora.xtec.cat\/eca-pirineu\/wp-json\/wp\/v2\/users\/1"}],"replies":[{"embeddable":true,"href":"https:\/\/agora.xtec.cat\/eca-pirineu\/wp-json\/wp\/v2\/comments?post=586"}],"version-history":[{"count":6,"href":"https:\/\/agora.xtec.cat\/eca-pirineu\/wp-json\/wp\/v2\/pages\/586\/revisions"}],"predecessor-version":[{"id":1226,"href":"https:\/\/agora.xtec.cat\/eca-pirineu\/wp-json\/wp\/v2\/pages\/586\/revisions\/1226"}],"wp:attachment":[{"href":"https:\/\/agora.xtec.cat\/eca-pirineu\/wp-json\/wp\/v2\/media?parent=586"}],"curies":[{"name":"wp","href":"https:\/\/api.w.org\/{rel}","templated":true}]}}