{"id":19,"date":"2014-09-17T14:56:56","date_gmt":"2014-09-17T14:56:56","guid":{"rendered":"http:\/\/agora.xtec.cat\/eca-noguera\/?page_id=19"},"modified":"2026-02-13T09:44:45","modified_gmt":"2026-02-13T08:44:45","slug":"escola","status":"publish","type":"page","link":"https:\/\/agora.xtec.cat\/eca-noguera\/escola\/","title":{"rendered":"Escola"},"content":{"rendered":"<p>L\u2019<strong>Escola Agr\u00e0ria de Vallfogona de Balaguer<\/strong>, situada en el terme municipal d\u2019aquest municipi, a la comarca de La Noguera, \u00e9s un centre p\u00fablic que forma part de la xarxa de 15 escoles del Servei de Formaci\u00f3 Agroaliment\u00e0ria del Departament d&#8217;Agricultura, Ramaderia, Pesca i Alimentaci\u00f3 de la Generalitat de Catalunya.<\/p>\n<p>La implementaci\u00f3 del cicle d\u2019Explotacions ramaderes, amb l\u2019arribada de la Reforma Educativa a l\u2019any 1997\/98, va esdevenir l\u2019empremta que va marcar l\u2019especialitzaci\u00f3 en ramaderia de l\u2019Escola. Amb els anys el pla d\u2019estudis s\u2019ha anat refor\u00e7ant i consolidant amb el suport d\u2018empreses col\u00b7laboradores i la millora de les instal\u00b7lacions per a la realitzaci\u00f3 de pr\u00e0ctiques. L\u2019Escola compta amb instal\u00b7lacions que permeten allotjar diferents esp\u00e8cies ramaderes perdonar suport als continguts del curr\u00edculum del cicles formatius. L\u2019Escola disposa tamb\u00e9 d\u2019una finca amb 3,3 hect\u00e0rees de superf\u00edcie amb parcel\u00b7les per a diferents conreus.<\/p>\n<p>L\u2019oferta formativa en formaci\u00f3 inicial:<\/p>\n<ul>\n<li><a href=\"https:\/\/agora.xtec.cat\/eca-noguera\/cicles-formatius\/cfgm-agropecuaria\/\" target=\"_blank\" rel=\"noopener noreferrer\"><strong>CFGM Producci\u00f3 agropecu\u00e0ria (perfil de p<\/strong><strong>roducci\u00f3 ramadera)<\/strong><\/a>, que t\u00e9 per objectiu obtenir productes i subproductes agropecuaris.<\/li>\n<li><a href=\"https:\/\/agora.xtec.cat\/eca-noguera\/cicles-formatius\/cfgs-ramaderia\/\" target=\"_blank\" rel=\"noopener noreferrer\"><strong>CFGS Ramaderia i assist\u00e8ncia en sanitat animal<\/strong><\/a>, en la modalitat de formaci\u00f3 en alternan\u00e7a amb Formaci\u00f3 dual, que ofereix coneixements per a gestionar la producci\u00f3 ramadera i realitzar treballs especialitzats de suport a equips veterinaris.<\/li>\n<\/ul>\n<p>Pel que fa a la formaci\u00f3 cont\u00ednua, <span style=\"font-family: inherit; font-size: 1em;\">s\u2019ofereix cursos d\u2019especialitat agr\u00e0ria, ramadera i de pluriactivitat, en les modalitats presencials, semipresencials i a dist\u00e0ncia.<\/span><\/p>\n<p>A m\u00e9s, tamb\u00e9 s\u2019ofereix programes d\u2019incorporaci\u00f3 de joves a l\u2019agricultura i a la ramaderia, activitats de transfer\u00e8ncia tecnol\u00f2gica com jornades i visites t\u00e8cniques, elaboraci\u00f3 de materials de difusi\u00f3 i per a la formaci\u00f3 agr\u00e0ria (presencial i online), servei d\u2019assessorament i reconeixement i tamb\u00e9 es participa en activitats de la comarca.<\/p>\n<p><a href=\"https:\/\/agora.xtec.cat\/eca-noguera\/wp-content\/uploads\/usu2161\/2020\/04\/FOTO-ENTRADA-ESCOLA-1.jpg\"><img loading=\"lazy\" decoding=\"async\" class=\"aligncenter wp-image-627 size-full\" src=\"https:\/\/agora.xtec.cat\/eca-noguera\/wp-content\/uploads\/usu2161\/2020\/04\/FOTO-ENTRADA-ESCOLA-1.jpg\" alt=\"\" width=\"869\" height=\"564\" srcset=\"https:\/\/agora.xtec.cat\/eca-noguera\/wp-content\/uploads\/usu2161\/2020\/04\/FOTO-ENTRADA-ESCOLA-1.jpg 869w, https:\/\/agora.xtec.cat\/eca-noguera\/wp-content\/uploads\/usu2161\/2020\/04\/FOTO-ENTRADA-ESCOLA-1-300x195.jpg 300w, https:\/\/agora.xtec.cat\/eca-noguera\/wp-content\/uploads\/usu2161\/2020\/04\/FOTO-ENTRADA-ESCOLA-1-768x498.jpg 768w\" sizes=\"auto, (max-width: 869px) 100vw, 869px\" \/><\/a><\/p>\n<p>&nbsp;<\/p>\n","protected":false},"excerpt":{"rendered":"<p>L\u2019Escola Agr\u00e0ria de Vallfogona de Balaguer, situada en el terme municipal d\u2019aquest municipi, a la comarca de La Noguera, \u00e9s un centre p\u00fablic que forma part de la xarxa de 15 escoles del Servei de Formaci\u00f3 Agroaliment\u00e0ria del Departament d&#8217;Agricultura, Ramaderia, Pesca i Alimentaci\u00f3 de la Generalitat de Catalunya. La implementaci\u00f3 del cicle d\u2019Explotacions ramaderes, [&hellip;]<\/p>\n","protected":false},"author":1,"featured_media":0,"parent":0,"menu_order":0,"comment_status":"closed","ping_status":"closed","template":"page-templates\/side-menu.php","meta":{"_bbp_topic_count":0,"_bbp_reply_count":0,"_bbp_total_topic_count":0,"_bbp_total_reply_count":0,"_bbp_voice_count":0,"_bbp_anonymous_reply_count":0,"_bbp_topic_count_hidden":0,"_bbp_reply_count_hidden":0,"_bbp_forum_subforum_count":0,"site-sidebar-layout":"default","site-content-layout":"","ast-site-content-layout":"","site-content-style":"default","site-sidebar-style":"default","ast-global-header-display":"","ast-banner-title-visibility":"","ast-main-header-display":"","ast-hfb-above-header-display":"","ast-hfb-below-header-display":"","ast-hfb-mobile-header-display":"","site-post-title":"","ast-breadcrumbs-content":"","ast-featured-img":"","footer-sml-layout":"","theme-transparent-header-meta":"","adv-header-id-meta":"","stick-header-meta":"","header-above-stick-meta":"","header-main-stick-meta":"","header-below-stick-meta":"","astra-migrate-meta-layouts":"default","ast-page-background-enabled":"default","ast-page-background-meta":{"desktop":{"background-color":"var(--ast-global-color-4)","background-image":"","background-repeat":"repeat","background-position":"center center","background-size":"auto","background-attachment":"scroll","background-type":"","background-media":"","overlay-type":"","overlay-color":"","overlay-opacity":"","overlay-gradient":""},"tablet":{"background-color":"","background-image":"","background-repeat":"repeat","background-position":"center center","background-size":"auto","background-attachment":"scroll","background-type":"","background-media":"","overlay-type":"","overlay-color":"","overlay-opacity":"","overlay-gradient":""},"mobile":{"background-color":"","background-image":"","background-repeat":"repeat","background-position":"center center","background-size":"auto","background-attachment":"scroll","background-type":"","background-media":"","overlay-type":"","overlay-color":"","overlay-opacity":"","overlay-gradient":""}},"ast-content-background-meta":{"desktop":{"background-color":"var(--ast-global-color-5)","background-image":"","background-repeat":"repeat","background-position":"center center","background-size":"auto","background-attachment":"scroll","background-type":"","background-media":"","overlay-type":"","overlay-color":"","overlay-opacity":"","overlay-gradient":""},"tablet":{"background-color":"var(--ast-global-color-5)","background-image":"","background-repeat":"repeat","background-position":"center center","background-size":"auto","background-attachment":"scroll","background-type":"","background-media":"","overlay-type":"","overlay-color":"","overlay-opacity":"","overlay-gradient":""},"mobile":{"background-color":"var(--ast-global-color-5)","background-image":"","background-repeat":"repeat","background-position":"center center","background-size":"auto","background-attachment":"scroll","background-type":"","background-media":"","overlay-type":"","overlay-color":"","overlay-opacity":"","overlay-gradient":""}},"footnotes":""},"class_list":["post-19","page","type-page","status-publish","hentry"],"post_mailing_queue_ids":[],"_links":{"self":[{"href":"https:\/\/agora.xtec.cat\/eca-noguera\/wp-json\/wp\/v2\/pages\/19","targetHints":{"allow":["GET"]}}],"collection":[{"href":"https:\/\/agora.xtec.cat\/eca-noguera\/wp-json\/wp\/v2\/pages"}],"about":[{"href":"https:\/\/agora.xtec.cat\/eca-noguera\/wp-json\/wp\/v2\/types\/page"}],"author":[{"embeddable":true,"href":"https:\/\/agora.xtec.cat\/eca-noguera\/wp-json\/wp\/v2\/users\/1"}],"replies":[{"embeddable":true,"href":"https:\/\/agora.xtec.cat\/eca-noguera\/wp-json\/wp\/v2\/comments?post=19"}],"version-history":[{"count":7,"href":"https:\/\/agora.xtec.cat\/eca-noguera\/wp-json\/wp\/v2\/pages\/19\/revisions"}],"predecessor-version":[{"id":1803,"href":"https:\/\/agora.xtec.cat\/eca-noguera\/wp-json\/wp\/v2\/pages\/19\/revisions\/1803"}],"wp:attachment":[{"href":"https:\/\/agora.xtec.cat\/eca-noguera\/wp-json\/wp\/v2\/media?parent=19"}],"curies":[{"name":"wp","href":"https:\/\/api.w.org\/{rel}","templated":true}]}}