{"id":1327,"date":"2023-03-15T09:57:40","date_gmt":"2023-03-15T08:57:40","guid":{"rendered":"https:\/\/agora.xtec.cat\/eca-masbove\/?page_id=1327"},"modified":"2026-03-14T08:04:25","modified_gmt":"2026-03-14T07:04:25","slug":"qualitat-i-mediambient","status":"publish","type":"page","link":"https:\/\/agora.xtec.cat\/eca-masbove\/qualitat-i-mediambient\/","title":{"rendered":"Qualitat i Mediambient"},"content":{"rendered":"\n<p>L\u2019Escola Agr\u00e0ria de Mas Bov\u00e9 est\u00e0 <strong>certificada en la ISO 9001 <\/strong><strong>i en la ISO 14001 dins del Sistema de Gesti\u00f3 Integrat Multiempla\u00e7ament del Servei de Formaci\u00f3 Agroaliment\u00e0ria<\/strong><\/p>\n\n\n\n<p>\u00a0Aquestes certificacions demostren la implantaci\u00f3 d\u2019un sistema de gesti\u00f3 basat en la millora cont\u00ednua i la innovaci\u00f3, per tal d\u2019assolir, de manera sostenible, l\u2019excel\u00b7l\u00e8ncia educativa i la satisfacci\u00f3 dels grups d\u2019inter\u00e8s.<\/p>\n\n\n\n<p>La pol\u00edtica de qualitat es pot consultar a: <a href=\"https:\/\/agricultura.gencat.cat\/ca\/ambits\/formacio-innovacio\/formacio-agraria\/qualitat\/\">Qualitat. Departament d&#8217;Agricultura, Ramaderia, Pesca i Alimentaci\u00f3<\/a><\/p>\n\n\n\n<p><\/p>\n\n\n\n<p>&nbsp;<\/p>\n\n\n\n<p>&nbsp;<\/p>\n\n\n\n<p>&nbsp;<\/p>\n\n\n\n<p>&nbsp;<\/p>\n\n\n\n<p>&nbsp;<\/p>\n","protected":false},"excerpt":{"rendered":"<p>L\u2019Escola Agr\u00e0ria de Mas Bov\u00e9 est\u00e0 certificada en la ISO 9001 i en la ISO 14001 dins del Sistema de Gesti\u00f3 Integrat Multiempla\u00e7ament del Servei de Formaci\u00f3 Agroaliment\u00e0ria \u00a0Aquestes certificacions demostren la implantaci\u00f3 d\u2019un sistema de gesti\u00f3 basat en la millora cont\u00ednua i la innovaci\u00f3, per tal d\u2019assolir, de manera sostenible, l\u2019excel\u00b7l\u00e8ncia educativa i la [&hellip;]<\/p>\n","protected":false},"author":4,"featured_media":0,"parent":0,"menu_order":0,"comment_status":"closed","ping_status":"closed","template":"","meta":{"site-sidebar-layout":"default","site-content-layout":"","ast-site-content-layout":"default","site-content-style":"default","site-sidebar-style":"default","ast-global-header-display":"","ast-banner-title-visibility":"","ast-main-header-display":"","ast-hfb-above-header-display":"","ast-hfb-below-header-display":"","ast-hfb-mobile-header-display":"","site-post-title":"","ast-breadcrumbs-content":"","ast-featured-img":"","footer-sml-layout":"","theme-transparent-header-meta":"","adv-header-id-meta":"","stick-header-meta":"","header-above-stick-meta":"","header-main-stick-meta":"","header-below-stick-meta":"","astra-migrate-meta-layouts":"set","ast-page-background-enabled":"default","ast-page-background-meta":{"desktop":{"background-color":"var(--ast-global-color-4)","background-image":"","background-repeat":"repeat","background-position":"center center","background-size":"auto","background-attachment":"scroll","background-type":"","background-media":"","overlay-type":"","overlay-color":"","overlay-opacity":"","overlay-gradient":""},"tablet":{"background-color":"","background-image":"","background-repeat":"repeat","background-position":"center center","background-size":"auto","background-attachment":"scroll","background-type":"","background-media":"","overlay-type":"","overlay-color":"","overlay-opacity":"","overlay-gradient":""},"mobile":{"background-color":"","background-image":"","background-repeat":"repeat","background-position":"center center","background-size":"auto","background-attachment":"scroll","background-type":"","background-media":"","overlay-type":"","overlay-color":"","overlay-opacity":"","overlay-gradient":""}},"ast-content-background-meta":{"desktop":{"background-color":"var(--ast-global-color-5)","background-image":"","background-repeat":"repeat","background-position":"center center","background-size":"auto","background-attachment":"scroll","background-type":"","background-media":"","overlay-type":"","overlay-color":"","overlay-opacity":"","overlay-gradient":""},"tablet":{"background-color":"var(--ast-global-color-5)","background-image":"","background-repeat":"repeat","background-position":"center center","background-size":"auto","background-attachment":"scroll","background-type":"","background-media":"","overlay-type":"","overlay-color":"","overlay-opacity":"","overlay-gradient":""},"mobile":{"background-color":"var(--ast-global-color-5)","background-image":"","background-repeat":"repeat","background-position":"center center","background-size":"auto","background-attachment":"scroll","background-type":"","background-media":"","overlay-type":"","overlay-color":"","overlay-opacity":"","overlay-gradient":""}},"footnotes":""},"class_list":["post-1327","page","type-page","status-publish","hentry"],"post_mailing_queue_ids":[],"_links":{"self":[{"href":"https:\/\/agora.xtec.cat\/eca-masbove\/wp-json\/wp\/v2\/pages\/1327","targetHints":{"allow":["GET"]}}],"collection":[{"href":"https:\/\/agora.xtec.cat\/eca-masbove\/wp-json\/wp\/v2\/pages"}],"about":[{"href":"https:\/\/agora.xtec.cat\/eca-masbove\/wp-json\/wp\/v2\/types\/page"}],"author":[{"embeddable":true,"href":"https:\/\/agora.xtec.cat\/eca-masbove\/wp-json\/wp\/v2\/users\/4"}],"replies":[{"embeddable":true,"href":"https:\/\/agora.xtec.cat\/eca-masbove\/wp-json\/wp\/v2\/comments?post=1327"}],"version-history":[{"count":5,"href":"https:\/\/agora.xtec.cat\/eca-masbove\/wp-json\/wp\/v2\/pages\/1327\/revisions"}],"predecessor-version":[{"id":2797,"href":"https:\/\/agora.xtec.cat\/eca-masbove\/wp-json\/wp\/v2\/pages\/1327\/revisions\/2797"}],"wp:attachment":[{"href":"https:\/\/agora.xtec.cat\/eca-masbove\/wp-json\/wp\/v2\/media?parent=1327"}],"curies":[{"name":"wp","href":"https:\/\/api.w.org\/{rel}","templated":true}]}}