{"id":2171,"date":"2025-02-18T14:07:13","date_gmt":"2025-02-18T13:07:13","guid":{"rendered":"https:\/\/agora.xtec.cat\/eca-gandesa\/?page_id=2171"},"modified":"2025-07-07T09:52:58","modified_gmt":"2025-07-07T07:52:58","slug":"tractorista-lider","status":"publish","type":"page","link":"https:\/\/agora.xtec.cat\/eca-gandesa\/tractorista-lider\/","title":{"rendered":"Tractorista l\u00edder"},"content":{"rendered":"<p><a href=\"https:\/\/agora.xtec.cat\/eca-gandesa\/wp-content\/uploads\/usu1993\/2025\/02\/3.jpg\"><img loading=\"lazy\" decoding=\"async\" class=\"wp-image-2186 alignleft\" src=\"https:\/\/agora.xtec.cat\/eca-gandesa\/wp-content\/uploads\/usu1993\/2025\/02\/3-1024x499.jpg\" alt=\"\" width=\"500\" height=\"244\" srcset=\"https:\/\/agora.xtec.cat\/eca-gandesa\/wp-content\/uploads\/usu1993\/2025\/02\/3-1024x499.jpg 1024w, https:\/\/agora.xtec.cat\/eca-gandesa\/wp-content\/uploads\/usu1993\/2025\/02\/3-300x146.jpg 300w, https:\/\/agora.xtec.cat\/eca-gandesa\/wp-content\/uploads\/usu1993\/2025\/02\/3-768x374.jpg 768w, https:\/\/agora.xtec.cat\/eca-gandesa\/wp-content\/uploads\/usu1993\/2025\/02\/3.jpg 1280w\" sizes=\"auto, (max-width: 500px) 100vw, 500px\" \/><\/a><strong>Definici\u00f3 breu del lloc de treball<\/strong><\/p>\n<p><span data-sheets-root=\"1\">Celler de gran prestigi, amb un projecte caracteritzat per la seva aposta per la innovaci\u00f3, la sostenibilitat i l\u2019\u00fas de t\u00e8cniques ancestrals combinades amb tecnologia moderna, elaborant vins d\u2019alta qualitat amb una forta connexi\u00f3 amb l\u2019entorn natural dels Pirineus. Precisa incorporar un Tractorista L\u00edder per gestionar i executar les operacions agr\u00edcoles amb tractor i maquin\u00e0ria al camp. Aquesta posici\u00f3 requereix una persona amb experi\u00e8ncia, comprom\u00eds amb la qualitat i capacitat per liderar treballs de camp en un entorn d\u2019excel\u00b7l\u00e8ncia.<br \/>\n<\/span><\/p>\n<p><strong>Funcions del lloc de treball<\/strong><\/p>\n<p><span data-sheets-root=\"1\">Operar el tractor i altres maquin\u00e0ries per realitzar tasques per preparar el terreny.<br \/>\nSupervisar i executar el transport del ra\u00efm durant la verema.<br \/>\nOrganitzar i liderar l\u2019equip de treball al camp, assignant tasques i supervisant-ne l\u2019execuci\u00f3.<br \/>\nRealitzar manteniment b\u00e0sic i neteja del tractor i maquin\u00e0ria per garantir-ne el correcte funcionament.<br \/>\nParticipar en tasques de verema, poda i gesti\u00f3 del reg.<br \/>\nVetllar pel compliment de les normatives de seguretat i qualitat en les operacions al camp.<br \/>\n<\/span><\/p>\n<p><strong>Horari<\/strong><\/p>\n<p><span data-sheets-root=\"1\">De dilluns a divendres de 08:00 a 17:00h<\/span><\/p>\n<p><strong>Retribuci\u00f3<\/strong><\/p>\n<p><span data-sheets-root=\"1\">de 25.000 a 35.000 \u20ac bruts anuals<\/span><\/p>\n<p><strong>Incorporaci\u00f3<\/strong><\/p>\n<p>Immediata<\/p>\n<p><strong>Ubicaci\u00f3 del lloc de treball<\/strong><\/p>\n<p><span data-sheets-root=\"1\">Talarn ( Pallars Juss\u00e0)<\/span><\/p>\n<p><strong>Requisits dels candidats<\/strong><\/p>\n<p><span data-sheets-root=\"1\">CFGM, CFGS o experi\u00e8ncia ens tasques similars<\/span><\/p>\n<p><strong>Empresa de contacte<\/strong><\/p>\n<p>Talent de Ponent SL<\/p>\n<p><strong>Contacte<\/strong><\/p>\n<p><span data-sheets-root=\"1\">jtomas@etalentum.com<\/span><\/p>\n<p><strong>Data de publicaci\u00f3 de l\u2019oferta<\/strong><\/p>\n<p>Febrer del 2025<\/p>\n","protected":false},"excerpt":{"rendered":"<p><a href=\"https:\/\/agora.xtec.cat\/eca-gandesa\/wp-content\/uploads\/usu1993\/2025\/02\/3.jpg\"><\/a>Definici\u00f3 breu del lloc de treball<br \/>\nCeller de gran prestigi, amb un projecte caracteritzat per la seva aposta per la innovaci\u00f3, la sostenibilitat i l\u2019\u00fas de t\u00e8cniques ancestrals combinades amb tecnologia moderna, elaborant vins d\u2019alta qualitat amb una forta connexi\u00f3 amb l\u2019entorn natural dels Pirineus.&hellip;  <a href=\"https:\/\/agora.xtec.cat\/eca-gandesa\/tractorista-lider\/\" title=\"Read Tractorista l\u00edder\">Llegeix m\u00e9s\u00bb<\/a><\/p>\n","protected":false},"author":1,"featured_media":0,"parent":0,"menu_order":0,"comment_status":"closed","ping_status":"closed","template":"","meta":{"_bbp_topic_count":0,"_bbp_reply_count":0,"_bbp_total_topic_count":0,"_bbp_total_reply_count":0,"_bbp_voice_count":0,"_bbp_anonymous_reply_count":0,"_bbp_topic_count_hidden":0,"_bbp_reply_count_hidden":0,"_bbp_forum_subforum_count":0,"footnotes":""},"class_list":["post-2171","page","type-page","status-publish","hentry"],"post_mailing_queue_ids":[],"_links":{"self":[{"href":"https:\/\/agora.xtec.cat\/eca-gandesa\/wp-json\/wp\/v2\/pages\/2171","targetHints":{"allow":["GET"]}}],"collection":[{"href":"https:\/\/agora.xtec.cat\/eca-gandesa\/wp-json\/wp\/v2\/pages"}],"about":[{"href":"https:\/\/agora.xtec.cat\/eca-gandesa\/wp-json\/wp\/v2\/types\/page"}],"author":[{"embeddable":true,"href":"https:\/\/agora.xtec.cat\/eca-gandesa\/wp-json\/wp\/v2\/users\/1"}],"replies":[{"embeddable":true,"href":"https:\/\/agora.xtec.cat\/eca-gandesa\/wp-json\/wp\/v2\/comments?post=2171"}],"version-history":[{"count":6,"href":"https:\/\/agora.xtec.cat\/eca-gandesa\/wp-json\/wp\/v2\/pages\/2171\/revisions"}],"predecessor-version":[{"id":2326,"href":"https:\/\/agora.xtec.cat\/eca-gandesa\/wp-json\/wp\/v2\/pages\/2171\/revisions\/2326"}],"wp:attachment":[{"href":"https:\/\/agora.xtec.cat\/eca-gandesa\/wp-json\/wp\/v2\/media?parent=2171"}],"curies":[{"name":"wp","href":"https:\/\/api.w.org\/{rel}","templated":true}]}}