{"id":3893,"date":"2021-11-23T22:25:42","date_gmt":"2021-11-23T21:25:42","guid":{"rendered":"https:\/\/agora.xtec.cat\/ebmgegantdelpi-caldes\/?page_id=3893"},"modified":"2024-10-22T13:58:48","modified_gmt":"2024-10-22T11:58:48","slug":"pla-dactuacio","status":"publish","type":"page","link":"https:\/\/agora.xtec.cat\/ebmgegantdelpi-caldes\/informem\/pla-dactuacio\/","title":{"rendered":"Pla d&#8217;actuaci\u00f3"},"content":{"rendered":"<p>A continuaci\u00f3 us presentem el Pla d&#8217;actuaci\u00f3 d&#8217;aquest curs:<\/p>\n<ul>\n<li style=\"list-style-type: none\">\n<ul>\n<li><a href=\"https:\/\/drive.google.com\/file\/d\/1PR3YgVTZm-v_PEs2GOZC-dEAOs0klW5O\/view?usp=sharing\" target=\"_blank\" rel=\"noopener\">Pla d&#8217;organitzaci\u00f3 de centre<\/a><\/li>\n<li><a href=\"https:\/\/drive.google.com\/file\/d\/1LWcF4V9Ah-S-0G0eKce4IXn_upUg130J\/view?usp=sharing\" target=\"_blank\" rel=\"noopener\">Annex<\/a><\/li>\n<li><a href=\"https:\/\/drive.google.com\/file\/d\/1A6IQ7KrFPSHmsEHubGiL7xtEmxTUcuEe\/view?usp=drive_link\" target=\"_blank\" rel=\"noopener\">Llibret normatiu<\/a><\/li>\n<\/ul>\n<\/li>\n<\/ul>\n<p>&nbsp;<\/p>\n","protected":false},"excerpt":{"rendered":"<p>A continuaci\u00f3 us presentem el Pla d&#8217;actuaci\u00f3 d&#8217;aquest curs:<\/p>\n<ul>\n<li style=\"list-style-type: none\">\n<ul>\n<li><a href=\"https:\/\/drive.google.com\/file\/d\/1PR3YgVTZm-v_PEs2GOZC-dEAOs0klW5O\/view?usp=sharing\" target=\"_blank\" rel=\"noopener\">Pla d&#8217;organitzaci\u00f3 de centre<\/a><\/li>\n<li><a href=\"https:\/\/drive.google.com\/file\/d\/1LWcF4V9Ah-S-0G0eKce4IXn_upUg130J\/view?usp=sharing\" target=\"_blank\" rel=\"noopener\">Annex<\/a><\/li>\n<li><a href=\"https:\/\/drive.google.com\/file\/d\/1A6IQ7KrFPSHmsEHubGiL7xtEmxTUcuEe\/view?usp=drive_link\" target=\"_blank\" rel=\"noopener\">Llibret normatiu<\/a><\/li>\n<\/ul>\n<\/li>\n<\/ul>\n<p>&nbsp;<\/p>\n","protected":false},"author":1,"featured_media":0,"parent":104,"menu_order":5,"comment_status":"closed","ping_status":"closed","template":"page-templates\/side-menu.php","meta":{"_bbp_topic_count":0,"_bbp_reply_count":0,"_bbp_total_topic_count":0,"_bbp_total_reply_count":0,"_bbp_voice_count":0,"_bbp_anonymous_reply_count":0,"_bbp_topic_count_hidden":0,"_bbp_reply_count_hidden":0,"_bbp_forum_subforum_count":0,"footnotes":""},"class_list":["post-3893","page","type-page","status-publish","hentry"],"post_mailing_queue_ids":[],"_links":{"self":[{"href":"https:\/\/agora.xtec.cat\/ebmgegantdelpi-caldes\/wp-json\/wp\/v2\/pages\/3893","targetHints":{"allow":["GET"]}}],"collection":[{"href":"https:\/\/agora.xtec.cat\/ebmgegantdelpi-caldes\/wp-json\/wp\/v2\/pages"}],"about":[{"href":"https:\/\/agora.xtec.cat\/ebmgegantdelpi-caldes\/wp-json\/wp\/v2\/types\/page"}],"author":[{"embeddable":true,"href":"https:\/\/agora.xtec.cat\/ebmgegantdelpi-caldes\/wp-json\/wp\/v2\/users\/1"}],"replies":[{"embeddable":true,"href":"https:\/\/agora.xtec.cat\/ebmgegantdelpi-caldes\/wp-json\/wp\/v2\/comments?post=3893"}],"version-history":[{"count":5,"href":"https:\/\/agora.xtec.cat\/ebmgegantdelpi-caldes\/wp-json\/wp\/v2\/pages\/3893\/revisions"}],"predecessor-version":[{"id":5355,"href":"https:\/\/agora.xtec.cat\/ebmgegantdelpi-caldes\/wp-json\/wp\/v2\/pages\/3893\/revisions\/5355"}],"up":[{"embeddable":true,"href":"https:\/\/agora.xtec.cat\/ebmgegantdelpi-caldes\/wp-json\/wp\/v2\/pages\/104"}],"wp:attachment":[{"href":"https:\/\/agora.xtec.cat\/ebmgegantdelpi-caldes\/wp-json\/wp\/v2\/media?parent=3893"}],"curies":[{"name":"wp","href":"https:\/\/api.w.org\/{rel}","templated":true}]}}