{"id":164,"date":"2017-03-28T16:11:47","date_gmt":"2017-03-28T14:11:47","guid":{"rendered":"http:\/\/blocs.xtec.cat\/ebmgegantdelpi\/?page_id=164"},"modified":"2025-09-22T12:24:10","modified_gmt":"2025-09-22T10:24:10","slug":"don-venim","status":"publish","type":"page","link":"https:\/\/agora.xtec.cat\/ebmgegantdelpi-caldes\/qui-som\/don-venim\/","title":{"rendered":"D&#8217;on venim?"},"content":{"rendered":"<p style=\"text-align: justify;\"><span style=\"font-family: inherit; font-size: 1em; text-align: justify;\">L&#8217;EBM Gegant del Pi \u00e9s una de les dues escoles bressol municipals de Caldes de Montbui, que t\u00e9 ja 42 anys d&#8217;hist\u00f2ria. <\/span><span style=\"font-weight: 400;\">La nostra escola va comen\u00e7ar el 6 de novembre de l\u2019any 1978 amb el nom de &#8220;Guarderia Popular y Laboral&#8221; per donar resposta a les necessitats de la dona treballadora. Hem estat una de les primeres escoles bressol a Catalunya.<\/span><\/p>\n<p style=\"text-align: justify;\"><span style=\"font-weight: 400;\">El primer local de l\u2019escola va ser La Farinera. M\u00e9s tard, i a mesura que an\u00e0vem creixent, ens vam traslladar a la Resid\u00e8ncia Santa Susanna i la Casa dels Mestres i, finalment, des de l&#8217;any 1990 a l\u2019edifici de la Vaqueria on som en l\u2019actualitat. Ja fa m\u00e9s de 30 anys que el Gegant s&#8217;ubica en aquesta casa pairal, cessi\u00f3 d&#8217;una fam\u00edlia de Caldes a l&#8217;Ajuntament del poble, i que s&#8217;ha adaptat per a acollir els infants.<br \/>\n<\/span><\/p>\n<p style=\"text-align: justify;\">El nom de l&#8217;escola prov\u00e9 de la rondalla popular situada al Farell, en la nostra contrada. Diuen que el Gegant del Pi era un pag\u00e8s tan gran i tan fort que l&#8217;anomen\u00e0ven Fort Farell\u00e0s i la casa pairal on es troba ara l&#8217;escola, encara fa m\u00e9s honor a la rondalla.<\/p>\n<p style=\"text-align: justify;\"><span style=\"font-weight: 400;\">Al llarg dels anys, l\u2019escola ha fet una evoluci\u00f3 social i pedag\u00f2gica molt important per passar de ser una guarderia laboral i popular fins a esdevenir un servei educatiu de titularitat municipal que imparteix el primer cicle de l\u2019etapa d\u2019educaci\u00f3 infantil 0\/3. <\/span><\/p>\n<p style=\"text-align: justify;\">L&#8217;escola \u00e9s un organisme viu, on tots els membres que la formem treballem en equip. Som professionals de diferents edats, de diferent formaci\u00f3 i experi\u00e8ncia, i totes compartim el projecte d&#8217;escola i el projecte pedag\u00f2gic de la Vila.<\/p>\n<p style=\"text-align: justify;\"><span style=\"font-weight: 400;\">Durant aquests anys\u00a0el servei de l\u2019escola bressol ha contribu\u00eft a millorar un projecte social i pedag\u00f2gic que ha deixat empremta en la vida de molts calderins i calderines. Ha jugat un paper fonamental en la creaci\u00f3 d\u2019una cultura a favor de la petita inf\u00e0ncia.<\/span><\/p>\n<p><a href=\"https:\/\/drive.google.com\/open?id=1SvmJ9qL39M60x5F9PoNfrnZPblyElSQg\"><img loading=\"lazy\" decoding=\"async\" class=\"aligncenter wp-image-2302\" src=\"https:\/\/agora.xtec.cat\/ebmgegantdelpi-caldes\/wp-content\/uploads\/usu1540\/2020\/05\/2803140248_logo35anysescolesbressol-212x300.jpg\" alt=\"\" width=\"273\" height=\"386\" srcset=\"https:\/\/agora.xtec.cat\/ebmgegantdelpi-caldes\/wp-content\/uploads\/usu1540\/2020\/05\/2803140248_logo35anysescolesbressol-212x300.jpg 212w, https:\/\/agora.xtec.cat\/ebmgegantdelpi-caldes\/wp-content\/uploads\/usu1540\/2020\/05\/2803140248_logo35anysescolesbressol-768x1087.jpg 768w, https:\/\/agora.xtec.cat\/ebmgegantdelpi-caldes\/wp-content\/uploads\/usu1540\/2020\/05\/2803140248_logo35anysescolesbressol-724x1024.jpg 724w, https:\/\/agora.xtec.cat\/ebmgegantdelpi-caldes\/wp-content\/uploads\/usu1540\/2020\/05\/2803140248_logo35anysescolesbressol.jpg 1357w\" sizes=\"auto, (max-width: 273px) 100vw, 273px\" \/><\/a><\/p>\n<p style=\"text-align: center;\">\n","protected":false},"excerpt":{"rendered":"<p>L&#8217;EBM Gegant del Pi \u00e9s una de les dues escoles bressol municipals de Caldes de Montbui, que t\u00e9 ja 42 anys d&#8217;hist\u00f2ria. La nostra escola va comen\u00e7ar el 6 de novembre de l\u2019any 1978 amb el nom de &#8220;Guarderia Popular y Laboral&#8221; per donar resposta&hellip;  <a href=\"https:\/\/agora.xtec.cat\/ebmgegantdelpi-caldes\/qui-som\/don-venim\/\" title=\"Read D&#8217;on venim?\">Llegeix m\u00e9s\u00bb<\/a><\/p>\n","protected":false},"author":1,"featured_media":0,"parent":543,"menu_order":2,"comment_status":"closed","ping_status":"closed","template":"page-templates\/side-menu.php","meta":{"_bbp_topic_count":0,"_bbp_reply_count":0,"_bbp_total_topic_count":0,"_bbp_total_reply_count":0,"_bbp_voice_count":0,"_bbp_anonymous_reply_count":0,"_bbp_topic_count_hidden":0,"_bbp_reply_count_hidden":0,"_bbp_forum_subforum_count":0,"footnotes":""},"class_list":["post-164","page","type-page","status-publish","hentry"],"post_mailing_queue_ids":[],"_links":{"self":[{"href":"https:\/\/agora.xtec.cat\/ebmgegantdelpi-caldes\/wp-json\/wp\/v2\/pages\/164","targetHints":{"allow":["GET"]}}],"collection":[{"href":"https:\/\/agora.xtec.cat\/ebmgegantdelpi-caldes\/wp-json\/wp\/v2\/pages"}],"about":[{"href":"https:\/\/agora.xtec.cat\/ebmgegantdelpi-caldes\/wp-json\/wp\/v2\/types\/page"}],"author":[{"embeddable":true,"href":"https:\/\/agora.xtec.cat\/ebmgegantdelpi-caldes\/wp-json\/wp\/v2\/users\/1"}],"replies":[{"embeddable":true,"href":"https:\/\/agora.xtec.cat\/ebmgegantdelpi-caldes\/wp-json\/wp\/v2\/comments?post=164"}],"version-history":[{"count":5,"href":"https:\/\/agora.xtec.cat\/ebmgegantdelpi-caldes\/wp-json\/wp\/v2\/pages\/164\/revisions"}],"predecessor-version":[{"id":5772,"href":"https:\/\/agora.xtec.cat\/ebmgegantdelpi-caldes\/wp-json\/wp\/v2\/pages\/164\/revisions\/5772"}],"up":[{"embeddable":true,"href":"https:\/\/agora.xtec.cat\/ebmgegantdelpi-caldes\/wp-json\/wp\/v2\/pages\/543"}],"wp:attachment":[{"href":"https:\/\/agora.xtec.cat\/ebmgegantdelpi-caldes\/wp-json\/wp\/v2\/media?parent=164"}],"curies":[{"name":"wp","href":"https:\/\/api.w.org\/{rel}","templated":true}]}}