{"id":73,"date":"2014-09-18T14:01:51","date_gmt":"2014-09-18T13:01:51","guid":{"rendered":"https:\/\/agora.xtec.cat\/ebmflix\/?page_id=73"},"modified":"2025-04-06T21:17:03","modified_gmt":"2025-04-06T19:17:03","slug":"menjador-escolar","status":"publish","type":"page","link":"https:\/\/agora.xtec.cat\/ebmflix\/serveis\/menjador-escolar\/","title":{"rendered":"Menjador escolar"},"content":{"rendered":"\n<p>El funcionament del menjador escolar es basa en la col\u00b7laboraci\u00f3 entre l&#8217;escola i les fam\u00edlies, ja que no es disposa de servei de c\u00e0tering. Les fam\u00edlies s\u00f3n les responsables de portar la carmanyola amb el dinar i els postres per als seus fills i filles. Un cop arriben al menjador, el personal de l&#8217;escola s&#8217;encarrega d&#8217;esclafar i servir el dinar als infants, assegurant-se que rebin l&#8217;aliment de manera adequada.<\/p>\n\n\n\n<p>L&#8217;horari del menjador est\u00e0 organitzat per garantir un ambient tranquil i adequat. Cap a les 12:15, els nens i nenes van cap a la sala del menjador, on els dinars ja estan preparats i disposats a taula. En aquest espai, es d\u00f3na molta import\u00e0ncia a l&#8217;autonomia dels infants, que tenen a la seva disposici\u00f3 el seu plat, coberts i got d&#8217;aigua, i se&#8217;ls anima a gestionar aquests elements pel seu compte. Aix\u00f2 fomenta el desenvolupament de les seves habilitats personals, com la responsabilitat, l&#8217;autosufici\u00e8ncia i la conviv\u00e8ncia en grup.<\/p>\n\n\n\n<p>Despr\u00e9s de dinar, cap a les 13:15, els infants es dirigeixen cap a les hamaquetes o cotxets, segons les seves necessitats, per fer un descans. Abans de dormir, per\u00f2, \u00e9s important mantenir h\u00e0bits de neteja i cura personal, per la qual cosa els infantss es renten la cara i les mans, i es raspallen les dents. Aquesta rutina de neteja forma part del proc\u00e9s de descans, ajudant-los a sentir-se frescos i preparats per a la migdiada. Aquesta pausa \u00e9s essencial per afavorir el descans i la recuperaci\u00f3 d&#8217;energia abans de continuar amb la jornada escolar.<\/p>\n\n\n\n<p><a href=\"https:\/\/agora.xtec.cat\/ebmflix\/wp-content\/uploads\/usu3472\/2025\/03\/EBM-2025.pdf\" data-type=\"link\" data-id=\"https:\/\/agora.xtec.cat\/ebmflix\/wp-content\/uploads\/usu3472\/2025\/03\/EBM-2025.pdf\">QUOTES<\/a><\/p>\n","protected":false},"excerpt":{"rendered":"<p>El funcionament del menjador escolar es basa en la col\u00b7laboraci\u00f3 entre l&#8217;escola i les fam\u00edlies, ja que no es disposa de servei de c\u00e0tering. Les fam\u00edlies s\u00f3n les responsables de portar la carmanyola amb el dinar i els postres per als seus fills i filles. Un cop arriben al menjador, el personal de l&#8217;escola s&#8217;encarrega [&hellip;]<\/p>\n","protected":false},"author":1,"featured_media":0,"parent":66,"menu_order":30,"comment_status":"closed","ping_status":"closed","template":"","meta":{"site-sidebar-layout":"default","site-content-layout":"","ast-site-content-layout":"default","site-content-style":"default","site-sidebar-style":"default","ast-global-header-display":"","ast-banner-title-visibility":"","ast-main-header-display":"","ast-hfb-above-header-display":"","ast-hfb-below-header-display":"","ast-hfb-mobile-header-display":"","site-post-title":"","ast-breadcrumbs-content":"","ast-featured-img":"","footer-sml-layout":"","theme-transparent-header-meta":"","adv-header-id-meta":"","stick-header-meta":"","header-above-stick-meta":"","header-main-stick-meta":"","header-below-stick-meta":"","astra-migrate-meta-layouts":"set","ast-page-background-enabled":"default","ast-page-background-meta":{"desktop":{"background-color":"var(--ast-global-color-4)","background-image":"","background-repeat":"repeat","background-position":"center center","background-size":"auto","background-attachment":"scroll","background-type":"","background-media":"","overlay-type":"","overlay-color":"","overlay-opacity":"","overlay-gradient":""},"tablet":{"background-color":"","background-image":"","background-repeat":"repeat","background-position":"center center","background-size":"auto","background-attachment":"scroll","background-type":"","background-media":"","overlay-type":"","overlay-color":"","overlay-opacity":"","overlay-gradient":""},"mobile":{"background-color":"","background-image":"","background-repeat":"repeat","background-position":"center center","background-size":"auto","background-attachment":"scroll","background-type":"","background-media":"","overlay-type":"","overlay-color":"","overlay-opacity":"","overlay-gradient":""}},"ast-content-background-meta":{"desktop":{"background-color":"var(--ast-global-color-5)","background-image":"","background-repeat":"repeat","background-position":"center center","background-size":"auto","background-attachment":"scroll","background-type":"","background-media":"","overlay-type":"","overlay-color":"","overlay-opacity":"","overlay-gradient":""},"tablet":{"background-color":"var(--ast-global-color-5)","background-image":"","background-repeat":"repeat","background-position":"center center","background-size":"auto","background-attachment":"scroll","background-type":"","background-media":"","overlay-type":"","overlay-color":"","overlay-opacity":"","overlay-gradient":""},"mobile":{"background-color":"var(--ast-global-color-5)","background-image":"","background-repeat":"repeat","background-position":"center center","background-size":"auto","background-attachment":"scroll","background-type":"","background-media":"","overlay-type":"","overlay-color":"","overlay-opacity":"","overlay-gradient":""}},"footnotes":""},"class_list":["post-73","page","type-page","status-publish","hentry"],"post_mailing_queue_ids":[],"_links":{"self":[{"href":"https:\/\/agora.xtec.cat\/ebmflix\/wp-json\/wp\/v2\/pages\/73","targetHints":{"allow":["GET"]}}],"collection":[{"href":"https:\/\/agora.xtec.cat\/ebmflix\/wp-json\/wp\/v2\/pages"}],"about":[{"href":"https:\/\/agora.xtec.cat\/ebmflix\/wp-json\/wp\/v2\/types\/page"}],"author":[{"embeddable":true,"href":"https:\/\/agora.xtec.cat\/ebmflix\/wp-json\/wp\/v2\/users\/1"}],"replies":[{"embeddable":true,"href":"https:\/\/agora.xtec.cat\/ebmflix\/wp-json\/wp\/v2\/comments?post=73"}],"version-history":[{"count":6,"href":"https:\/\/agora.xtec.cat\/ebmflix\/wp-json\/wp\/v2\/pages\/73\/revisions"}],"predecessor-version":[{"id":826,"href":"https:\/\/agora.xtec.cat\/ebmflix\/wp-json\/wp\/v2\/pages\/73\/revisions\/826"}],"up":[{"embeddable":true,"href":"https:\/\/agora.xtec.cat\/ebmflix\/wp-json\/wp\/v2\/pages\/66"}],"wp:attachment":[{"href":"https:\/\/agora.xtec.cat\/ebmflix\/wp-json\/wp\/v2\/media?parent=73"}],"curies":[{"name":"wp","href":"https:\/\/api.w.org\/{rel}","templated":true}]}}