{"id":773,"date":"2025-02-09T22:45:29","date_gmt":"2025-02-09T21:45:29","guid":{"rendered":"https:\/\/agora.xtec.cat\/ebhortdepau\/?page_id=773"},"modified":"2025-02-26T00:02:17","modified_gmt":"2025-02-25T23:02:17","slug":"que-es-lafa","status":"publish","type":"page","link":"https:\/\/agora.xtec.cat\/ebhortdepau\/afa\/que-es-lafa\/","title":{"rendered":"Qu\u00e8 \u00e9s l&#8217;AFA"},"content":{"rendered":"\n<p>L\u2019AFA, Associaci\u00f3 de Fam\u00edlies d\u2019Alumnes, \u00e9s la forma m\u00e9s efectiva que tenen totes les fam\u00edlies d\u2019agrupar-se i organitzar-se dins del Centre Escolar. <\/p>\n\n\n\n<p>L\u2019AFA \u00e9s una entitat sense afany de lucre, reconeguda legalment al registre d\u2019associacions (NIF V43927185) i les seves funcions estan regulades per un decret de la Generalitat de Catalunya.<\/p>\n\n\n\n<p>Des de l\u2019AFA es participa de forma activa en la millora de les activitats i serveis que es realitzen en l\u2019escola bressol amb l\u2019\u00fanic, per\u00f2 ambici\u00f3s desig, de donar als nostres fills la millor educaci\u00f3 possible, juntament amb els mestres. Tamb\u00e9 col\u00b7labora i vigila les responsabilitats de l\u2019Ajuntament.<\/p>\n\n\n\n<p>B\u00e0sicament, l\u2019AFA intenta arribar on el nostre Ajuntament \/ Escola Bressol no pot, aportant el nostre granet de sorra en la realitzaci\u00f3 d\u2019activitats extres a m\u00e9s de proveir a l\u2019escola de material d\u2019esbarjo o de treball que d\u2019una altra manera els nostres fills no poden gaudir.<\/p>\n\n\n\n<p>La tasca de l\u2019AFA \u00e9s la de vincle entre els pares i els equips docent i gestor, transmetent i traslladant totes aquelles q\u00fcestions d\u2019inter\u00e8s que van sorgint al llarg del curs. Participa activament tant en el Consell Municipal d\u2019Ensenyament com en el Consell Municipal de Cultura.<\/p>\n\n\n\n<p>Participa i col\u00b7labora en la celebraci\u00f3 de les festes que organitza el centre, aportant el material que ens sol\u00b7licita la Direcci\u00f3 d\u2019aquest. Com m\u00e9s gran sigui la implicaci\u00f3 de tots nosaltres, mares i pares, m\u00e9s i millor ser\u00e0 el resultat de la nostra col\u00b7laboraci\u00f3 amb la direcci\u00f3 i personal docent del centre i m\u00e9s ambiciosos els projectes.<\/p>\n\n\n\n<p>En els darrers anys hem adquirit per al centre material d\u2019esbarjo (bicicletes i motos pels patis), una c\u00e0mera de fotos, material de psicomotricitat, material de construcci\u00f3 per treballar en tots els nivells i l\u2019hort.<\/p>\n\n\n\n<div style=\"height:50px\" aria-hidden=\"true\" class=\"wp-block-spacer\"><\/div>\n\n\n\n<h4 class=\"wp-block-heading\"><strong><strong>A m\u00e9s, l\u2019AFA&#8230;<\/strong><\/strong><\/h4>\n\n\n\n<ul class=\"wp-block-list\">\n<li style=\"padding-top:var(--wp--preset--spacing--20);padding-bottom:var(--wp--preset--spacing--20)\">D\u00f3na suport als familiars, mestres i alumnes i tamb\u00e9 als \u00f2rgans de govern del centre en tot all\u00f2 que contribueixi a la millora de la qualitat de l\u2019ensenyament que reben els nens i les nenes.<\/li>\n\n\n\n<li style=\"padding-top:var(--wp--preset--spacing--20);padding-bottom:var(--wp--preset--spacing--20)\">Promou la participaci\u00f3 dels familiars a la comunitat educativa potenciant la seva implicaci\u00f3 en el funcionament del centre.<\/li>\n\n\n\n<li style=\"padding-top:var(--wp--preset--spacing--20);padding-bottom:var(--wp--preset--spacing--20)\">\u00c9s un espai de reflexi\u00f3 que permet a les fam\u00edlies reflexionar i opinar sobre el funcionament quotidi\u00e0 de l\u2019escola i sobre temes educatius d\u2019abast m\u00e9s general.<\/li>\n\n\n\n<li style=\"padding-top:var(--wp--preset--spacing--20);padding-bottom:var(--wp--preset--spacing--20)\">\u00c9s el principal interlocutor que tenen els mestres i els equips directius per tractar els temes que afecten a tot el col\u00b7lectiu de fam\u00edlies.<\/li>\n\n\n\n<li style=\"padding-top:var(--wp--preset--spacing--20);padding-bottom:var(--wp--preset--spacing--20)\">Participa en la presa de decisions i en el govern del centre mitjan\u00e7ant un representant al consell escolar de centre.<\/li>\n\n\n\n<li style=\"padding-top:var(--wp--preset--spacing--20);padding-bottom:var(--wp--preset--spacing--20)\">Orienta a les fam\u00edlies en l\u2019exercici dels seus drets i obligacions com a membres d\u2019un centre educatiu sostingut amb fons p\u00fablics.<\/li>\n\n\n\n<li style=\"padding-top:var(--wp--preset--spacing--20);padding-bottom:var(--wp--preset--spacing--20)\">Administra i gestiona els recursos que s\u2019inverteixen en millores per a l\u2019escola i l\u2019educaci\u00f3 de tots els nens i nenes.<\/li>\n<\/ul>\n\n\n\n<div style=\"height:50px\" aria-hidden=\"true\" class=\"wp-block-spacer\"><\/div>\n\n\n\n<h4 class=\"wp-block-heading\"><strong>5 Raons per formar part de l\u2019AFA<\/strong><\/h4>\n\n\n\n<ul class=\"wp-block-list\">\n<li style=\"padding-top:var(--wp--preset--spacing--20);padding-bottom:var(--wp--preset--spacing--20)\"><strong>Perqu\u00e8 l\u2019educaci\u00f3 dels nostres fills i filles \u00e9s la nostra responsabilitat<\/strong><br>Si no som capa\u00e7os de motivar-nos per ells, per qui ho farem? <br>Participar de forma activa en la millora de les activitats i serveis que es realitzen a l\u2019escola bressol<\/li>\n\n\n\n<li style=\"padding-top:var(--wp--preset--spacing--20);padding-bottom:var(--wp--preset--spacing--20)\"><strong>Perqu\u00e8 units tindrem m\u00e9s for\u00e7a per dur a terme les iniciatives<\/strong><br>Projecte anual subvencionat per l\u2019Ajuntament<\/li>\n\n\n\n<li style=\"padding-top:var(--wp--preset--spacing--20);padding-bottom:var(--wp--preset--spacing--20)\"><strong>Perqu\u00e8 hem de treballar per a ser un punt integrador entre l\u2019escola i les fam\u00edlies<br><\/strong>Volem ser plurals<\/li>\n\n\n\n<li style=\"padding-top:var(--wp--preset--spacing--20);padding-bottom:var(--wp--preset--spacing--20)\"><strong>Perqu\u00e8 podem portar a Consell Escolar les propostes, queixes i suggeriments de les fam\u00edlies agrupats per un inter\u00e8s com\u00fa i no individual<\/strong><br>Perqu\u00e8 \u00e9s necessari unir esfor\u00e7os i idees per reivindicar aspectes que ens ajudin a millorar la qualitat de l\u2019ensenyament<\/li>\n\n\n\n<li style=\"padding-top:var(--wp--preset--spacing--20);padding-bottom:var(--wp--preset--spacing--20)\"><strong>Perqu\u00e8 promovem la realitzaci\u00f3 d\u2019activitats per a la diversi\u00f3 i desenvolupament com\u00fa dels nens i nenes i les fam\u00edlies<\/strong><br>L\u2019AFA intenta arribar on el nostre ajuntament\/escola no pot, aportant el nostre granet de sorra en la realitzaci\u00f3 d\u2019activitats fora de pressupost oficial i aportant material d\u2019esbarjo o de treball que d\u2019una altra manera els nostres fills no podrien gaudir a causa de la falta de personal i de recursos<\/li>\n<\/ul>\n\n\n\n<div style=\"height:50px\" aria-hidden=\"true\" class=\"wp-block-spacer\"><\/div>\n\n\n\n<p>Gr\u00e0cies per compartir entre tots el projecte d\u2019una Escola Bressol activa i participativa.&nbsp;<\/p>\n\n\n\n<h5 class=\"wp-block-heading\"><strong>L\u2019AFA Hort de Pau som tots i totes!!!<\/strong><\/h5>\n","protected":false},"excerpt":{"rendered":"<p>L\u2019AFA, Associaci\u00f3 de Fam\u00edlies d\u2019Alumnes, \u00e9s la forma m\u00e9s efectiva que tenen totes les fam\u00edlies d\u2019agrupar-se i organitzar-se dins del Centre Escolar. L\u2019AFA \u00e9s una entitat sense afany de lucre, reconeguda legalment al registre d\u2019associacions (NIF V43927185) i les seves funcions estan regulades per un decret de la Generalitat de Catalunya. Des de l\u2019AFA es [&hellip;]<\/p>\n","protected":false},"author":1,"featured_media":0,"parent":631,"menu_order":0,"comment_status":"closed","ping_status":"close","template":"","meta":{"site-sidebar-layout":"default","site-content-layout":"","ast-site-content-layout":"default","site-content-style":"default","site-sidebar-style":"default","ast-global-header-display":"","ast-banner-title-visibility":"","ast-main-header-display":"","ast-hfb-above-header-display":"","ast-hfb-below-header-display":"","ast-hfb-mobile-header-display":"","site-post-title":"","ast-breadcrumbs-content":"","ast-featured-img":"","footer-sml-layout":"","theme-transparent-header-meta":"","adv-header-id-meta":"","stick-header-meta":"","header-above-stick-meta":"","header-main-stick-meta":"","header-below-stick-meta":"","astra-migrate-meta-layouts":"set","ast-page-background-enabled":"default","ast-page-background-meta":{"desktop":{"background-color":"var(--ast-global-color-4)","background-image":"","background-repeat":"repeat","background-position":"center center","background-size":"auto","background-attachment":"scroll","background-type":"","background-media":"","overlay-type":"","overlay-color":"","overlay-opacity":"","overlay-gradient":""},"tablet":{"background-color":"","background-image":"","background-repeat":"repeat","background-position":"center center","background-size":"auto","background-attachment":"scroll","background-type":"","background-media":"","overlay-type":"","overlay-color":"","overlay-opacity":"","overlay-gradient":""},"mobile":{"background-color":"","background-image":"","background-repeat":"repeat","background-position":"center center","background-size":"auto","background-attachment":"scroll","background-type":"","background-media":"","overlay-type":"","overlay-color":"","overlay-opacity":"","overlay-gradient":""}},"ast-content-background-meta":{"desktop":{"background-color":"var(--ast-global-color-5)","background-image":"","background-repeat":"repeat","background-position":"center center","background-size":"auto","background-attachment":"scroll","background-type":"","background-media":"","overlay-type":"","overlay-color":"","overlay-opacity":"","overlay-gradient":""},"tablet":{"background-color":"var(--ast-global-color-5)","background-image":"","background-repeat":"repeat","background-position":"center center","background-size":"auto","background-attachment":"scroll","background-type":"","background-media":"","overlay-type":"","overlay-color":"","overlay-opacity":"","overlay-gradient":""},"mobile":{"background-color":"var(--ast-global-color-5)","background-image":"","background-repeat":"repeat","background-position":"center center","background-size":"auto","background-attachment":"scroll","background-type":"","background-media":"","overlay-type":"","overlay-color":"","overlay-opacity":"","overlay-gradient":""}},"footnotes":""},"class_list":["post-773","page","type-page","status-publish","hentry"],"post_mailing_queue_ids":[],"_links":{"self":[{"href":"https:\/\/agora.xtec.cat\/ebhortdepau\/wp-json\/wp\/v2\/pages\/773","targetHints":{"allow":["GET"]}}],"collection":[{"href":"https:\/\/agora.xtec.cat\/ebhortdepau\/wp-json\/wp\/v2\/pages"}],"about":[{"href":"https:\/\/agora.xtec.cat\/ebhortdepau\/wp-json\/wp\/v2\/types\/page"}],"author":[{"embeddable":true,"href":"https:\/\/agora.xtec.cat\/ebhortdepau\/wp-json\/wp\/v2\/users\/1"}],"replies":[{"embeddable":true,"href":"https:\/\/agora.xtec.cat\/ebhortdepau\/wp-json\/wp\/v2\/comments?post=773"}],"version-history":[{"count":5,"href":"https:\/\/agora.xtec.cat\/ebhortdepau\/wp-json\/wp\/v2\/pages\/773\/revisions"}],"predecessor-version":[{"id":977,"href":"https:\/\/agora.xtec.cat\/ebhortdepau\/wp-json\/wp\/v2\/pages\/773\/revisions\/977"}],"up":[{"embeddable":true,"href":"https:\/\/agora.xtec.cat\/ebhortdepau\/wp-json\/wp\/v2\/pages\/631"}],"wp:attachment":[{"href":"https:\/\/agora.xtec.cat\/ebhortdepau\/wp-json\/wp\/v2\/media?parent=773"}],"curies":[{"name":"wp","href":"https:\/\/api.w.org\/{rel}","templated":true}]}}