{"id":64,"date":"2014-09-18T12:39:08","date_gmt":"2014-09-18T11:39:08","guid":{"rendered":"http:\/\/agora.xtec.cat\/ebcabrils-germanarosaaymerich\/?page_id=64"},"modified":"2022-06-28T19:23:48","modified_gmt":"2022-06-28T17:23:48","slug":"projecte-educatiu","status":"publish","type":"page","link":"https:\/\/agora.xtec.cat\/ebcabrils-germanarosaaymerich\/projecte-educatiu\/","title":{"rendered":"Projecte educatiu"},"content":{"rendered":"<p>El valor de la quotidianitat, el joc lliure i l&#8217;autonomia<\/p>\n<p style=\"text-align: justify;\"><span style=\"font-family: verdana,geneva;\"><span style=\"font-size: small;\">Partim de l\u2019idea que l\u2019infant \u00e9s <b>capa\u00e7\u00a0<\/b>des que neix. La metodologia de la nostra escola est\u00e0 basada en el\u00a0<b>respecte<\/b>\u00a0a l\u2019infant com a persona, en la seva autonomia, en la seva llibertat de moviment i de joc. Jugant \u00e9s quan el nen actua amb m\u00e9s entusiasme, m\u00e9s naturalitat&#8230; i desenvolupa al m\u00e0xim les seves capacitats. Aix\u00f2 permet que l\u2019infant, mitjan\u00e7ant la\u00a0<b>manipulaci\u00f3<\/b>, experimentaci\u00f3, representaci\u00f3 i comunicaci\u00f3, assoleixi una s\u00e8rie de coneixements i actituds que anir\u00e0 aplicant, contrastant i interrelacionant amb els nous aprenentatges per crear noves informacions, nous conceptes i aix\u00ed, de manera progressiva, anar creant la base del seu coneixement i la seva personalitat.<\/span><\/span><span style=\"font-size: small;\">\u00a0<\/span><\/p>\n<p style=\"text-align: justify;\"><span style=\"font-family: verdana, geneva; font-size: small;\">Valorem tamb\u00e9 la import\u00e0ncia del <\/span><b style=\"font-family: verdana, geneva; font-size: small;\">joc lliure<\/b><span style=\"font-family: verdana, geneva; font-size: small;\">\u00a0dels infants, per aix\u00f2 preparem els espais per tal que siguin agradables, c\u00e0lids i que convidin a la investigaci\u00f3 i a l&#8217;<\/span><b style=\"font-family: verdana, geneva; font-size: small;\">experimentaci\u00f3\u00a0<\/b><span style=\"font-family: verdana, geneva; font-size: small;\">amb material natural i reciclat. Amb el joc fomentem l\u2019experimentaci\u00f3, on posem a l\u2019abast dels nens i nenes diferents materials inespec\u00edfics (farina, pinyes, carbasses, taps de suro&#8230;). Tamb\u00e9 proposem activitats fixes com la psicomotricitat, les passejades pel poble, el joc al pati, jocs d\u2019aigua&#8230;<\/span><\/p>\n<div>\n<div style=\"text-align: justify;\">\n<p style=\"text-align: justify;\"><span style=\"font-family: verdana,geneva; font-size: small;\">Un dels pilars importants en qu\u00e8 est\u00e0 basada la nostra metodologia de treball de l\u2019escola s\u00f3n les <b>activitats quotidianes<\/b>, ja que s\u00f3n les que cobreixen les necessitats b\u00e0siques dels infants, primordials en aquest primer cicle de la seva vida. Per a ells s\u00f3n la gran descoberta de cada dia: les estones de canvi en qu\u00e8 la relaci\u00f3 nen-adult esdev\u00e9 estreta i on el treball per l\u2019<b>autonomia<\/b>\u00a0personal es fa evident, les hores dels \u00e0pats on la sociabilitat i l\u2019adquisici\u00f3 d\u2019h\u00e0bits hi s\u00f3n presents o el moment de descans imprescindible per poder continuar estant actius.<\/span><\/p>\n<p style=\"text-align: justify;\"><span style=\"font-family: verdana,geneva; font-size: small;\">Resumint, el que pretenem \u00e9s que l\u2019infant es senti respectat i at\u00e8s en les seves necessitats i aix\u00ed pugui desenvolupar-se de manera aut\u00f2noma. Pel que per nosaltres pot ser rutinari, per l\u2019infant \u00e9s encara un camp per descobrir, per con\u00e8ixer. No forcem ni imposem \u201cprogrames\u201d. Totes les activitats, tots els moments, totes les relacions, totes les cures s\u00f3n importants i educatives.<\/span><\/p>\n<p style=\"text-align: justify;\"><span style=\"font-size: small;\"><span style=\"font-family: verdana,geneva;\">Conscients de la <b>responsabilitat<\/b>\u00a0que implica la nostra feina, procurem con\u00e8ixer els diferents corrents pedag\u00f2gics amb els que compartim la imatge d\u2019infant capa\u00e7 i d\u2019escola compromesa, per tal de crear entre tots i totes la nostra<\/span><b><span style=\"font-family: verdana,geneva;\">\u00a0pr\u00f2pia identitat.<\/span><\/b><\/span><\/p>\n<\/div>\n<\/div>\n<p>&nbsp;<\/p>\n<p><a href=\"https:\/\/agora.xtec.cat\/ebcabrils-germanarosaaymerich\/wp-content\/uploads\/usu2492\/2022\/06\/DSC_0201-scaled.jpg\"><img loading=\"lazy\" decoding=\"async\" class=\"alignnone size-large wp-image-978\" src=\"https:\/\/agora.xtec.cat\/ebcabrils-germanarosaaymerich\/wp-content\/uploads\/usu2492\/2022\/06\/DSC_0201-1024x681.jpg\" alt=\"\" width=\"1024\" height=\"681\" srcset=\"https:\/\/agora.xtec.cat\/ebcabrils-germanarosaaymerich\/wp-content\/uploads\/usu2492\/2022\/06\/DSC_0201-1024x681.jpg 1024w, https:\/\/agora.xtec.cat\/ebcabrils-germanarosaaymerich\/wp-content\/uploads\/usu2492\/2022\/06\/DSC_0201-300x199.jpg 300w, https:\/\/agora.xtec.cat\/ebcabrils-germanarosaaymerich\/wp-content\/uploads\/usu2492\/2022\/06\/DSC_0201-768x511.jpg 768w, https:\/\/agora.xtec.cat\/ebcabrils-germanarosaaymerich\/wp-content\/uploads\/usu2492\/2022\/06\/DSC_0201-1536x1021.jpg 1536w, https:\/\/agora.xtec.cat\/ebcabrils-germanarosaaymerich\/wp-content\/uploads\/usu2492\/2022\/06\/DSC_0201-2048x1362.jpg 2048w\" sizes=\"auto, (max-width: 1024px) 100vw, 1024px\" \/><\/a><\/p>\n","protected":false},"excerpt":{"rendered":"<p>El valor de la quotidianitat, el joc lliure i l&#8217;autonomia<br \/>\nPartim de l\u2019idea que l\u2019infant \u00e9s capa\u00e7\u00a0des que neix. La metodologia de la nostra escola est\u00e0 basada en el\u00a0respecte\u00a0a l\u2019infant com a persona, en la seva autonomia, en la seva llibertat de moviment i de joc.&hellip;  <a href=\"https:\/\/agora.xtec.cat\/ebcabrils-germanarosaaymerich\/projecte-educatiu\/\" title=\"Read Projecte educatiu\">Llegeix m\u00e9s\u00bb<\/a><\/p>\n","protected":false},"author":1,"featured_media":0,"parent":0,"menu_order":11,"comment_status":"closed","ping_status":"closed","template":"page-templates\/side-menu.php","meta":{"_bbp_topic_count":0,"_bbp_reply_count":0,"_bbp_total_topic_count":0,"_bbp_total_reply_count":0,"_bbp_voice_count":0,"_bbp_anonymous_reply_count":0,"_bbp_topic_count_hidden":0,"_bbp_reply_count_hidden":0,"_bbp_forum_subforum_count":0,"footnotes":""},"class_list":["post-64","page","type-page","status-publish","hentry"],"post_mailing_queue_ids":[],"_links":{"self":[{"href":"https:\/\/agora.xtec.cat\/ebcabrils-germanarosaaymerich\/wp-json\/wp\/v2\/pages\/64","targetHints":{"allow":["GET"]}}],"collection":[{"href":"https:\/\/agora.xtec.cat\/ebcabrils-germanarosaaymerich\/wp-json\/wp\/v2\/pages"}],"about":[{"href":"https:\/\/agora.xtec.cat\/ebcabrils-germanarosaaymerich\/wp-json\/wp\/v2\/types\/page"}],"author":[{"embeddable":true,"href":"https:\/\/agora.xtec.cat\/ebcabrils-germanarosaaymerich\/wp-json\/wp\/v2\/users\/1"}],"replies":[{"embeddable":true,"href":"https:\/\/agora.xtec.cat\/ebcabrils-germanarosaaymerich\/wp-json\/wp\/v2\/comments?post=64"}],"version-history":[{"count":3,"href":"https:\/\/agora.xtec.cat\/ebcabrils-germanarosaaymerich\/wp-json\/wp\/v2\/pages\/64\/revisions"}],"predecessor-version":[{"id":979,"href":"https:\/\/agora.xtec.cat\/ebcabrils-germanarosaaymerich\/wp-json\/wp\/v2\/pages\/64\/revisions\/979"}],"wp:attachment":[{"href":"https:\/\/agora.xtec.cat\/ebcabrils-germanarosaaymerich\/wp-json\/wp\/v2\/media?parent=64"}],"curies":[{"name":"wp","href":"https:\/\/api.w.org\/{rel}","templated":true}]}}