{"id":28,"date":"2014-09-18T12:29:35","date_gmt":"2014-09-18T11:29:35","guid":{"rendered":"http:\/\/agora.xtec.cat\/ebcabrils-germanarosaaymerich\/?page_id=28"},"modified":"2023-09-26T10:41:01","modified_gmt":"2023-09-26T08:41:01","slug":"consell-escolar","status":"publish","type":"page","link":"https:\/\/agora.xtec.cat\/ebcabrils-germanarosaaymerich\/pagines-dinici\/consell-escolar\/","title":{"rendered":"Patronat"},"content":{"rendered":"<p data-adtags-visited=\"true\">El Patronat est\u00e0 constitu\u00eft per:<\/p>\n<p data-adtags-visited=\"true\">1.L&#8217;Alcalde\/Alcaldessa com a President\/a<\/p>\n<p data-adtags-visited=\"true\">2.Regidor\/a d&#8217;Educaci\u00f3 com a Vicepresident\/a i Gerent<\/p>\n<p data-adtags-visited=\"true\">3.Vocals:<\/p>\n<ul>\n<li data-adtags-visited=\"true\">Regidor\/a de Cultura i Regidor\/a de Benestar Social<\/li>\n<li data-adtags-visited=\"true\">1 Representant del professorat<\/li>\n<li data-adtags-visited=\"true\">1 Representant de pares i mares per cada nivell d&#8217;alumnes (Infantil 0, Infantil 1, Infantil 2)<\/li>\n<li data-adtags-visited=\"true\">2 Representants escollits pel Ple de l&#8217;Ajuntament, a proposta dels regidors d&#8217;Educaci\u00f3 i Cultura<\/li>\n<\/ul>\n<p data-adtags-visited=\"true\">Durant la trobada informativa inicial de setembre amb les fam\u00edlies, se&#8217;ls hi explica el\u00a0 funcionament del Patronat.\u00a0 D&#8217;aquesta trobada haur\u00e0 de sortir un representant de cada un dels nivells de l&#8217;escola (Infantil 0, Infantil 1, Infantil 2)\u00a0 que faran d\u2019intermediaris amb el Patronat. La finalitat \u00e9s garantir la comunicaci\u00f3 i expressar les inquietuds, dubtes i suggeriments de les fam\u00edlies, i transmetre&#8217;ls als representants per tel\u00e8fon o WhatsApp. Aquestes peticions s&#8217;exposaran a la reuni\u00f3 posterior de Patronat.<\/p>\n<p data-adtags-visited=\"true\">El Patronat es re<span style=\"font-family: inherit; font-size: 1em;\">uneix, <\/span><span style=\"font-family: inherit; font-size: 1em;\">com a m\u00ednim, un cop cada trimestre a l&#8217;Ajuntament.<\/span><\/p>\n<p data-adtags-visited=\"true\">Funcionament del Patronat:<\/p>\n<ol>\n<li data-adtags-visited=\"true\">Primer Patronat<\/li>\n<\/ol>\n<ul>\n<li data-adtags-visited=\"true\">Aprovaci\u00f3 acta anterior<\/li>\n<li data-adtags-visited=\"true\">Aprovaci\u00f3 avantprojecte pressupost<\/li>\n<li data-adtags-visited=\"true\">Contractaci\u00f3 del nou personal<\/li>\n<li data-adtags-visited=\"true\">Informacions diverses (incid\u00e8ncies, urg\u00e8ncies, precs i preguntes)<\/li>\n<\/ul>\n<p data-adtags-visited=\"true\">2.Segon Patronat<\/p>\n<ul>\n<li data-adtags-visited=\"true\">Aprovaci\u00f3 acta anterior<\/li>\n<li data-adtags-visited=\"true\">Oferta places curs seg\u00fcent<\/li>\n<li data-adtags-visited=\"true\">Portes Obertes del centre<\/li>\n<li data-adtags-visited=\"true\">Dates i calendaris preinscripcions<\/li>\n<li data-adtags-visited=\"true\">Modificaci\u00f3 del NOFC, si escau<\/li>\n<li data-adtags-visited=\"true\">Informacions diverses (incid\u00e8ncies, urg\u00e8ncies, precs i preguntes)<\/li>\n<\/ul>\n<p>3. Tercer Patronat<\/p>\n<ul>\n<li>Aprovaci\u00f3 acta anterior<\/li>\n<li>Aprovaci\u00f3 Mem\u00f2ria Anual del curs actual<\/li>\n<li>Aprovar Programaci\u00f3 General Anual del Centre del curs seg\u00fcent<\/li>\n<li>Presentaci\u00f3 resultat enquestes valoraci\u00f3 fam\u00edlies<\/li>\n<li>Informacions diverses (incid\u00e8ncies, urg\u00e8ncies, precs i preguntes)<\/li>\n<\/ul>\n<p>4. Quart Patronat<\/p>\n<p>Es convocar\u00e0 si hi ha una necessitat extraordin\u00e0ria a tractar.<\/p>\n","protected":false},"excerpt":{"rendered":"<p>El Patronat est\u00e0 constitu\u00eft per:<br \/>\n1.L&#8217;Alcalde\/Alcaldessa com a President\/a<br \/>\n2.Regidor\/a d&#8217;Educaci\u00f3 com a Vicepresident\/a i Gerent<br \/>\n3.Vocals:<\/p>\n<ul>\n<li data-adtags-visited=\"true\">Regidor\/a de Cultura i Regidor\/a de Benestar Social<\/li>\n<li data-adtags-visited=\"true\">1 Representant del professorat<\/li>\n<li data-adtags-visited=\"true\">1 Representant de pares i mares per cada nivell d&#8217;alumnes (Infantil 0, Infantil 1, Infantil 2)<\/li>\n<li data-adtags-visited=\"true\">2 Representants escollits&hellip;  <a href=\"https:\/\/agora.xtec.cat\/ebcabrils-germanarosaaymerich\/pagines-dinici\/consell-escolar\/\" title=\"Read Patronat\">Llegeix m\u00e9s\u00bb<\/a><br \/>\n","protected":false},"author":1,"featured_media":0,"parent":7,"menu_order":70,"comment_status":"closed","ping_status":"closed","template":"page-templates\/side-menu.php","meta":{"_bbp_topic_count":0,"_bbp_reply_count":0,"_bbp_total_topic_count":0,"_bbp_total_reply_count":0,"_bbp_voice_count":0,"_bbp_anonymous_reply_count":0,"_bbp_topic_count_hidden":0,"_bbp_reply_count_hidden":0,"_bbp_forum_subforum_count":0,"footnotes":""},"class_list":["post-28","page","type-page","status-publish","hentry"],"post_mailing_queue_ids":[],"_links":{"self":[{"href":"https:\/\/agora.xtec.cat\/ebcabrils-germanarosaaymerich\/wp-json\/wp\/v2\/pages\/28","targetHints":{"allow":["GET"]}}],"collection":[{"href":"https:\/\/agora.xtec.cat\/ebcabrils-germanarosaaymerich\/wp-json\/wp\/v2\/pages"}],"about":[{"href":"https:\/\/agora.xtec.cat\/ebcabrils-germanarosaaymerich\/wp-json\/wp\/v2\/types\/page"}],"author":[{"embeddable":true,"href":"https:\/\/agora.xtec.cat\/ebcabrils-germanarosaaymerich\/wp-json\/wp\/v2\/users\/1"}],"replies":[{"embeddable":true,"href":"https:\/\/agora.xtec.cat\/ebcabrils-germanarosaaymerich\/wp-json\/wp\/v2\/comments?post=28"}],"version-history":[{"count":3,"href":"https:\/\/agora.xtec.cat\/ebcabrils-germanarosaaymerich\/wp-json\/wp\/v2\/pages\/28\/revisions"}],"predecessor-version":[{"id":1107,"href":"https:\/\/agora.xtec.cat\/ebcabrils-germanarosaaymerich\/wp-json\/wp\/v2\/pages\/28\/revisions\/1107"}],"up":[{"embeddable":true,"href":"https:\/\/agora.xtec.cat\/ebcabrils-germanarosaaymerich\/wp-json\/wp\/v2\/pages\/7"}],"wp:attachment":[{"href":"https:\/\/agora.xtec.cat\/ebcabrils-germanarosaaymerich\/wp-json\/wp\/v2\/media?parent=28"}],"curies":[{"name":"wp","href":"https:\/\/api.w.org\/{rel}","templated":true}]}}