{"id":459,"date":"2016-03-22T19:51:07","date_gmt":"2016-03-22T18:51:07","guid":{"rendered":"http:\/\/agora.xtec.cat\/eb-elmenut\/?page_id=459"},"modified":"2024-01-15T13:24:01","modified_gmt":"2024-01-15T12:24:01","slug":"ocells","status":"publish","type":"page","link":"https:\/\/agora.xtec.cat\/eb-elmenut\/lescola\/instal%c2%b7lacions\/ocells\/","title":{"rendered":"Ocells"},"content":{"rendered":"<p><a href=\"https:\/\/agora.xtec.cat\/eb-elmenut\/wp-content\/uploads\/usu1089\/2023\/12\/Diseno-sin-titulo-2.png\"><img loading=\"lazy\" decoding=\"async\" class=\"alignnone size-full wp-image-875\" src=\"https:\/\/agora.xtec.cat\/eb-elmenut\/wp-content\/uploads\/usu1089\/2023\/12\/Diseno-sin-titulo-2.png\" alt=\"\" width=\"1000\" height=\"800\" srcset=\"https:\/\/agora.xtec.cat\/eb-elmenut\/wp-content\/uploads\/usu1089\/2023\/12\/Diseno-sin-titulo-2.png 1000w, https:\/\/agora.xtec.cat\/eb-elmenut\/wp-content\/uploads\/usu1089\/2023\/12\/Diseno-sin-titulo-2-300x240.png 300w, https:\/\/agora.xtec.cat\/eb-elmenut\/wp-content\/uploads\/usu1089\/2023\/12\/Diseno-sin-titulo-2-768x614.png 768w\" sizes=\"auto, (max-width: 1000px) 100vw, 1000px\" \/><\/a><\/p>\n<p style=\"background: white;\"><span style=\"font-family: 'Arial','sans-serif'; color: #444444;\">A l\u2019aula dels Ocells, durant el curs 2023-2024, hi ha un total de 15 alumnes de 2 a 3 anys.<br \/>\n<\/span><\/p>\n<p style=\"background: white; orphans: auto; text-align: start; widows: 1; -webkit-text-stroke-width: 0px; word-spacing: 0px;\"><span style=\"color: #444444; font-family: Arial, sans-serif;\">A l&#8217;aula dels Ocells s&#8217;introdueixen les activitats educatives d&#8217;\u00e8xit que es contemplen com a Comunitat d&#8217;aprenentatge: gups interactius i tert\u00falies dial\u00f2giques.<\/span><\/p>\n<p style=\"background: white; orphans: auto; text-align: start; widows: 1; -webkit-text-stroke-width: 0px; word-spacing: 0px;\"><span style=\"color: #444444; font-family: Arial, sans-serif;\">Es d\u00f3na molta import\u00e0ncia a la pr\u00f2pia descoberta dels infants a trav\u00e9s del joc lliure, proposant racons i materials adequats a les necessitats del grup i creant situacions d&#8217;aprenentatge per fomentar el desenvolupament integral de cada un d&#8217;ells.<br \/>\n<\/span><\/p>\n<p style=\"background: white; orphans: auto; text-align: start; widows: 1; -webkit-text-stroke-width: 0px; word-spacing: 0px;\">\n","protected":false},"excerpt":{"rendered":"<p><a href=\"https:\/\/agora.xtec.cat\/eb-elmenut\/wp-content\/uploads\/usu1089\/2023\/12\/Diseno-sin-titulo-2.png\"><\/a><br \/>\nA l\u2019aula dels Ocells, durant el curs 2023-2024, hi ha un total de 15 alumnes de 2 a 3 anys.<\/p>\n<p>A l&#8217;aula dels Ocells s&#8217;introdueixen les activitats educatives d&#8217;\u00e8xit que es contemplen com a Comunitat d&#8217;aprenentatge: gups interactius i tert\u00falies dial\u00f2giques.<br \/>\nEs d\u00f3na molta import\u00e0ncia a&hellip;  <a href=\"https:\/\/agora.xtec.cat\/eb-elmenut\/lescola\/instal%c2%b7lacions\/ocells\/\" title=\"Read Ocells\">Llegeix m\u00e9s\u00bb<\/a><\/p>\n","protected":false},"author":1,"featured_media":0,"parent":30,"menu_order":0,"comment_status":"closed","ping_status":"closed","template":"page-templates\/side-menu.php","meta":{"_bbp_topic_count":0,"_bbp_reply_count":0,"_bbp_total_topic_count":0,"_bbp_total_reply_count":0,"_bbp_voice_count":0,"_bbp_anonymous_reply_count":0,"_bbp_topic_count_hidden":0,"_bbp_reply_count_hidden":0,"_bbp_forum_subforum_count":0,"footnotes":""},"class_list":["post-459","page","type-page","status-publish","hentry"],"post_mailing_queue_ids":[],"_links":{"self":[{"href":"https:\/\/agora.xtec.cat\/eb-elmenut\/wp-json\/wp\/v2\/pages\/459","targetHints":{"allow":["GET"]}}],"collection":[{"href":"https:\/\/agora.xtec.cat\/eb-elmenut\/wp-json\/wp\/v2\/pages"}],"about":[{"href":"https:\/\/agora.xtec.cat\/eb-elmenut\/wp-json\/wp\/v2\/types\/page"}],"author":[{"embeddable":true,"href":"https:\/\/agora.xtec.cat\/eb-elmenut\/wp-json\/wp\/v2\/users\/1"}],"replies":[{"embeddable":true,"href":"https:\/\/agora.xtec.cat\/eb-elmenut\/wp-json\/wp\/v2\/comments?post=459"}],"version-history":[{"count":7,"href":"https:\/\/agora.xtec.cat\/eb-elmenut\/wp-json\/wp\/v2\/pages\/459\/revisions"}],"predecessor-version":[{"id":894,"href":"https:\/\/agora.xtec.cat\/eb-elmenut\/wp-json\/wp\/v2\/pages\/459\/revisions\/894"}],"up":[{"embeddable":true,"href":"https:\/\/agora.xtec.cat\/eb-elmenut\/wp-json\/wp\/v2\/pages\/30"}],"wp:attachment":[{"href":"https:\/\/agora.xtec.cat\/eb-elmenut\/wp-json\/wp\/v2\/media?parent=459"}],"curies":[{"name":"wp","href":"https:\/\/api.w.org\/{rel}","templated":true}]}}

<p><a href="https://agora.xtec.cat/eb-elmenut/wp-content/uploads/usu1089/2023/12/Diseno-sin-titulo-2.png"><img loading="lazy" decoding="async" class="alignnone size-full wp-image-875" src="https://agora.xtec.cat/eb-elmenut/wp-content/uploads/usu1089/2023/12/Diseno-sin-titulo-2.png" alt="" width="1000" height="800" srcset="https://agora.xtec.cat/eb-elmenut/wp-content/uploads/usu1089/2023/12/Diseno-sin-titulo-2.png 1000w, https://agora.xtec.cat/eb-elmenut/wp-content/uploads/usu1089/2023/12/Diseno-sin-titulo-2-300x240.png 300w, https://agora.xtec.cat/eb-elmenut/wp-content/uploads/usu1089/2023/12/Diseno-sin-titulo-2-768x614.png 768w" sizes="auto, (max-width: 1000px) 100vw, 1000px" /></a></p>
<p style="background: white;"><span style="font-family: 'Arial','sans-serif'; color: #444444;">A l’aula dels Ocells, durant el curs 2023-2024, hi ha un total de 15 alumnes de 2 a 3 anys.<br />
</span></p>
<p style="background: white; orphans: auto; text-align: start; widows: 1; -webkit-text-stroke-width: 0px; word-spacing: 0px;"><span style="color: #444444; font-family: Arial, sans-serif;">A l&#8217;aula dels Ocells s&#8217;introdueixen les activitats educatives d&#8217;èxit que es contemplen com a Comunitat d&#8217;aprenentatge: gups interactius i tertúlies dialògiques.</span></p>
<p style="background: white; orphans: auto; text-align: start; widows: 1; -webkit-text-stroke-width: 0px; word-spacing: 0px;"><span style="color: #444444; font-family: Arial, sans-serif;">Es dóna molta importància a la pròpia descoberta dels infants a través del joc lliure, proposant racons i materials adequats a les necessitats del grup i creant situacions d&#8217;aprenentatge per fomentar el desenvolupament integral de cada un d&#8217;ells.<br />
</span></p>
<p style="background: white; orphans: auto; text-align: start; widows: 1; -webkit-text-stroke-width: 0px; word-spacing: 0px;">

<p><a href="https://agora.xtec.cat/eb-elmenut/wp-content/uploads/usu1089/2023/12/Diseno-sin-titulo-2.png"></a><br />
A l’aula dels Ocells, durant el curs 2023-2024, hi ha un total de 15 alumnes de 2 a 3 anys.</p>
<p>A l&#8217;aula dels Ocells s&#8217;introdueixen les activitats educatives d&#8217;èxit que es contemplen com a Comunitat d&#8217;aprenentatge: gups interactius i tertúlies dialògiques.<br />
Es dóna molta importància a&hellip;  <a href="https://agora.xtec.cat/eb-elmenut/lescola/instal%c2%b7lacions/ocells/" title="Read Ocells">Llegeix més»</a></p>
