{"id":442,"date":"2016-03-22T18:37:37","date_gmt":"2016-03-22T17:37:37","guid":{"rendered":"http:\/\/agora.xtec.cat\/eb-elmenut\/?page_id=442"},"modified":"2022-04-26T14:31:48","modified_gmt":"2022-04-26T12:31:48","slug":"les-comunitats-daprenentatge","status":"publish","type":"page","link":"https:\/\/agora.xtec.cat\/eb-elmenut\/lescola\/les-comunitats-daprenentatge\/","title":{"rendered":"Les comunitats d&#8217;aprenentatge"},"content":{"rendered":"<h4>Qu\u00e8 s\u00f3n?<\/h4>\n<div style=\"text-align: justify;\">\n<p>\u00c9s un projecte basat en un conjunt d\u2019actuacions educatives d\u2019\u00e8xit dirigides a la transformaci\u00f3 social i educativa. Aquest model educatiu est\u00e0 en conson\u00e0ncia amb les teories cient\u00edfiques a nivell internacional que destaquen dos factors claus per a l\u2019aprenentatge en la societat actual: les interaccions i la participaci\u00f3 de la comunitat.<\/p>\n<p>Les comunitats d\u2019aprenentatge impliquen a totes les persones que de forma directa o indirecta influeixen en l\u2019aprenentatge i el desenvolupament dels infants, incloent a mestres, familiars, amics i amigues, ve\u00efns i ve\u00efnes del barri, membres d\u2019associacions i organitzacions ve\u00efnals i locals, persones volunt\u00e0ries, etc&#8230;<\/p>\n<p>El projecte, que va comen\u00e7ar en l\u2019educaci\u00f3 obligat\u00f2ria el 1995, t\u00e9 actualment m\u00e9s de 120 comunitats d\u2019aprenentatge.<\/p>\n<p>Degut al seu \u00e8xit, s\u2019han est\u00e8s a nivell internacional, duent-se a terme en centres educatius a Brasil, i s\u2019han estudiat dins del sis\u00e8 programa del Marc d\u2019Investigaci\u00f3 de la Uni\u00f3 Europea INCLUD-ED com una actuaci\u00f3 d\u2019\u00e8xit per al foment de la cohesi\u00f3 social a Europa a trav\u00e9s de l\u2019educaci\u00f3 (CREA, 2006-2011). Partint dels somnis de tota la comunitat educativa i a trav\u00e9s del di\u00e0leg i la ci\u00e8ncia, aquest projecte transformador est\u00e0 arribant a un doble objectiu: superar el frac\u00e0s escolar i millorar la conviv\u00e8ncia.<\/p>\n<blockquote>\n<p style=\"text-align: center;\">&#8220;Per educar un infant cal tot el poble&#8221;<\/p>\n<p style=\"text-align: center;\">(Proverbi Afric\u00e0)<\/p>\n<\/blockquote>\n<\/div>\n<p>&nbsp;<\/p>\n<div style=\"text-align: justify;\"><\/div>\n<div>\n<div style=\"text-align: justify;\"><a href=\"https:\/\/www.comunidaddeaprendizaje.com.es\/\" target=\"_blank\" rel=\"noopener noreferrer\">Les comunitats d&#8217;aprenentatge<\/a><\/div>\n<\/div>\n","protected":false},"excerpt":{"rendered":"<p>Qu\u00e8 s\u00f3n?<\/p>\n<p>\u00c9s un projecte basat en un conjunt d\u2019actuacions educatives d\u2019\u00e8xit dirigides a la transformaci\u00f3 social i educativa. Aquest model educatiu est\u00e0 en conson\u00e0ncia amb les teories cient\u00edfiques a nivell internacional que destaquen dos factors claus per a l\u2019aprenentatge en la societat actual: les interaccions&hellip;  <a href=\"https:\/\/agora.xtec.cat\/eb-elmenut\/lescola\/les-comunitats-daprenentatge\/\" title=\"Read Les comunitats d&#8217;aprenentatge\">Llegeix m\u00e9s\u00bb<\/a><\/p>\n","protected":false},"author":1,"featured_media":0,"parent":22,"menu_order":29,"comment_status":"closed","ping_status":"closed","template":"page-templates\/side-menu.php","meta":{"_bbp_topic_count":0,"_bbp_reply_count":0,"_bbp_total_topic_count":0,"_bbp_total_reply_count":0,"_bbp_voice_count":0,"_bbp_anonymous_reply_count":0,"_bbp_topic_count_hidden":0,"_bbp_reply_count_hidden":0,"_bbp_forum_subforum_count":0,"footnotes":""},"class_list":["post-442","page","type-page","status-publish","hentry"],"post_mailing_queue_ids":[],"_links":{"self":[{"href":"https:\/\/agora.xtec.cat\/eb-elmenut\/wp-json\/wp\/v2\/pages\/442","targetHints":{"allow":["GET"]}}],"collection":[{"href":"https:\/\/agora.xtec.cat\/eb-elmenut\/wp-json\/wp\/v2\/pages"}],"about":[{"href":"https:\/\/agora.xtec.cat\/eb-elmenut\/wp-json\/wp\/v2\/types\/page"}],"author":[{"embeddable":true,"href":"https:\/\/agora.xtec.cat\/eb-elmenut\/wp-json\/wp\/v2\/users\/1"}],"replies":[{"embeddable":true,"href":"https:\/\/agora.xtec.cat\/eb-elmenut\/wp-json\/wp\/v2\/comments?post=442"}],"version-history":[{"count":3,"href":"https:\/\/agora.xtec.cat\/eb-elmenut\/wp-json\/wp\/v2\/pages\/442\/revisions"}],"predecessor-version":[{"id":804,"href":"https:\/\/agora.xtec.cat\/eb-elmenut\/wp-json\/wp\/v2\/pages\/442\/revisions\/804"}],"up":[{"embeddable":true,"href":"https:\/\/agora.xtec.cat\/eb-elmenut\/wp-json\/wp\/v2\/pages\/22"}],"wp:attachment":[{"href":"https:\/\/agora.xtec.cat\/eb-elmenut\/wp-json\/wp\/v2\/media?parent=442"}],"curies":[{"name":"wp","href":"https:\/\/api.w.org\/{rel}","templated":true}]}}

<h4>Què són?</h4>
<div style="text-align: justify;">
<p>És un projecte basat en un conjunt d’actuacions educatives d’èxit dirigides a la transformació social i educativa. Aquest model educatiu està en consonància amb les teories científiques a nivell internacional que destaquen dos factors claus per a l’aprenentatge en la societat actual: les interaccions i la participació de la comunitat.</p>
<p>Les comunitats d’aprenentatge impliquen a totes les persones que de forma directa o indirecta influeixen en l’aprenentatge i el desenvolupament dels infants, incloent a mestres, familiars, amics i amigues, veïns i veïnes del barri, membres d’associacions i organitzacions veïnals i locals, persones voluntàries, etc&#8230;</p>
<p>El projecte, que va començar en l’educació obligatòria el 1995, té actualment més de 120 comunitats d’aprenentatge.</p>
<p>Degut al seu èxit, s’han estès a nivell internacional, duent-se a terme en centres educatius a Brasil, i s’han estudiat dins del sisè programa del Marc d’Investigació de la Unió Europea INCLUD-ED com una actuació d’èxit per al foment de la cohesió social a Europa a través de l’educació (CREA, 2006-2011). Partint dels somnis de tota la comunitat educativa i a través del diàleg i la ciència, aquest projecte transformador està arribant a un doble objectiu: superar el fracàs escolar i millorar la convivència.</p>
<blockquote>
<p style="text-align: center;">&#8220;Per educar un infant cal tot el poble&#8221;</p>
<p style="text-align: center;">(Proverbi Africà)</p>
</blockquote>
</div>
<p>&nbsp;</p>
<div style="text-align: justify;"></div>
<div>
<div style="text-align: justify;"><a href="https://www.comunidaddeaprendizaje.com.es/" target="_blank" rel="noopener noreferrer">Les comunitats d&#8217;aprenentatge</a></div>
</div>

<p>Què són?</p>
<p>És un projecte basat en un conjunt d’actuacions educatives d’èxit dirigides a la transformació social i educativa. Aquest model educatiu està en consonància amb les teories científiques a nivell internacional que destaquen dos factors claus per a l’aprenentatge en la societat actual: les interaccions&hellip;  <a href="https://agora.xtec.cat/eb-elmenut/lescola/les-comunitats-daprenentatge/" title="Read Les comunitats d&#8217;aprenentatge">Llegeix més»</a></p>
