{"id":30,"date":"2014-09-18T12:30:23","date_gmt":"2014-09-18T11:30:23","guid":{"rendered":"http:\/\/agora.xtec.cat\/eb-elmenut\/?page_id=30"},"modified":"2023-12-14T14:28:04","modified_gmt":"2023-12-14T13:28:04","slug":"instal%c2%b7lacions","status":"publish","type":"page","link":"https:\/\/agora.xtec.cat\/eb-elmenut\/lescola\/instal%c2%b7lacions\/","title":{"rendered":"Espais"},"content":{"rendered":"<p style=\"background: white;\"><span style=\"font-family: 'Arial','sans-serif'; color: #444444;\">Al centre hi ha dues aules destinades als alumnes: l\u2019aula dels Ocells (infants de 1-3 anys) i l\u2019aula de Peixos (infants de 0-2 anys). <\/span><span style=\"font-family: 'Arial','sans-serif'; color: #444444;\">En aquests espais \u00e9s a on els infants hi realitzen la majoria d\u2019activitats, h\u00e0bits i rutines. Una tercera aula est\u00e0 destinada al descans dels infants.<\/span><a href=\"https:\/\/agora.xtec.cat\/eb-elmenut\/wp-content\/uploads\/usu1089\/2023\/12\/Dormitori-1.png\"><img loading=\"lazy\" decoding=\"async\" class=\"alignnone size-full wp-image-884\" src=\"https:\/\/agora.xtec.cat\/eb-elmenut\/wp-content\/uploads\/usu1089\/2023\/12\/Dormitori-1.png\" alt=\"\" width=\"1000\" height=\"800\" srcset=\"https:\/\/agora.xtec.cat\/eb-elmenut\/wp-content\/uploads\/usu1089\/2023\/12\/Dormitori-1.png 1000w, https:\/\/agora.xtec.cat\/eb-elmenut\/wp-content\/uploads\/usu1089\/2023\/12\/Dormitori-1-300x240.png 300w, https:\/\/agora.xtec.cat\/eb-elmenut\/wp-content\/uploads\/usu1089\/2023\/12\/Dormitori-1-768x614.png 768w\" sizes=\"auto, (max-width: 1000px) 100vw, 1000px\" \/><\/a><\/p>\n<p><span style=\"font-family: 'Arial','sans-serif'; color: #444444;\">L&#8217;escola tamb\u00e9 disposa d&#8217;una sala polivalent a on s\u2019hi realitzen les sessions de psicomotricitat i propostes que requereixen espais amplis. Aquesta aula est\u00e0 compartida amb els alumnes d&#8217;infantil de l&#8217;escola CEIP Basseroles.<\/span><\/p>\n<p>El taller representa un espai creatiu, a on els infants poden desenvolupar la seva creativitat, descoberta i imaginaci\u00f3 a trav\u00e9s de materials que pretenen potenciar l&#8217;experimentaci\u00f3 lliure i l&#8217;expressi\u00f3 pl\u00e0stica.<a href=\"https:\/\/agora.xtec.cat\/eb-elmenut\/wp-content\/uploads\/usu1089\/2023\/12\/Taller.png\"><img loading=\"lazy\" decoding=\"async\" class=\"alignnone size-full wp-image-880\" src=\"https:\/\/agora.xtec.cat\/eb-elmenut\/wp-content\/uploads\/usu1089\/2023\/12\/Taller.png\" alt=\"\" width=\"1000\" height=\"800\" srcset=\"https:\/\/agora.xtec.cat\/eb-elmenut\/wp-content\/uploads\/usu1089\/2023\/12\/Taller.png 1000w, https:\/\/agora.xtec.cat\/eb-elmenut\/wp-content\/uploads\/usu1089\/2023\/12\/Taller-300x240.png 300w, https:\/\/agora.xtec.cat\/eb-elmenut\/wp-content\/uploads\/usu1089\/2023\/12\/Taller-768x614.png 768w\" sizes=\"auto, (max-width: 1000px) 100vw, 1000px\" \/><\/a><\/p>\n<p style=\"background: white;\"><span style=\"font-family: 'Arial','sans-serif'; color: #444444;\">Un altre rac\u00f3 del centre \u00e9s l\u2019espai familiar. Situat just a l\u2019entrada de l\u2019escola \u00e9s un espai a on fam\u00edlies i infants poden gaudir d\u2019una estona junts en moments d&#8217;arribada o sortida.<\/span><a href=\"https:\/\/agora.xtec.cat\/eb-elmenut\/wp-content\/uploads\/usu1089\/2023\/12\/Espai-familiar.png\"><img loading=\"lazy\" decoding=\"async\" class=\"alignnone size-full wp-image-881\" src=\"https:\/\/agora.xtec.cat\/eb-elmenut\/wp-content\/uploads\/usu1089\/2023\/12\/Espai-familiar.png\" alt=\"\" width=\"1000\" height=\"800\" srcset=\"https:\/\/agora.xtec.cat\/eb-elmenut\/wp-content\/uploads\/usu1089\/2023\/12\/Espai-familiar.png 1000w, https:\/\/agora.xtec.cat\/eb-elmenut\/wp-content\/uploads\/usu1089\/2023\/12\/Espai-familiar-300x240.png 300w, https:\/\/agora.xtec.cat\/eb-elmenut\/wp-content\/uploads\/usu1089\/2023\/12\/Espai-familiar-768x614.png 768w\" sizes=\"auto, (max-width: 1000px) 100vw, 1000px\" \/><\/a><\/p>\n<p style=\"background: white;\"><span style=\"font-family: 'Arial','sans-serif'; color: #444444;\">Gaudim de dos espais exteriors creats per oferir als infants nous reptes i un gran ventall de possibilitat d\u2019aprenentatges en un entorn natural i segur amb sortida directe des de les aules. <\/span><\/p>\n<p><a href=\"https:\/\/agora.xtec.cat\/eb-elmenut\/wp-content\/uploads\/usu1089\/2023\/12\/Pati-2.png\"><img loading=\"lazy\" decoding=\"async\" class=\"alignnone size-full wp-image-882\" src=\"https:\/\/agora.xtec.cat\/eb-elmenut\/wp-content\/uploads\/usu1089\/2023\/12\/Pati-2.png\" alt=\"\" width=\"1000\" height=\"800\" srcset=\"https:\/\/agora.xtec.cat\/eb-elmenut\/wp-content\/uploads\/usu1089\/2023\/12\/Pati-2.png 1000w, https:\/\/agora.xtec.cat\/eb-elmenut\/wp-content\/uploads\/usu1089\/2023\/12\/Pati-2-300x240.png 300w, https:\/\/agora.xtec.cat\/eb-elmenut\/wp-content\/uploads\/usu1089\/2023\/12\/Pati-2-768x614.png 768w\" sizes=\"auto, (max-width: 1000px) 100vw, 1000px\" \/><\/a><\/p>\n<p style=\"background: white;\"><span style=\"font-family: 'Arial','sans-serif'; color: #444444;\">El centre tamb\u00e9 disposa de cuina pr\u00f2pia centralitzada amb cuinera, actualment gestionada per 7itria.<\/span><\/p>\n<p>&nbsp;<\/p>\n","protected":false},"excerpt":{"rendered":"<p>Al centre hi ha dues aules destinades als alumnes: l\u2019aula dels Ocells (infants de 1-3 anys) i l\u2019aula de Peixos (infants de 0-2 anys). En aquests espais \u00e9s a on els infants hi realitzen la majoria d\u2019activitats, h\u00e0bits i rutines. Una tercera aula est\u00e0 destinada&hellip;  <a href=\"https:\/\/agora.xtec.cat\/eb-elmenut\/lescola\/instal%c2%b7lacions\/\" title=\"Read Espais\">Llegeix m\u00e9s\u00bb<\/a><\/p>\n","protected":false},"author":1,"featured_media":0,"parent":22,"menu_order":0,"comment_status":"closed","ping_status":"closed","template":"page-templates\/side-menu.php","meta":{"_bbp_topic_count":0,"_bbp_reply_count":0,"_bbp_total_topic_count":0,"_bbp_total_reply_count":0,"_bbp_voice_count":0,"_bbp_anonymous_reply_count":0,"_bbp_topic_count_hidden":0,"_bbp_reply_count_hidden":0,"_bbp_forum_subforum_count":0,"footnotes":""},"class_list":["post-30","page","type-page","status-publish","hentry"],"post_mailing_queue_ids":[],"_links":{"self":[{"href":"https:\/\/agora.xtec.cat\/eb-elmenut\/wp-json\/wp\/v2\/pages\/30","targetHints":{"allow":["GET"]}}],"collection":[{"href":"https:\/\/agora.xtec.cat\/eb-elmenut\/wp-json\/wp\/v2\/pages"}],"about":[{"href":"https:\/\/agora.xtec.cat\/eb-elmenut\/wp-json\/wp\/v2\/types\/page"}],"author":[{"embeddable":true,"href":"https:\/\/agora.xtec.cat\/eb-elmenut\/wp-json\/wp\/v2\/users\/1"}],"replies":[{"embeddable":true,"href":"https:\/\/agora.xtec.cat\/eb-elmenut\/wp-json\/wp\/v2\/comments?post=30"}],"version-history":[{"count":6,"href":"https:\/\/agora.xtec.cat\/eb-elmenut\/wp-json\/wp\/v2\/pages\/30\/revisions"}],"predecessor-version":[{"id":885,"href":"https:\/\/agora.xtec.cat\/eb-elmenut\/wp-json\/wp\/v2\/pages\/30\/revisions\/885"}],"up":[{"embeddable":true,"href":"https:\/\/agora.xtec.cat\/eb-elmenut\/wp-json\/wp\/v2\/pages\/22"}],"wp:attachment":[{"href":"https:\/\/agora.xtec.cat\/eb-elmenut\/wp-json\/wp\/v2\/media?parent=30"}],"curies":[{"name":"wp","href":"https:\/\/api.w.org\/{rel}","templated":true}]}}

<p style="background: white;"><span style="font-family: 'Arial','sans-serif'; color: #444444;">Al centre hi ha dues aules destinades als alumnes: l’aula dels Ocells (infants de 1-3 anys) i l’aula de Peixos (infants de 0-2 anys). </span><span style="font-family: 'Arial','sans-serif'; color: #444444;">En aquests espais és a on els infants hi realitzen la majoria d’activitats, hàbits i rutines. Una tercera aula està destinada al descans dels infants.</span><a href="https://agora.xtec.cat/eb-elmenut/wp-content/uploads/usu1089/2023/12/Dormitori-1.png"><img loading="lazy" decoding="async" class="alignnone size-full wp-image-884" src="https://agora.xtec.cat/eb-elmenut/wp-content/uploads/usu1089/2023/12/Dormitori-1.png" alt="" width="1000" height="800" srcset="https://agora.xtec.cat/eb-elmenut/wp-content/uploads/usu1089/2023/12/Dormitori-1.png 1000w, https://agora.xtec.cat/eb-elmenut/wp-content/uploads/usu1089/2023/12/Dormitori-1-300x240.png 300w, https://agora.xtec.cat/eb-elmenut/wp-content/uploads/usu1089/2023/12/Dormitori-1-768x614.png 768w" sizes="auto, (max-width: 1000px) 100vw, 1000px" /></a></p>
<p><span style="font-family: 'Arial','sans-serif'; color: #444444;">L&#8217;escola també disposa d&#8217;una sala polivalent a on s’hi realitzen les sessions de psicomotricitat i propostes que requereixen espais amplis. Aquesta aula està compartida amb els alumnes d&#8217;infantil de l&#8217;escola CEIP Basseroles.</span></p>
<p>El taller representa un espai creatiu, a on els infants poden desenvolupar la seva creativitat, descoberta i imaginació a través de materials que pretenen potenciar l&#8217;experimentació lliure i l&#8217;expressió plàstica.<a href="https://agora.xtec.cat/eb-elmenut/wp-content/uploads/usu1089/2023/12/Taller.png"><img loading="lazy" decoding="async" class="alignnone size-full wp-image-880" src="https://agora.xtec.cat/eb-elmenut/wp-content/uploads/usu1089/2023/12/Taller.png" alt="" width="1000" height="800" srcset="https://agora.xtec.cat/eb-elmenut/wp-content/uploads/usu1089/2023/12/Taller.png 1000w, https://agora.xtec.cat/eb-elmenut/wp-content/uploads/usu1089/2023/12/Taller-300x240.png 300w, https://agora.xtec.cat/eb-elmenut/wp-content/uploads/usu1089/2023/12/Taller-768x614.png 768w" sizes="auto, (max-width: 1000px) 100vw, 1000px" /></a></p>
<p style="background: white;"><span style="font-family: 'Arial','sans-serif'; color: #444444;">Un altre racó del centre és l’espai familiar. Situat just a l’entrada de l’escola és un espai a on famílies i infants poden gaudir d’una estona junts en moments d&#8217;arribada o sortida.</span><a href="https://agora.xtec.cat/eb-elmenut/wp-content/uploads/usu1089/2023/12/Espai-familiar.png"><img loading="lazy" decoding="async" class="alignnone size-full wp-image-881" src="https://agora.xtec.cat/eb-elmenut/wp-content/uploads/usu1089/2023/12/Espai-familiar.png" alt="" width="1000" height="800" srcset="https://agora.xtec.cat/eb-elmenut/wp-content/uploads/usu1089/2023/12/Espai-familiar.png 1000w, https://agora.xtec.cat/eb-elmenut/wp-content/uploads/usu1089/2023/12/Espai-familiar-300x240.png 300w, https://agora.xtec.cat/eb-elmenut/wp-content/uploads/usu1089/2023/12/Espai-familiar-768x614.png 768w" sizes="auto, (max-width: 1000px) 100vw, 1000px" /></a></p>
<p style="background: white;"><span style="font-family: 'Arial','sans-serif'; color: #444444;">Gaudim de dos espais exteriors creats per oferir als infants nous reptes i un gran ventall de possibilitat d’aprenentatges en un entorn natural i segur amb sortida directe des de les aules. </span></p>
<p><a href="https://agora.xtec.cat/eb-elmenut/wp-content/uploads/usu1089/2023/12/Pati-2.png"><img loading="lazy" decoding="async" class="alignnone size-full wp-image-882" src="https://agora.xtec.cat/eb-elmenut/wp-content/uploads/usu1089/2023/12/Pati-2.png" alt="" width="1000" height="800" srcset="https://agora.xtec.cat/eb-elmenut/wp-content/uploads/usu1089/2023/12/Pati-2.png 1000w, https://agora.xtec.cat/eb-elmenut/wp-content/uploads/usu1089/2023/12/Pati-2-300x240.png 300w, https://agora.xtec.cat/eb-elmenut/wp-content/uploads/usu1089/2023/12/Pati-2-768x614.png 768w" sizes="auto, (max-width: 1000px) 100vw, 1000px" /></a></p>
<p style="background: white;"><span style="font-family: 'Arial','sans-serif'; color: #444444;">El centre també disposa de cuina pròpia centralitzada amb cuinera, actualment gestionada per 7itria.</span></p>
<p>&nbsp;</p>

<p>Al centre hi ha dues aules destinades als alumnes: l’aula dels Ocells (infants de 1-3 anys) i l’aula de Peixos (infants de 0-2 anys). En aquests espais és a on els infants hi realitzen la majoria d’activitats, hàbits i rutines. Una tercera aula està destinada&hellip;  <a href="https://agora.xtec.cat/eb-elmenut/lescola/instal%c2%b7lacions/" title="Read Espais">Llegeix més»</a></p>
