{"id":22,"date":"2014-09-18T12:19:57","date_gmt":"2014-09-18T11:19:57","guid":{"rendered":"http:\/\/agora.xtec.cat\/eb-elmenut\/?page_id=22"},"modified":"2023-12-14T14:17:59","modified_gmt":"2023-12-14T13:17:59","slug":"lescola","status":"publish","type":"page","link":"https:\/\/agora.xtec.cat\/eb-elmenut\/","title":{"rendered":"L&#8217;escola"},"content":{"rendered":"<h2>El Menut<\/h2>\n<p><a href=\"https:\/\/agora.xtec.cat\/eb-elmenut\/wp-content\/uploads\/usu1089\/2019\/02\/Foto-menut.jpg\"><img loading=\"lazy\" decoding=\"async\" class=\"alignnone size-large wp-image-554\" src=\"https:\/\/agora.xtec.cat\/eb-elmenut\/wp-content\/uploads\/usu1089\/2019\/02\/Foto-menut-1024x321.jpg\" alt=\"\" width=\"1024\" height=\"321\" srcset=\"https:\/\/agora.xtec.cat\/eb-elmenut\/wp-content\/uploads\/usu1089\/2019\/02\/Foto-menut-1024x321.jpg 1024w, https:\/\/agora.xtec.cat\/eb-elmenut\/wp-content\/uploads\/usu1089\/2019\/02\/Foto-menut-300x94.jpg 300w, https:\/\/agora.xtec.cat\/eb-elmenut\/wp-content\/uploads\/usu1089\/2019\/02\/Foto-menut-768x241.jpg 768w\" sizes=\"auto, (max-width: 1024px) 100vw, 1024px\" \/><\/a><\/p>\n<p>L&#8217;escola El Menut est\u00e0 situada dins el nucli de Sant Miquel de Baleny\u00e0, entre l\u2019escola CEIP &#8220;Les Basseroles \u201d i el camp de futbol. Est\u00e0 en funcionament des de l&#8217;any 2008 i acull l&#8217;etapa del primer cicle d&#8217;Educaci\u00f3 Infantil. L&#8217;equip educatiu est\u00e0 format per quatre mestres, que treballen conjuntament per afavorir el desenvolupament integral dels alumnes i l&#8217;assoliment d&#8217;aprenentatges significatius.<\/p>\n<p>El Menut \u00e9s Comunitat d\u2019aprenentatge, un projecte basat en portar a terme actuacions educatives d&#8217;\u00e8xit (grups interactius i tert\u00falies dial\u00f2giques) i que implica la participaci\u00f3 de tota la comunitat (mestres, fam\u00edlies, ve\u00efns, etc..) en el proc\u00e9s d&#8217;aprenentatge dels infants. Per aquest motiu es valora molt la col\u00b7laboraci\u00f3 de les fam\u00edlies i de totes les persones que vulguin participar en l\u2019educaci\u00f3 dels infants de l&#8217;escola.<\/p>\n<p>Els espais i materials proposats pretenen potenciar i desenvolupar al m\u00e0xim totes i cada una de les capacitats dels infants, tot tenint en compte el ritme individual de cada un d&#8217;ells.<\/p>\n<p><a href=\"https:\/\/agora.xtec.cat\/eb-elmenut\/wp-content\/uploads\/usu1089\/2023\/12\/Diseno-sin-titulo-3.png\"><img loading=\"lazy\" decoding=\"async\" class=\"alignnone size-full wp-image-877\" src=\"https:\/\/agora.xtec.cat\/eb-elmenut\/wp-content\/uploads\/usu1089\/2023\/12\/Diseno-sin-titulo-3.png\" alt=\"\" width=\"1000\" height=\"800\" srcset=\"https:\/\/agora.xtec.cat\/eb-elmenut\/wp-content\/uploads\/usu1089\/2023\/12\/Diseno-sin-titulo-3.png 1000w, https:\/\/agora.xtec.cat\/eb-elmenut\/wp-content\/uploads\/usu1089\/2023\/12\/Diseno-sin-titulo-3-300x240.png 300w, https:\/\/agora.xtec.cat\/eb-elmenut\/wp-content\/uploads\/usu1089\/2023\/12\/Diseno-sin-titulo-3-768x614.png 768w\" sizes=\"auto, (max-width: 1000px) 100vw, 1000px\" \/><\/a><\/p>\n<p>La ubicaci\u00f3 de l&#8217;escola permet tenir un contacte directe i proper, tant amb l\u2019entorn com amb tota la comunitat educativa. S&#8217;intenten realitzar forces sortides per permetre que els infants interaccionin amb els espais naturals del poble i tamb\u00e9 amb les persones que hi habiten (sortides al bosc, al mercat, al casal, activitats conjuntes amb les Basseroles&#8230;).<\/p>\n<p><a href=\"https:\/\/agora.xtec.cat\/eb-elmenut\/wp-content\/uploads\/usu1089\/2023\/12\/Pati.png\"><img loading=\"lazy\" decoding=\"async\" class=\"alignnone size-full wp-image-878\" src=\"https:\/\/agora.xtec.cat\/eb-elmenut\/wp-content\/uploads\/usu1089\/2023\/12\/Pati.png\" alt=\"\" width=\"1000\" height=\"800\" srcset=\"https:\/\/agora.xtec.cat\/eb-elmenut\/wp-content\/uploads\/usu1089\/2023\/12\/Pati.png 1000w, https:\/\/agora.xtec.cat\/eb-elmenut\/wp-content\/uploads\/usu1089\/2023\/12\/Pati-300x240.png 300w, https:\/\/agora.xtec.cat\/eb-elmenut\/wp-content\/uploads\/usu1089\/2023\/12\/Pati-768x614.png 768w\" sizes=\"auto, (max-width: 1000px) 100vw, 1000px\" \/><\/a><\/p>\n<p>&nbsp;<\/p>\n<p>&nbsp;<\/p>\n","protected":false},"excerpt":{"rendered":"<p>El Menut<br \/>\n<a href=\"https:\/\/agora.xtec.cat\/eb-elmenut\/wp-content\/uploads\/usu1089\/2019\/02\/Foto-menut.jpg\"><\/a><br \/>\nL&#8217;escola El Menut est\u00e0 situada dins el nucli de Sant Miquel de Baleny\u00e0, entre l\u2019escola CEIP &#8220;Les Basseroles \u201d i el camp de futbol. Est\u00e0 en funcionament des de l&#8217;any 2008 i acull l&#8217;etapa del primer cicle d&#8217;Educaci\u00f3 Infantil. L&#8217;equip educatiu est\u00e0 format&hellip;  <a href=\"https:\/\/agora.xtec.cat\/eb-elmenut\/\" title=\"Read L&#8217;escola\">Llegeix m\u00e9s\u00bb<\/a><\/p>\n","protected":false},"author":1,"featured_media":0,"parent":0,"menu_order":0,"comment_status":"closed","ping_status":"closed","template":"page-templates\/front-page.php","meta":{"_bbp_topic_count":0,"_bbp_reply_count":0,"_bbp_total_topic_count":0,"_bbp_total_reply_count":0,"_bbp_voice_count":0,"_bbp_anonymous_reply_count":0,"_bbp_topic_count_hidden":0,"_bbp_reply_count_hidden":0,"_bbp_forum_subforum_count":0,"footnotes":""},"class_list":["post-22","page","type-page","status-publish","hentry"],"post_mailing_queue_ids":[],"_links":{"self":[{"href":"https:\/\/agora.xtec.cat\/eb-elmenut\/wp-json\/wp\/v2\/pages\/22","targetHints":{"allow":["GET"]}}],"collection":[{"href":"https:\/\/agora.xtec.cat\/eb-elmenut\/wp-json\/wp\/v2\/pages"}],"about":[{"href":"https:\/\/agora.xtec.cat\/eb-elmenut\/wp-json\/wp\/v2\/types\/page"}],"author":[{"embeddable":true,"href":"https:\/\/agora.xtec.cat\/eb-elmenut\/wp-json\/wp\/v2\/users\/1"}],"replies":[{"embeddable":true,"href":"https:\/\/agora.xtec.cat\/eb-elmenut\/wp-json\/wp\/v2\/comments?post=22"}],"version-history":[{"count":5,"href":"https:\/\/agora.xtec.cat\/eb-elmenut\/wp-json\/wp\/v2\/pages\/22\/revisions"}],"predecessor-version":[{"id":879,"href":"https:\/\/agora.xtec.cat\/eb-elmenut\/wp-json\/wp\/v2\/pages\/22\/revisions\/879"}],"wp:attachment":[{"href":"https:\/\/agora.xtec.cat\/eb-elmenut\/wp-json\/wp\/v2\/media?parent=22"}],"curies":[{"name":"wp","href":"https:\/\/api.w.org\/{rel}","templated":true}]}}

<h2>El Menut</h2>
<p><a href="https://agora.xtec.cat/eb-elmenut/wp-content/uploads/usu1089/2019/02/Foto-menut.jpg"><img loading="lazy" decoding="async" class="alignnone size-large wp-image-554" src="https://agora.xtec.cat/eb-elmenut/wp-content/uploads/usu1089/2019/02/Foto-menut-1024x321.jpg" alt="" width="1024" height="321" srcset="https://agora.xtec.cat/eb-elmenut/wp-content/uploads/usu1089/2019/02/Foto-menut-1024x321.jpg 1024w, https://agora.xtec.cat/eb-elmenut/wp-content/uploads/usu1089/2019/02/Foto-menut-300x94.jpg 300w, https://agora.xtec.cat/eb-elmenut/wp-content/uploads/usu1089/2019/02/Foto-menut-768x241.jpg 768w" sizes="auto, (max-width: 1024px) 100vw, 1024px" /></a></p>
<p>L&#8217;escola El Menut està situada dins el nucli de Sant Miquel de Balenyà, entre l’escola CEIP &#8220;Les Basseroles ” i el camp de futbol. Està en funcionament des de l&#8217;any 2008 i acull l&#8217;etapa del primer cicle d&#8217;Educació Infantil. L&#8217;equip educatiu està format per quatre mestres, que treballen conjuntament per afavorir el desenvolupament integral dels alumnes i l&#8217;assoliment d&#8217;aprenentatges significatius.</p>
<p>El Menut és Comunitat d’aprenentatge, un projecte basat en portar a terme actuacions educatives d&#8217;èxit (grups interactius i tertúlies dialògiques) i que implica la participació de tota la comunitat (mestres, famílies, veïns, etc..) en el procés d&#8217;aprenentatge dels infants. Per aquest motiu es valora molt la col·laboració de les famílies i de totes les persones que vulguin participar en l’educació dels infants de l&#8217;escola.</p>
<p>Els espais i materials proposats pretenen potenciar i desenvolupar al màxim totes i cada una de les capacitats dels infants, tot tenint en compte el ritme individual de cada un d&#8217;ells.</p>
<p><a href="https://agora.xtec.cat/eb-elmenut/wp-content/uploads/usu1089/2023/12/Diseno-sin-titulo-3.png"><img loading="lazy" decoding="async" class="alignnone size-full wp-image-877" src="https://agora.xtec.cat/eb-elmenut/wp-content/uploads/usu1089/2023/12/Diseno-sin-titulo-3.png" alt="" width="1000" height="800" srcset="https://agora.xtec.cat/eb-elmenut/wp-content/uploads/usu1089/2023/12/Diseno-sin-titulo-3.png 1000w, https://agora.xtec.cat/eb-elmenut/wp-content/uploads/usu1089/2023/12/Diseno-sin-titulo-3-300x240.png 300w, https://agora.xtec.cat/eb-elmenut/wp-content/uploads/usu1089/2023/12/Diseno-sin-titulo-3-768x614.png 768w" sizes="auto, (max-width: 1000px) 100vw, 1000px" /></a></p>
<p>La ubicació de l&#8217;escola permet tenir un contacte directe i proper, tant amb l’entorn com amb tota la comunitat educativa. S&#8217;intenten realitzar forces sortides per permetre que els infants interaccionin amb els espais naturals del poble i també amb les persones que hi habiten (sortides al bosc, al mercat, al casal, activitats conjuntes amb les Basseroles&#8230;).</p>
<p><a href="https://agora.xtec.cat/eb-elmenut/wp-content/uploads/usu1089/2023/12/Pati.png"><img loading="lazy" decoding="async" class="alignnone size-full wp-image-878" src="https://agora.xtec.cat/eb-elmenut/wp-content/uploads/usu1089/2023/12/Pati.png" alt="" width="1000" height="800" srcset="https://agora.xtec.cat/eb-elmenut/wp-content/uploads/usu1089/2023/12/Pati.png 1000w, https://agora.xtec.cat/eb-elmenut/wp-content/uploads/usu1089/2023/12/Pati-300x240.png 300w, https://agora.xtec.cat/eb-elmenut/wp-content/uploads/usu1089/2023/12/Pati-768x614.png 768w" sizes="auto, (max-width: 1000px) 100vw, 1000px" /></a></p>
<p>&nbsp;</p>
<p>&nbsp;</p>

<p>El Menut<br />
<a href="https://agora.xtec.cat/eb-elmenut/wp-content/uploads/usu1089/2019/02/Foto-menut.jpg"></a><br />
L&#8217;escola El Menut està situada dins el nucli de Sant Miquel de Balenyà, entre l’escola CEIP &#8220;Les Basseroles ” i el camp de futbol. Està en funcionament des de l&#8217;any 2008 i acull l&#8217;etapa del primer cicle d&#8217;Educació Infantil. L&#8217;equip educatiu està format&hellip;  <a href="https://agora.xtec.cat/eb-elmenut/" title="Read L&#8217;escola">Llegeix més»</a></p>
