{"id":565,"date":"2022-01-12T10:22:22","date_gmt":"2022-01-12T09:22:22","guid":{"rendered":"https:\/\/agora.xtec.cat\/eatarrega\/?page_id=565"},"modified":"2025-12-15T13:55:35","modified_gmt":"2025-12-15T12:55:35","slug":"oficina-del-regant","status":"publish","type":"page","link":"https:\/\/agora.xtec.cat\/eatarrega\/iniciatives-i-altres-serveis\/oficina-del-regant\/","title":{"rendered":"Oficina del Regant"},"content":{"rendered":"<p>L\u2019<a href=\"https:\/\/agora.xtec.cat\/eatarrega\/\">Escola Agr\u00e0ria de T\u00e0rrega<\/a> \u00e9s la seu de l\u2019<a href=\"https:\/\/ruralcat.gencat.cat\/web\/guest\/oficina-del-regant\">Oficina del Regant<\/a> del <a href=\"https:\/\/agricultura.gencat.cat\/ca\/ambits\/formacio-innovacio\/escoles-agraries\/escola-agraria-tarrega\/dar_oficina_regant\/\">Departament d&#8217;Agricultura, Ramaderia, Pesca i Alimentaci\u00f3<\/a>, que ofereix formaci\u00f3 en reg i gestiona l\u2019<a href=\"https:\/\/ruralcat.gencat.cat\/web\/guest\/oficina-del-regant\/eines-de-reg\">eina de recomanaci\u00f3 de reg<\/a> allotjada al portal RuralCat.<\/p>\n<p>L\u2019<strong>Oficina del Regant <\/strong>s\u2019encarrega de la promoci\u00f3, la coordinaci\u00f3 i l\u2019organitzaci\u00f3 d\u2019actuacions de <a href=\"https:\/\/ruralcat.gencat.cat\/web\/guest\/oficina-del-regant\/cursos\">formaci\u00f3<\/a> i transfer\u00e8ncia tecnol\u00f2gica en reg, i actua com a suport en la cadena d\u2019assessorament al <strong>regant<\/strong>. Dona suport a les iniciatives, tant p\u00fabliques com privades, relacionades amb tot all\u00f2 que fa refer\u00e8ncia al regadiu. La seva funci\u00f3 \u00e9s coordinar l\u2019oferta formativa i de transfer\u00e8ncia tecnol\u00f2gica en les \u00e0rees d\u2019<strong>agronomia, tecnologia, gesti\u00f3 econ\u00f2mica i sostenibilitat del reg<\/strong> i del <strong>regadiu<\/strong>.<\/p>\n<p>A trav\u00e9s dels recursos del programa d\u2019innovaci\u00f3 rural del <strong>DARPA<\/strong>, programa activitats en les diferents zones de regadiu de <strong>Catalunya<\/strong> per fomentar l\u2019efici\u00e8ncia, la competitivitat i la sostenibilitat del reg, i promou l\u2019\u00fas de les noves tecnologies en gesti\u00f3 i programaci\u00f3 del reg.<\/p>\n<p><a href=\"https:\/\/ruralcat.gencat.cat\/web\/guest\/oficina-del-regant\" target=\"_blank\" rel=\"noopener\"><img loading=\"lazy\" decoding=\"async\" class=\"wp-image-1107 size-full aligncenter\" src=\"https:\/\/agora.xtec.cat\/eatarrega\/wp-content\/uploads\/usu2155\/2023\/03\/Oficina-del-Regant_Banners-5.png\" alt=\"\" width=\"1024\" height=\"300\" srcset=\"https:\/\/agora.xtec.cat\/eatarrega\/wp-content\/uploads\/usu2155\/2023\/03\/Oficina-del-Regant_Banners-5.png 1024w, https:\/\/agora.xtec.cat\/eatarrega\/wp-content\/uploads\/usu2155\/2023\/03\/Oficina-del-Regant_Banners-5-300x88.png 300w, https:\/\/agora.xtec.cat\/eatarrega\/wp-content\/uploads\/usu2155\/2023\/03\/Oficina-del-Regant_Banners-5-768x225.png 768w\" sizes=\"auto, (max-width: 1024px) 100vw, 1024px\" \/><\/a><\/p>\n","protected":false},"excerpt":{"rendered":"<p>L\u2019Escola Agr\u00e0ria de T\u00e0rrega \u00e9s la seu de l\u2019Oficina del Regant del Departament d&#8217;Agricultura, Ramaderia, Pesca i Alimentaci\u00f3, que ofereix formaci\u00f3 en reg i gestiona l\u2019eina de recomanaci\u00f3 de reg allotjada al portal RuralCat. L\u2019Oficina del Regant s\u2019encarrega de la promoci\u00f3, la coordinaci\u00f3 i l\u2019organitzaci\u00f3 d\u2019actuacions de formaci\u00f3 i transfer\u00e8ncia tecnol\u00f2gica en reg, i actua [&hellip;]<\/p>\n","protected":false},"author":4,"featured_media":0,"parent":549,"menu_order":10,"comment_status":"closed","ping_status":"closed","template":"page-templates\/side-menu.php","meta":{"_bbp_topic_count":0,"_bbp_reply_count":0,"_bbp_total_topic_count":0,"_bbp_total_reply_count":0,"_bbp_voice_count":0,"_bbp_anonymous_reply_count":0,"_bbp_topic_count_hidden":0,"_bbp_reply_count_hidden":0,"_bbp_forum_subforum_count":0,"site-sidebar-layout":"default","site-content-layout":"","ast-site-content-layout":"","site-content-style":"default","site-sidebar-style":"default","ast-global-header-display":"","ast-banner-title-visibility":"","ast-main-header-display":"","ast-hfb-above-header-display":"","ast-hfb-below-header-display":"","ast-hfb-mobile-header-display":"","site-post-title":"","ast-breadcrumbs-content":"","ast-featured-img":"","footer-sml-layout":"","theme-transparent-header-meta":"","adv-header-id-meta":"","stick-header-meta":"","header-above-stick-meta":"","header-main-stick-meta":"","header-below-stick-meta":"","astra-migrate-meta-layouts":"default","ast-page-background-enabled":"default","ast-page-background-meta":{"desktop":{"background-color":"var(--ast-global-color-4)","background-image":"","background-repeat":"repeat","background-position":"center center","background-size":"auto","background-attachment":"scroll","background-type":"","background-media":"","overlay-type":"","overlay-color":"","overlay-opacity":"","overlay-gradient":""},"tablet":{"background-color":"","background-image":"","background-repeat":"repeat","background-position":"center center","background-size":"auto","background-attachment":"scroll","background-type":"","background-media":"","overlay-type":"","overlay-color":"","overlay-opacity":"","overlay-gradient":""},"mobile":{"background-color":"","background-image":"","background-repeat":"repeat","background-position":"center center","background-size":"auto","background-attachment":"scroll","background-type":"","background-media":"","overlay-type":"","overlay-color":"","overlay-opacity":"","overlay-gradient":""}},"ast-content-background-meta":{"desktop":{"background-color":"var(--ast-global-color-5)","background-image":"","background-repeat":"repeat","background-position":"center center","background-size":"auto","background-attachment":"scroll","background-type":"","background-media":"","overlay-type":"","overlay-color":"","overlay-opacity":"","overlay-gradient":""},"tablet":{"background-color":"var(--ast-global-color-5)","background-image":"","background-repeat":"repeat","background-position":"center center","background-size":"auto","background-attachment":"scroll","background-type":"","background-media":"","overlay-type":"","overlay-color":"","overlay-opacity":"","overlay-gradient":""},"mobile":{"background-color":"var(--ast-global-color-5)","background-image":"","background-repeat":"repeat","background-position":"center center","background-size":"auto","background-attachment":"scroll","background-type":"","background-media":"","overlay-type":"","overlay-color":"","overlay-opacity":"","overlay-gradient":""}},"footnotes":""},"class_list":["post-565","page","type-page","status-publish","hentry"],"post_mailing_queue_ids":[],"_links":{"self":[{"href":"https:\/\/agora.xtec.cat\/eatarrega\/wp-json\/wp\/v2\/pages\/565","targetHints":{"allow":["GET"]}}],"collection":[{"href":"https:\/\/agora.xtec.cat\/eatarrega\/wp-json\/wp\/v2\/pages"}],"about":[{"href":"https:\/\/agora.xtec.cat\/eatarrega\/wp-json\/wp\/v2\/types\/page"}],"author":[{"embeddable":true,"href":"https:\/\/agora.xtec.cat\/eatarrega\/wp-json\/wp\/v2\/users\/4"}],"replies":[{"embeddable":true,"href":"https:\/\/agora.xtec.cat\/eatarrega\/wp-json\/wp\/v2\/comments?post=565"}],"version-history":[{"count":4,"href":"https:\/\/agora.xtec.cat\/eatarrega\/wp-json\/wp\/v2\/pages\/565\/revisions"}],"predecessor-version":[{"id":1462,"href":"https:\/\/agora.xtec.cat\/eatarrega\/wp-json\/wp\/v2\/pages\/565\/revisions\/1462"}],"up":[{"embeddable":true,"href":"https:\/\/agora.xtec.cat\/eatarrega\/wp-json\/wp\/v2\/pages\/549"}],"wp:attachment":[{"href":"https:\/\/agora.xtec.cat\/eatarrega\/wp-json\/wp\/v2\/media?parent=565"}],"curies":[{"name":"wp","href":"https:\/\/api.w.org\/{rel}","templated":true}]}}