{"id":1571,"date":"2026-03-10T16:50:15","date_gmt":"2026-03-10T15:50:15","guid":{"rendered":"https:\/\/agora.xtec.cat\/eatarrega\/?page_id=1571"},"modified":"2026-04-13T14:06:20","modified_gmt":"2026-04-13T12:06:20","slug":"cfgs-processos-i-qualitat-en-industries-alimentaries","status":"publish","type":"page","link":"https:\/\/agora.xtec.cat\/eatarrega\/cfgs-processos-i-qualitat-en-industries-alimentaries\/","title":{"rendered":"CFGS Processos i Qualitat en Ind\u00fastries Aliment\u00e0ries"},"content":{"rendered":"<p>El <a href=\"https:\/\/www.gencat.cat\/ensenyament\/eac\/pdf\/CFPS____IAB0_CA.pdf\" target=\"_blank\" rel=\"noopener\"><strong>Cicle Formatiu de Grau Superior de Processos i Qualitat en Ind\u00fastries Aliment\u00e0ries<\/strong><\/a> forma professionals especialitzats en la gesti\u00f3 dels processos productius, el control de qualitat i la seguretat aliment\u00e0ria dins de la ind\u00fastria agroaliment\u00e0ria.<\/p>\n<p>A l\u2019Escola Agr\u00e0ria de T\u00e0rrega, fruit de la necessitat de les ind\u00fastries agroaliment\u00e0ries de la comarca i de les comarques de la zona adjacents, hem posat en marxa aquesta formaci\u00f3 pr\u00e0ctica i vinculada al sector, que permet con\u00e8ixer de prop els processos de producci\u00f3 i transformaci\u00f3 dels aliments.<\/p>\n<p>El sector agroalimentari \u00e9s un dels sectors econ\u00f2mics m\u00e9s importants del territori i ofereix <strong>bones oportunitats d\u2019inserci\u00f3 laboral<\/strong> per a professionals qualificats.<\/p>\n<p><a href=\"https:\/\/agora.xtec.cat\/eatarrega\/wp-content\/uploads\/usu2155\/2026\/03\/EAt-CFGSindAlimentaria-xarxes.pdf\" target=\"_blank\" rel=\"noopener\"><img loading=\"lazy\" decoding=\"async\" class=\"alignnone size-full wp-image-1611\" src=\"https:\/\/agora.xtec.cat\/eatarrega\/wp-content\/uploads\/usu2155\/2026\/04\/EA-TARREGA-Banners-web-xtec_DEF-10.png\" alt=\"\" width=\"1024\" height=\"300\" srcset=\"https:\/\/agora.xtec.cat\/eatarrega\/wp-content\/uploads\/usu2155\/2026\/04\/EA-TARREGA-Banners-web-xtec_DEF-10.png 1024w, https:\/\/agora.xtec.cat\/eatarrega\/wp-content\/uploads\/usu2155\/2026\/04\/EA-TARREGA-Banners-web-xtec_DEF-10-300x88.png 300w, https:\/\/agora.xtec.cat\/eatarrega\/wp-content\/uploads\/usu2155\/2026\/04\/EA-TARREGA-Banners-web-xtec_DEF-10-768x225.png 768w\" sizes=\"auto, (max-width: 1024px) 100vw, 1024px\" \/><\/a><\/p>\n<p><strong>Durada del cicle<\/strong><\/p>\n<p>El cicle t\u00e9 una durada de <strong>2 cursos acad\u00e8mics<\/strong> amb un total de <strong>2.000 hores de formaci\u00f3<\/strong>.<\/p>\n<p>Durant el <strong>segon curs<\/strong>, l\u2019alumnat realitza part dels continguts del cicle i <strong>les pr\u00e0ctiques en empresa<\/strong>, que permeten aplicar els coneixements adquirits en un entorn professional real.<\/p>\n<p><strong>Qu\u00e8 aprendr\u00e0s?<\/strong><\/p>\n<p>Durant el cicle adquirir\u00e0s coneixements i compet\u00e8ncies per:<\/p>\n<ul>\n<li>gestionar processos de producci\u00f3 aliment\u00e0ria<\/li>\n<li>aplicar sistemes de qualitat i seguretat aliment\u00e0ria<\/li>\n<li>realitzar an\u00e0lisis d\u2019aliments i controls microbiol\u00f2gics<\/li>\n<li>innovar en productes i processos alimentaris<\/li>\n<li>organitzar la producci\u00f3 en la ind\u00fastria aliment\u00e0ria<\/li>\n<li>aplicar criteris de sostenibilitat i digitalitzaci\u00f3 al sector productiu<\/li>\n<\/ul>\n<p><strong>M\u00f2duls professionals<\/strong><\/p>\n<p>El cicle s\u2019organitza en diferents m\u00f2duls professionals:<\/p>\n<ul>\n<li>Tecnologia aliment\u00e0ria<\/li>\n<li>An\u00e0lisi d\u2019aliments<\/li>\n<li>Tractaments de preparaci\u00f3 i conservaci\u00f3 dels aliments<\/li>\n<li>Organitzaci\u00f3 de la producci\u00f3 aliment\u00e0ria<\/li>\n<li>Innovaci\u00f3 aliment\u00e0ria<\/li>\n<li>Control microbiol\u00f2gic i sensorial d\u2019aliments<\/li>\n<li>Nutrici\u00f3 i seguretat aliment\u00e0ria<\/li>\n<li>Biotecnologia aliment\u00e0ria<\/li>\n<li>Angl\u00e8s professional<\/li>\n<li>Itinerari personal per a l\u2019ocupabilitat I i II<\/li>\n<li>Estad\u00edstica, controls oficials i de processos<\/li>\n<li>Manteniment electromec\u00e0nic en ind\u00fastries de proc\u00e9s<\/li>\n<li>Processos integrats en la ind\u00fastria aliment\u00e0ria<\/li>\n<li>Gesti\u00f3 de la qualitat i ambiental<\/li>\n<li>Comercialitzaci\u00f3 i log\u00edstica en la ind\u00fastria aliment\u00e0ria<\/li>\n<li>Sostenibilitat aplicada al sistema productiu<\/li>\n<li>Digitalitzaci\u00f3 aplicada als sectors productius<\/li>\n<li>Projecte intermodular<\/li>\n<\/ul>\n<p><strong>Sortides professionals<\/strong><\/p>\n<p>En finalitzar el cicle s\u2019obt\u00e9 el <strong>t\u00edtol de t\u00e8cnic superior d\u2019ind\u00fastria aliment\u00e0ria<\/strong>.<\/p>\n<p>Aquest perfil professional pot treballar en diferents \u00e0mbits de la ind\u00fastria aliment\u00e0ria:<\/p>\n<ul>\n<li>gesti\u00f3 de la qualitat<\/li>\n<li>seguretat aliment\u00e0ria<\/li>\n<li>control de la producci\u00f3<\/li>\n<li>tecnologia aliment\u00e0ria<\/li>\n<li>comercialitzaci\u00f3 i log\u00edstica aliment\u00e0ria<\/li>\n<\/ul>\n<p><strong>Instal\u00b7lacions i equipaments<\/strong><\/p>\n<p>L\u2019Escola Agr\u00e0ria de T\u00e0rrega disposa d\u2019infraestructures que permeten combinar la formaci\u00f3 te\u00f2rica amb la pr\u00e0ctica aplicada en entorns reals de producci\u00f3:<\/p>\n<ul>\n<li>laboratoris<\/li>\n<li>planta d\u2019elaboraci\u00f3<\/li>\n<li>explotaci\u00f3 agr\u00e0ria<\/li>\n<li>taller i altres infraestructures formatives<\/li>\n<\/ul>\n<p>El centre tamb\u00e9 disposa de <strong>resid\u00e8ncia, cuina pr\u00f2pia i menjador<\/strong>, facilitant l\u2019estada de l\u2019alumnat durant el curs.<\/p>\n<p>&nbsp;<\/p>\n","protected":false},"excerpt":{"rendered":"<p>El Cicle Formatiu de Grau Superior de Processos i Qualitat en Ind\u00fastries Aliment\u00e0ries forma professionals especialitzats en la gesti\u00f3 dels processos productius, el control de qualitat i la seguretat aliment\u00e0ria dins de la ind\u00fastria agroaliment\u00e0ria. A l\u2019Escola Agr\u00e0ria de T\u00e0rrega, fruit de la necessitat de les ind\u00fastries agroaliment\u00e0ries de la comarca i de les comarques [&hellip;]<\/p>\n","protected":false},"author":4,"featured_media":0,"parent":0,"menu_order":0,"comment_status":"closed","ping_status":"closed","template":"","meta":{"_bbp_topic_count":0,"_bbp_reply_count":0,"_bbp_total_topic_count":0,"_bbp_total_reply_count":0,"_bbp_voice_count":0,"_bbp_anonymous_reply_count":0,"_bbp_topic_count_hidden":0,"_bbp_reply_count_hidden":0,"_bbp_forum_subforum_count":0,"site-sidebar-layout":"default","site-content-layout":"","ast-site-content-layout":"default","site-content-style":"default","site-sidebar-style":"default","ast-global-header-display":"","ast-banner-title-visibility":"","ast-main-header-display":"","ast-hfb-above-header-display":"","ast-hfb-below-header-display":"","ast-hfb-mobile-header-display":"","site-post-title":"","ast-breadcrumbs-content":"","ast-featured-img":"","footer-sml-layout":"","theme-transparent-header-meta":"default","adv-header-id-meta":"","stick-header-meta":"","header-above-stick-meta":"","header-main-stick-meta":"","header-below-stick-meta":"","astra-migrate-meta-layouts":"set","ast-page-background-enabled":"default","ast-page-background-meta":{"desktop":{"background-color":"var(--ast-global-color-4)","background-image":"","background-repeat":"repeat","background-position":"center center","background-size":"auto","background-attachment":"scroll","background-type":"","background-media":"","overlay-type":"","overlay-color":"","overlay-opacity":"","overlay-gradient":""},"tablet":{"background-color":"","background-image":"","background-repeat":"repeat","background-position":"center center","background-size":"auto","background-attachment":"scroll","background-type":"","background-media":"","overlay-type":"","overlay-color":"","overlay-opacity":"","overlay-gradient":""},"mobile":{"background-color":"","background-image":"","background-repeat":"repeat","background-position":"center center","background-size":"auto","background-attachment":"scroll","background-type":"","background-media":"","overlay-type":"","overlay-color":"","overlay-opacity":"","overlay-gradient":""}},"ast-content-background-meta":{"desktop":{"background-color":"var(--ast-global-color-5)","background-image":"","background-repeat":"repeat","background-position":"center center","background-size":"auto","background-attachment":"scroll","background-type":"","background-media":"","overlay-type":"","overlay-color":"","overlay-opacity":"","overlay-gradient":""},"tablet":{"background-color":"var(--ast-global-color-5)","background-image":"","background-repeat":"repeat","background-position":"center center","background-size":"auto","background-attachment":"scroll","background-type":"","background-media":"","overlay-type":"","overlay-color":"","overlay-opacity":"","overlay-gradient":""},"mobile":{"background-color":"var(--ast-global-color-5)","background-image":"","background-repeat":"repeat","background-position":"center center","background-size":"auto","background-attachment":"scroll","background-type":"","background-media":"","overlay-type":"","overlay-color":"","overlay-opacity":"","overlay-gradient":""}},"footnotes":""},"class_list":["post-1571","page","type-page","status-publish","hentry"],"post_mailing_queue_ids":[],"_links":{"self":[{"href":"https:\/\/agora.xtec.cat\/eatarrega\/wp-json\/wp\/v2\/pages\/1571","targetHints":{"allow":["GET"]}}],"collection":[{"href":"https:\/\/agora.xtec.cat\/eatarrega\/wp-json\/wp\/v2\/pages"}],"about":[{"href":"https:\/\/agora.xtec.cat\/eatarrega\/wp-json\/wp\/v2\/types\/page"}],"author":[{"embeddable":true,"href":"https:\/\/agora.xtec.cat\/eatarrega\/wp-json\/wp\/v2\/users\/4"}],"replies":[{"embeddable":true,"href":"https:\/\/agora.xtec.cat\/eatarrega\/wp-json\/wp\/v2\/comments?post=1571"}],"version-history":[{"count":5,"href":"https:\/\/agora.xtec.cat\/eatarrega\/wp-json\/wp\/v2\/pages\/1571\/revisions"}],"predecessor-version":[{"id":1612,"href":"https:\/\/agora.xtec.cat\/eatarrega\/wp-json\/wp\/v2\/pages\/1571\/revisions\/1612"}],"wp:attachment":[{"href":"https:\/\/agora.xtec.cat\/eatarrega\/wp-json\/wp\/v2\/media?parent=1571"}],"curies":[{"name":"wp","href":"https:\/\/api.w.org\/{rel}","templated":true}]}}

CFGS Processos i Qualitat en Indústries Alimentàries

<p>El <a href="https://www.gencat.cat/ensenyament/eac/pdf/CFPS____IAB0_CA.pdf" target="_blank" rel="noopener"><strong>Cicle Formatiu de Grau Superior de Processos i Qualitat en Indústries Alimentàries</strong></a> forma professionals especialitzats en la gestió dels processos productius, el control de qualitat i la seguretat alimentària dins de la indústria agroalimentària.</p>
<p>A l’Escola Agrària de Tàrrega, fruit de la necessitat de les indústries agroalimentàries de la comarca i de les comarques de la zona adjacents, hem posat en marxa aquesta formació pràctica i vinculada al sector, que permet conèixer de prop els processos de producció i transformació dels aliments.</p>
<p>El sector agroalimentari és un dels sectors econòmics més importants del territori i ofereix <strong>bones oportunitats d’inserció laboral</strong> per a professionals qualificats.</p>
<p><a href="https://agora.xtec.cat/eatarrega/wp-content/uploads/usu2155/2026/03/EAt-CFGSindAlimentaria-xarxes.pdf" target="_blank" rel="noopener"><img loading="lazy" decoding="async" class="alignnone size-full wp-image-1611" src="https://agora.xtec.cat/eatarrega/wp-content/uploads/usu2155/2026/04/EA-TARREGA-Banners-web-xtec_DEF-10.png" alt="" width="1024" height="300" srcset="https://agora.xtec.cat/eatarrega/wp-content/uploads/usu2155/2026/04/EA-TARREGA-Banners-web-xtec_DEF-10.png 1024w, https://agora.xtec.cat/eatarrega/wp-content/uploads/usu2155/2026/04/EA-TARREGA-Banners-web-xtec_DEF-10-300x88.png 300w, https://agora.xtec.cat/eatarrega/wp-content/uploads/usu2155/2026/04/EA-TARREGA-Banners-web-xtec_DEF-10-768x225.png 768w" sizes="auto, (max-width: 1024px) 100vw, 1024px" /></a></p>
<p><strong>Durada del cicle</strong></p>
<p>El cicle té una durada de <strong>2 cursos acadèmics</strong> amb un total de <strong>2.000 hores de formació</strong>.</p>
<p>Durant el <strong>segon curs</strong>, l’alumnat realitza part dels continguts del cicle i <strong>les pràctiques en empresa</strong>, que permeten aplicar els coneixements adquirits en un entorn professional real.</p>
<p><strong>Què aprendràs?</strong></p>
<p>Durant el cicle adquiriràs coneixements i competències per:</p>
<ul>
<li>gestionar processos de producció alimentària</li>
<li>aplicar sistemes de qualitat i seguretat alimentària</li>
<li>realitzar anàlisis d’aliments i controls microbiològics</li>
<li>innovar en productes i processos alimentaris</li>
<li>organitzar la producció en la indústria alimentària</li>
<li>aplicar criteris de sostenibilitat i digitalització al sector productiu</li>
</ul>
<p><strong>Mòduls professionals</strong></p>
<p>El cicle s’organitza en diferents mòduls professionals:</p>
<ul>
<li>Tecnologia alimentària</li>
<li>Anàlisi d’aliments</li>
<li>Tractaments de preparació i conservació dels aliments</li>
<li>Organització de la producció alimentària</li>
<li>Innovació alimentària</li>
<li>Control microbiològic i sensorial d’aliments</li>
<li>Nutrició i seguretat alimentària</li>
<li>Biotecnologia alimentària</li>
<li>Anglès professional</li>
<li>Itinerari personal per a l’ocupabilitat I i II</li>
<li>Estadística, controls oficials i de processos</li>
<li>Manteniment electromecànic en indústries de procés</li>
<li>Processos integrats en la indústria alimentària</li>
<li>Gestió de la qualitat i ambiental</li>
<li>Comercialització i logística en la indústria alimentària</li>
<li>Sostenibilitat aplicada al sistema productiu</li>
<li>Digitalització aplicada als sectors productius</li>
<li>Projecte intermodular</li>
</ul>
<p><strong>Sortides professionals</strong></p>
<p>En finalitzar el cicle s’obté el <strong>títol de tècnic superior d’indústria alimentària</strong>.</p>
<p>Aquest perfil professional pot treballar en diferents àmbits de la indústria alimentària:</p>
<ul>
<li>gestió de la qualitat</li>
<li>seguretat alimentària</li>
<li>control de la producció</li>
<li>tecnologia alimentària</li>
<li>comercialització i logística alimentària</li>
</ul>
<p><strong>Instal·lacions i equipaments</strong></p>
<p>L’Escola Agrària de Tàrrega disposa d’infraestructures que permeten combinar la formació teòrica amb la pràctica aplicada en entorns reals de producció:</p>
<ul>
<li>laboratoris</li>
<li>planta d’elaboració</li>
<li>explotació agrària</li>
<li>taller i altres infraestructures formatives</li>
</ul>
<p>El centre també disposa de <strong>residència, cuina pròpia i menjador</strong>, facilitant l’estada de l’alumnat durant el curs.</p>
<p>&nbsp;</p>

<p>El Cicle Formatiu de Grau Superior de Processos i Qualitat en Indústries Alimentàries forma professionals especialitzats en la gestió dels processos productius, el control de qualitat i la seguretat alimentària dins de la indústria agroalimentària. A l’Escola Agrària de Tàrrega, fruit de la necessitat de les indústries agroalimentàries de la comarca i de les comarques [&hellip;]</p>
