{"id":582,"date":"2023-05-10T17:54:45","date_gmt":"2023-05-10T15:54:45","guid":{"rendered":"https:\/\/agora.xtec.cat\/eamoralanova\/?page_id=582"},"modified":"2023-05-22T13:32:23","modified_gmt":"2023-05-22T11:32:23","slug":"estudis-oficials","status":"publish","type":"page","link":"https:\/\/agora.xtec.cat\/eamoralanova\/estudis\/estudis-oficials\/","title":{"rendered":"Estudis oficials"},"content":{"rendered":"<h4><strong>CICLES FORMATIUS DE GRAU MITJ\u00c0<\/strong><\/h4>\n<h5 style=\"text-align: left;\">______________________________________________________________________________________________________<\/h5>\n<p>T\u00edtol de T\u00e8cnic especialista de grau mitj\u00e0 en arts pl\u00e0stiques i disseny homologat pel Departament d&#8217;Educaci\u00f3 de la Generalitat de Catalunya distribu\u00cft en dos cursos acad\u00e8mics<\/p>\n<p><span style=\"color: #000000;\"><strong>_________________________________________________________________________________CFGM DECORACI\u00d3 CER\u00c0MICA (LOE)<\/strong><\/span><\/p>\n<p style=\"padding-left: 40px;\">Grau mitj\u00e0 1.600 hores<\/p>\n<p style=\"padding-left: 40px;\"><em>ON TREBALLAR\u00c0S:<\/em><\/p>\n<p style=\"padding-left: 80px; text-align: justify;\">En tallers elaborant productes de decoraci\u00f3 cer\u00e0mica comercialitzats mitjan\u00e7ant galeries d&#8217;art, fires o en empreses de decoraci\u00f3 construcci\u00f3,objectes d&#8217;\u00fas dom\u00e8stic, de lleure i de temps lliure. Pot treballar per compte propi o d&#8217;altrI, de manera independent o realitzant projectes en col \u00b7la boraci\u00f3 amb altres professionals<\/p>\n<p style=\"padding-left: 80px;\"><strong>M\u00f2duls<\/strong><\/p>\n<ul>\n<li style=\"list-style-type: none;\">\n<ul>\n<li style=\"list-style-type: none;\">\n<ul>\n<li style=\"list-style-type: none;\">\n<ul>\n<li style=\"list-style-type: none;\">\n<ul>\n<li style=\"list-style-type: none;\">\n<ul>\n<li style=\"list-style-type: none;\">\n<ul>\n<li>Hist\u00f2ria de l&#8217;art i de la cer\u00e0mica.<\/li>\n<li>Dibuix art\u00edstic<\/li>\n<li>Dibuix t\u00e8cnic<\/li>\n<li>Volum<\/li>\n<li>Mitjants inform\u00e0tics<\/li>\n<li>.Angl\u00e8s t\u00e8cnic<\/li>\n<li>Materials i tecnologia: cer\u00e0mica<\/li>\n<li>Projectes<\/li>\n<li>Taller de decoraci\u00f3 cer\u00e0mica<\/li>\n<li>Formaci\u00f3 i orientaci\u00f3 laboral.<\/li>\n<li>Formaci\u00f3 pr\u00e0ctica en empreses, estudis o tallers<\/li>\n<li>Obra final.<\/li>\n<\/ul>\n<\/li>\n<\/ul>\n<\/li>\n<\/ul>\n<\/li>\n<\/ul>\n<\/li>\n<\/ul>\n<\/li>\n<\/ul>\n<\/li>\n<\/ul>\n<p><a href=\"https:\/\/agora.xtec.cat\/eamoralanova\/wp-content\/uploads\/usu2378\/2023\/05\/cataleg-bibelot-1.jpg\"><img loading=\"lazy\" decoding=\"async\" class=\"alignnone wp-image-957\" src=\"https:\/\/agora.xtec.cat\/eamoralanova\/wp-content\/uploads\/usu2378\/2023\/05\/cataleg-bibelot-1-972x1024.jpg\" alt=\"\" width=\"235\" height=\"247\" srcset=\"https:\/\/agora.xtec.cat\/eamoralanova\/wp-content\/uploads\/usu2378\/2023\/05\/cataleg-bibelot-1-972x1024.jpg 972w, https:\/\/agora.xtec.cat\/eamoralanova\/wp-content\/uploads\/usu2378\/2023\/05\/cataleg-bibelot-1-285x300.jpg 285w, https:\/\/agora.xtec.cat\/eamoralanova\/wp-content\/uploads\/usu2378\/2023\/05\/cataleg-bibelot-1-768x809.jpg 768w, https:\/\/agora.xtec.cat\/eamoralanova\/wp-content\/uploads\/usu2378\/2023\/05\/cataleg-bibelot-1-1458x1536.jpg 1458w, https:\/\/agora.xtec.cat\/eamoralanova\/wp-content\/uploads\/usu2378\/2023\/05\/cataleg-bibelot-1.jpg 1944w\" sizes=\"auto, (max-width: 235px) 100vw, 235px\" \/>\u00a0 \u00a0 \u00a0 \u00a0<\/a><a href=\"https:\/\/agora.xtec.cat\/eamoralanova\/wp-content\/uploads\/usu2378\/2023\/05\/cataleg-xxl-1.jpg\"><img loading=\"lazy\" decoding=\"async\" class=\"alignnone  wp-image-963\" src=\"https:\/\/agora.xtec.cat\/eamoralanova\/wp-content\/uploads\/usu2378\/2023\/05\/cataleg-xxl-1-1001x1024.jpg\" alt=\"\" width=\"241\" height=\"247\" srcset=\"https:\/\/agora.xtec.cat\/eamoralanova\/wp-content\/uploads\/usu2378\/2023\/05\/cataleg-xxl-1-1001x1024.jpg 1001w, https:\/\/agora.xtec.cat\/eamoralanova\/wp-content\/uploads\/usu2378\/2023\/05\/cataleg-xxl-1-293x300.jpg 293w, https:\/\/agora.xtec.cat\/eamoralanova\/wp-content\/uploads\/usu2378\/2023\/05\/cataleg-xxl-1-768x786.jpg 768w, https:\/\/agora.xtec.cat\/eamoralanova\/wp-content\/uploads\/usu2378\/2023\/05\/cataleg-xxl-1-1502x1536.jpg 1502w, https:\/\/agora.xtec.cat\/eamoralanova\/wp-content\/uploads\/usu2378\/2023\/05\/cataleg-xxl-1.jpg 2002w\" sizes=\"auto, (max-width: 241px) 100vw, 241px\" \/><\/a><\/p>\n<p><span style=\"color: #000000;\"><strong>__________________________________________________________________________CFGM ESMALTATGE SOBRE METALL (LOGSE)<\/strong><\/span><\/p>\n<p><a href=\"https:\/\/agora.xtec.cat\/eamoralanova\/wp-content\/uploads\/usu2378\/2023\/05\/cataleg-biju-esmalt-1.jpg\"><img loading=\"lazy\" decoding=\"async\" class=\"alignnone wp-image-958\" src=\"https:\/\/agora.xtec.cat\/eamoralanova\/wp-content\/uploads\/usu2378\/2023\/05\/cataleg-biju-esmalt-1-917x1024.jpg\" alt=\"\" width=\"226\" height=\"253\" srcset=\"https:\/\/agora.xtec.cat\/eamoralanova\/wp-content\/uploads\/usu2378\/2023\/05\/cataleg-biju-esmalt-1-917x1024.jpg 917w, https:\/\/agora.xtec.cat\/eamoralanova\/wp-content\/uploads\/usu2378\/2023\/05\/cataleg-biju-esmalt-1-269x300.jpg 269w, https:\/\/agora.xtec.cat\/eamoralanova\/wp-content\/uploads\/usu2378\/2023\/05\/cataleg-biju-esmalt-1-768x858.jpg 768w, https:\/\/agora.xtec.cat\/eamoralanova\/wp-content\/uploads\/usu2378\/2023\/05\/cataleg-biju-esmalt-1-1375x1536.jpg 1375w, https:\/\/agora.xtec.cat\/eamoralanova\/wp-content\/uploads\/usu2378\/2023\/05\/cataleg-biju-esmalt-1.jpg 1833w\" sizes=\"auto, (max-width: 226px) 100vw, 226px\" \/><\/a>\u00a0 \u00a0 \u00a0 \u00a0 \u00a0 \u00a0 \u00a0 \u00a0 \u00a0 \u00a0<img loading=\"lazy\" decoding=\"async\" class=\"alignnone wp-image-585\" src=\"https:\/\/agora.xtec.cat\/eamoralanova\/wp-content\/uploads\/usu2378\/2023\/05\/83-768x1024.jpg\" alt=\"\" width=\"185\" height=\"247\" srcset=\"https:\/\/agora.xtec.cat\/eamoralanova\/wp-content\/uploads\/usu2378\/2023\/05\/83-768x1024.jpg 768w, https:\/\/agora.xtec.cat\/eamoralanova\/wp-content\/uploads\/usu2378\/2023\/05\/83-225x300.jpg 225w, https:\/\/agora.xtec.cat\/eamoralanova\/wp-content\/uploads\/usu2378\/2023\/05\/83-1152x1536.jpg 1152w, https:\/\/agora.xtec.cat\/eamoralanova\/wp-content\/uploads\/usu2378\/2023\/05\/83.jpg 1500w\" sizes=\"auto, (max-width: 185px) 100vw, 185px\" \/> \u00a0\u00a0 \u00a0\u00a0 <a href=\"https:\/\/agora.xtec.cat\/eamoralanova\/wp-content\/uploads\/usu2378\/2023\/05\/82.jpg\"><img loading=\"lazy\" decoding=\"async\" class=\"alignnone wp-image-584\" src=\"https:\/\/agora.xtec.cat\/eamoralanova\/wp-content\/uploads\/usu2378\/2023\/05\/82-1024x750.jpg\" alt=\"\" width=\"337\" height=\"246\" srcset=\"https:\/\/agora.xtec.cat\/eamoralanova\/wp-content\/uploads\/usu2378\/2023\/05\/82-1024x750.jpg 1024w, https:\/\/agora.xtec.cat\/eamoralanova\/wp-content\/uploads\/usu2378\/2023\/05\/82-300x220.jpg 300w, https:\/\/agora.xtec.cat\/eamoralanova\/wp-content\/uploads\/usu2378\/2023\/05\/82-768x563.jpg 768w, https:\/\/agora.xtec.cat\/eamoralanova\/wp-content\/uploads\/usu2378\/2023\/05\/82.jpg 1525w\" sizes=\"auto, (max-width: 337px) 100vw, 337px\" \/> \u00a0 \u00a0 \u00a0 \u00a0 <\/a><a href=\"https:\/\/agora.xtec.cat\/eamoralanova\/wp-content\/uploads\/usu2378\/2023\/05\/83.jpg\">\u00a0 \u00a0 \u00a0 \u00a0 \u00a0 \u00a0 \u00a0 \u00a0<\/a><\/p>\n<p style=\"padding-left: 120px;\">Grau mitj\u00e0 1.600 hores<\/p>\n<p style=\"padding-left: 120px;\"><em>ON TREBALLAR\u00c0S:<\/em><\/p>\n<p style=\"padding-left: 120px;\">En empreses o tallers relacionats amb:<\/p>\n<ul>\n<li style=\"list-style-type: none;\">\n<ul>\n<li style=\"list-style-type: none;\">\n<ul>\n<li style=\"list-style-type: none;\">\n<ul>\n<li style=\"list-style-type: none;\">\n<ul>\n<li style=\"list-style-type: none;\">\n<ul>\n<li style=\"list-style-type: none;\">\n<ul>\n<li>Comer\u00e7 especialitzat<\/li>\n<li>Artesania.<\/li>\n<li>Decoraci\u00f3<\/li>\n<li>Orfebreria i joieria<\/li>\n<\/ul>\n<\/li>\n<\/ul>\n<\/li>\n<\/ul>\n<\/li>\n<\/ul>\n<\/li>\n<\/ul>\n<\/li>\n<\/ul>\n<\/li>\n<\/ul>\n<p style=\"padding-left: 120px;\"><strong>M\u00d2DULS<\/strong><\/p>\n<ul>\n<li style=\"list-style-type: none;\">\n<ul>\n<li style=\"list-style-type: none;\">\n<ul>\n<li style=\"list-style-type: none;\">\n<ul>\n<li style=\"list-style-type: none;\">\n<ul>\n<li style=\"list-style-type: none;\">\n<ul>\n<li style=\"list-style-type: none;\">\n<ul>\n<li>Hist\u00f2ria de l&#8217;art de la joieria i l&#8217;orfebreria<\/li>\n<li>Dibuix t\u00e8cnic i volum<\/li>\n<li>Dibuix art\u00edstic<\/li>\n<li>Disseny assistit per ordinador (volum)<\/li>\n<li>Projectes d&#8217; esmalts<\/li>\n<li>Taller d&#8217; esmalts.<\/li>\n<li>Formaci\u00f3 i orientaci\u00f3 laboral<\/li>\n<li>Formaci\u00f3 pr\u00e0ctica en empreses<\/li>\n<li>Obra\u00a0 final<\/li>\n<\/ul>\n<\/li>\n<\/ul>\n<\/li>\n<\/ul>\n<\/li>\n<\/ul>\n<\/li>\n<\/ul>\n<\/li>\n<\/ul>\n<\/li>\n<\/ul>\n<h4><\/h4>\n<p>&nbsp;<\/p>\n","protected":false},"excerpt":{"rendered":"<p>CICLES FORMATIUS DE GRAU MITJ\u00c0<br \/>\n______________________________________________________________________________________________________<br \/>\nT\u00edtol de T\u00e8cnic especialista de grau mitj\u00e0 en arts pl\u00e0stiques i disseny homologat pel Departament d&#8217;Educaci\u00f3 de la Generalitat de Catalunya distribu\u00cft en dos cursos acad\u00e8mics<br \/>\n_________________________________________________________________________________CFGM DECORACI\u00d3 CER\u00c0MICA (LOE)<br \/>\nGrau mitj\u00e0 1.600 hores<br \/>\nON TREBALLAR\u00c0S:<br \/>\nEn tallers elaborant productes de decoraci\u00f3 cer\u00e0mica comercialitzats mitjan\u00e7ant&hellip;  <a href=\"https:\/\/agora.xtec.cat\/eamoralanova\/estudis\/estudis-oficials\/\" title=\"Read Estudis oficials\">Llegeix m\u00e9s\u00bb<\/a><\/p>\n","protected":false},"author":1,"featured_media":0,"parent":195,"menu_order":0,"comment_status":"closed","ping_status":"closed","template":"page-templates\/side-menu.php","meta":{"_bbp_topic_count":0,"_bbp_reply_count":0,"_bbp_total_topic_count":0,"_bbp_total_reply_count":0,"_bbp_voice_count":0,"_bbp_anonymous_reply_count":0,"_bbp_topic_count_hidden":0,"_bbp_reply_count_hidden":0,"_bbp_forum_subforum_count":0,"footnotes":""},"class_list":["post-582","page","type-page","status-publish","hentry"],"post_mailing_queue_ids":[],"_links":{"self":[{"href":"https:\/\/agora.xtec.cat\/eamoralanova\/wp-json\/wp\/v2\/pages\/582","targetHints":{"allow":["GET"]}}],"collection":[{"href":"https:\/\/agora.xtec.cat\/eamoralanova\/wp-json\/wp\/v2\/pages"}],"about":[{"href":"https:\/\/agora.xtec.cat\/eamoralanova\/wp-json\/wp\/v2\/types\/page"}],"author":[{"embeddable":true,"href":"https:\/\/agora.xtec.cat\/eamoralanova\/wp-json\/wp\/v2\/users\/1"}],"replies":[{"embeddable":true,"href":"https:\/\/agora.xtec.cat\/eamoralanova\/wp-json\/wp\/v2\/comments?post=582"}],"version-history":[{"count":4,"href":"https:\/\/agora.xtec.cat\/eamoralanova\/wp-json\/wp\/v2\/pages\/582\/revisions"}],"predecessor-version":[{"id":1026,"href":"https:\/\/agora.xtec.cat\/eamoralanova\/wp-json\/wp\/v2\/pages\/582\/revisions\/1026"}],"up":[{"embeddable":true,"href":"https:\/\/agora.xtec.cat\/eamoralanova\/wp-json\/wp\/v2\/pages\/195"}],"wp:attachment":[{"href":"https:\/\/agora.xtec.cat\/eamoralanova\/wp-json\/wp\/v2\/media?parent=582"}],"curies":[{"name":"wp","href":"https:\/\/api.w.org\/{rel}","templated":true}]}}