{"id":746,"date":"2018-12-04T13:51:22","date_gmt":"2018-12-04T12:51:22","guid":{"rendered":"https:\/\/agora.xtec.cat\/eaemporda\/?page_id=746"},"modified":"2026-03-28T19:12:38","modified_gmt":"2026-03-28T18:12:38","slug":"preguntes-frequents","status":"publish","type":"page","link":"https:\/\/agora.xtec.cat\/eaemporda\/estudis\/preguntes-frequents\/","title":{"rendered":"Preguntes freq\u00fcents"},"content":{"rendered":"<ul>\n<li><strong>Quins s\u00f3n els requisits d\u2019acc\u00e9s per accedir al CFGS de Processos i Qualitat en Ind\u00fastries Aliment\u00e0ries?\u00a0<\/strong><\/li>\n<\/ul>\n<p>Per tal d\u2019accedir al CFGS cal disposar d\u2019algun d\u2019aquests requisits: batxillerat, prova o curs d\u2019acc\u00e9s, CFGM o BUP o COU.<\/p>\n<p>&nbsp;<\/p>\n<ul>\n<li><strong>Quantes places disponibles hi ha en el CFGS de Processos i Qualitat en Ind\u00fastries Aliment\u00e0ries?<\/strong><\/li>\n<\/ul>\n<p>Hi ha un total de 20 places disponibles per curs.<\/p>\n<p>&nbsp;<\/p>\n<ul>\n<li><strong>Quin import t\u00e9 la matr\u00edcula al CFGS de Processos i Qualitat en Ind\u00fastries Aliment\u00e0ries?<\/strong><\/li>\n<\/ul>\n<p>L\u2019Escola Agr\u00e0ria i Aliment\u00e0ria de l\u2019Empord\u00e0 \u00e9s una escola p\u00fablica, per tant, l\u2019import de la matr\u00edcula \u00e9s de 360 euros per curs, que \u00e9s el preu p\u00fablic per a tots els CFGS.<\/p>\n<p>Els sup\u00f2sits en qu\u00e8 es pot gaudir d\u2019una reducci\u00f3 en el preu de la matr\u00edcula s\u00f3n:<\/p>\n<p>Exempci\u00f3 del 50%:<\/p>\n<p>Membres de fam\u00edlia nombrosa de categoria general<\/p>\n<p>Membres de fam\u00edlia monoparental<\/p>\n<p>Persones que en el curs acad\u00e8mic actual o en l\u2019anterior han obtingut una beca o un ajut a l\u2019estudi del Ministeri d\u2019Educaci\u00f3, Cultura i Esport<\/p>\n<p>Exempci\u00f3 del 100%:<\/p>\n<p>Membres de fam\u00edlia nombrosa de categoria especial<\/p>\n<p>V\u00edctimes del terrorisme (i els seus c\u00f2njuges i els seus fills)<\/p>\n<p>Persones amb discapacitat igual o superior al 33%<\/p>\n<p>Infants o adolescents en acolliment familiar<\/p>\n<p>Persones subjectes a mesures privatives de llibertat<\/p>\n<p>Persones membres d\u2019unitats familiars que percebin la renda m\u00ednima d\u2019inserci\u00f3<\/p>\n<p>Persones v\u00edctimes de viol\u00e8ncia de g\u00e8nere<\/p>\n<p><a href=\"https:\/\/educacio.gencat.cat\/ca\/departament\/normativa\/taxes-preus-publics\/preu-public\/\">Consulta m\u00e9s informaci\u00f3<\/a><\/p>\n<p><strong>\u00a0<\/strong><\/p>\n<ul>\n<li><strong>Quines beques puc sol\u00b7licitar si curso el CFGS de Processos i Qualitat en Ind\u00fastries Aliment\u00e0ries?<\/strong><\/li>\n<\/ul>\n<p>Els estudiants que cursen el CFGS de Processos i Qualitat en Ind\u00fastries Aliment\u00e0ries poden sol\u00b7licitar les beques del <a href=\"https:\/\/www.educacionyfp.gob.es\/servicios-al-ciudadano\/catalogo\/estudiantes\/becas-ayudas\/para-estudiar\/formacion-profesional.html\">Ministerio de Educaci\u00f3n<\/a> a trav\u00e9s de la seva p\u00e0gina web.<\/p>\n<p>&nbsp;<\/p>\n<ul>\n<li><strong>Puc convalidar algun M\u00f2dul Professional?<\/strong><\/li>\n<\/ul>\n<p>Els estudiants que estiguin en possessi\u00f3 d\u2019un t\u00edtol de CFGM o CFGS poden convalidar els M\u00f2duls Professionals de IPO I i IPO II.<\/p>\n<p>Per a altres convalidacions, cal fer la sol\u00b7licitud pr\u00e8via al <a href=\"https:\/\/educacio.gencat.cat\/ca\/serveis-tramits\/proves\/proves-lliures-obtencio-titols\/obtencio-titols-fp\/convalidacions-exemp\/\">Departament d\u2019Educaci\u00f3<\/a>.<\/p>\n<p>&nbsp;<\/p>\n<ul>\n<li><strong>Quin \u00e9s el percentatge d\u2019inserci\u00f3 laboral del CFGS de Processos i Qualitat en Ind\u00fastries Aliment\u00e0ries?<\/strong><\/li>\n<\/ul>\n<p>La inserci\u00f3 laboral del CFGS de Processos i Qualitat en Ind\u00fastries Aliment\u00e0ries \u00e9s pr\u00e0cticament del 100%.<\/p>\n<p>&nbsp;<\/p>\n<ul>\n<li><strong>Quin \u00e9s el perfil professional del CFGS de Processos i Qualitat en Ind\u00fastries Aliment\u00e0ries?<\/strong><\/li>\n<\/ul>\n<p>El perfil professional dels estudis correspon a un t\u00e8cnic superior d\u2019ind\u00fastria aliment\u00e0ria, amb tasques relacionades amb diferents \u00e0mbits d\u2019aquest sector: la gesti\u00f3 de la qualitat, la seguretat aliment\u00e0ria, el control de la producci\u00f3\u2026.<\/p>\n<p>&nbsp;<\/p>\n<ul>\n<li><strong>Puc accedir a la universitat des del CFGS de Processos i Qualitat en Ind\u00fastries Aliment\u00e0ries?<\/strong><\/li>\n<\/ul>\n<p>Pots trobar la informaci\u00f3 relacionada amb l\u2019acc\u00e9s a la universitat des del CFGS <a href=\"https:\/\/universitats.gencat.cat\/ca\/acces-universitat\/acces-segons-perfils-estudiants\/estudiant-cicle-formatiu\/\"><strong>aqu\u00ed.<\/strong><\/a><\/p>\n","protected":false},"excerpt":{"rendered":"<ul>\n<li>Quins s\u00f3n els requisits d\u2019acc\u00e9s per accedir al CFGS de Processos i Qualitat en Ind\u00fastries Aliment\u00e0ries?\u00a0<\/li>\n<\/ul>\n<p>Per tal d\u2019accedir al CFGS cal disposar d\u2019algun d\u2019aquests requisits: batxillerat, prova o curs d\u2019acc\u00e9s, CFGM o BUP o COU.<br \/>\n&nbsp;<\/p>\n<ul>\n<li>Quantes places disponibles hi ha en el CFGS de Processos i&hellip;  <a href=\"https:\/\/agora.xtec.cat\/eaemporda\/estudis\/preguntes-frequents\/\" title=\"Read Preguntes freq\u00fcents\">Llegeix m\u00e9s\u00bb<\/a><br \/>\n","protected":false},"author":1,"featured_media":0,"parent":195,"menu_order":0,"comment_status":"closed","ping_status":"closed","template":"","meta":{"_bbp_topic_count":0,"_bbp_reply_count":0,"_bbp_total_topic_count":0,"_bbp_total_reply_count":0,"_bbp_voice_count":0,"_bbp_anonymous_reply_count":0,"_bbp_topic_count_hidden":0,"_bbp_reply_count_hidden":0,"_bbp_forum_subforum_count":0,"footnotes":""},"class_list":["post-746","page","type-page","status-publish","hentry"],"post_mailing_queue_ids":[],"_links":{"self":[{"href":"https:\/\/agora.xtec.cat\/eaemporda\/wp-json\/wp\/v2\/pages\/746","targetHints":{"allow":["GET"]}}],"collection":[{"href":"https:\/\/agora.xtec.cat\/eaemporda\/wp-json\/wp\/v2\/pages"}],"about":[{"href":"https:\/\/agora.xtec.cat\/eaemporda\/wp-json\/wp\/v2\/types\/page"}],"author":[{"embeddable":true,"href":"https:\/\/agora.xtec.cat\/eaemporda\/wp-json\/wp\/v2\/users\/1"}],"replies":[{"embeddable":true,"href":"https:\/\/agora.xtec.cat\/eaemporda\/wp-json\/wp\/v2\/comments?post=746"}],"version-history":[{"count":5,"href":"https:\/\/agora.xtec.cat\/eaemporda\/wp-json\/wp\/v2\/pages\/746\/revisions"}],"predecessor-version":[{"id":3261,"href":"https:\/\/agora.xtec.cat\/eaemporda\/wp-json\/wp\/v2\/pages\/746\/revisions\/3261"}],"up":[{"embeddable":true,"href":"https:\/\/agora.xtec.cat\/eaemporda\/wp-json\/wp\/v2\/pages\/195"}],"wp:attachment":[{"href":"https:\/\/agora.xtec.cat\/eaemporda\/wp-json\/wp\/v2\/media?parent=746"}],"curies":[{"name":"wp","href":"https:\/\/api.w.org\/{rel}","templated":true}]}}