{"id":659,"date":"2018-11-29T14:05:02","date_gmt":"2018-11-29T13:05:02","guid":{"rendered":"https:\/\/agora.xtec.cat\/eaemporda\/?page_id=659"},"modified":"2026-04-22T09:00:58","modified_gmt":"2026-04-22T07:00:58","slug":"jornades-de-transferencia-tecnologica","status":"publish","type":"page","link":"https:\/\/agora.xtec.cat\/eaemporda\/formacio-continua\/jornades-de-transferencia-tecnologica\/","title":{"rendered":"Jornades de Transfer\u00e8ncia Tecnol\u00f2gica"},"content":{"rendered":"<p>Al llarg de l\u2019any, l\u2019<strong>Escola Agr\u00e0ria i Aliment\u00e0ria de l\u2019Empord\u00e0 <\/strong>ofereix <strong>jornades t\u00e8cniques<\/strong> relacionades amb el m\u00f3n agrari i agroalimentari, dins el <a href=\"https:\/\/agricultura.gencat.cat\/ca\/ambits\/formacio-innovacio\/transferencia-tecnologica\/pla-anual-transferencia-tecnologica\/index.html\">Programa de Transfer\u00e8ncia Tecnol\u00f2gica<\/a> del <a href=\"https:\/\/agricultura.gencat.cat\/ca\/inici\">Departament d\u2019Acci\u00f3 Clim\u00e0tica, Alimentaci\u00f3 i Agenda Rural.<\/a> Podeu consultar totes les <a href=\"https:\/\/ruralcat.gencat.cat\/web\/guest\/transferencia\/preinscripcio-jornada-tecnica\">jornades PATT vigents.<\/a><\/p>\n<p><strong>JORNADES PREVISTES 2026<\/strong><\/p>\n<table style=\"border-collapse: collapse; width: 97.704%; height: 80px;\">\n<tbody>\n<tr style=\"height: 48px;\">\n<td style=\"width: 50.9668%; text-align: center; height: 47px;\"><strong>NOM DE LA JORNADA<\/strong><\/td>\n<td style=\"width: 15.1934%; text-align: center; height: 47px;\"><strong>LLOC<\/strong><\/td>\n<td style=\"width: 16.0221%; text-align: center; height: 47px;\"><strong>DATA<\/strong><\/td>\n<td style=\"width: 15.5106%; text-align: center; height: 47px;\"><strong>PROGRAMA I INSCRIPCIONS<\/strong><\/td>\n<\/tr>\n<tr style=\"height: 51px;\">\n<td style=\"width: 50.9668%; height: 33px;\">Solucions de neteja mecanitzades per a ind\u00fastria aliment\u00e0ria<\/td>\n<td style=\"width: 15.1934%; height: 33px;\">Riudellots de la Selva<\/td>\n<td style=\"width: 16.0221%; height: 33px;\">14 de maig<\/td>\n<td style=\"width: 15.5106%; height: 33px;\"><a href=\"https:\/\/agora.xtec.cat\/eaemporda\/wp-content\/uploads\/usu1941\/2026\/04\/Riudellots_Neteja.pdf\">Riudellots_Neteja<\/a><\/td>\n<\/tr>\n<tr>\n<td style=\"width: 50.9668%;\">Presentaci\u00f3 de la Guia de pr\u00e0ctiques correctes d\u2019higiene per a operadors que elaboren i\/o serveixen menjars preparats per a col\u00b7lectivitats<\/td>\n<td style=\"width: 15.1934%;\">En l\u00ednia<\/td>\n<td style=\"width: 16.0221%;\">11 de maig<\/td>\n<td style=\"width: 15.5106%;\"><a href=\"https:\/\/agora.xtec.cat\/eaemporda\/wp-content\/uploads\/usu1941\/2026\/04\/guia-higiene.pdf\">guia higiene<\/a><\/td>\n<\/tr>\n<\/tbody>\n<\/table>\n<p><strong>JORNADES REALITZADES 2026<\/strong><\/p>\n<table style=\"border-collapse: collapse; width: 97.8168%; height: 419px;\">\n<tbody>\n<tr style=\"height: 48px;\">\n<td style=\"width: 50.0118%; text-align: center; height: 47px;\"><strong>NOM DE LA JORNADA<\/strong><\/td>\n<td style=\"width: 14.6477%; text-align: center; height: 47px;\"><strong>LLOC<\/strong><\/td>\n<td style=\"width: 15.34%; text-align: center; height: 47px;\"><strong>DATA<\/strong><\/td>\n<td style=\"width: 15.5106%; text-align: center; height: 47px;\"><strong>PROGRAMA I INSCRIPCIONS<\/strong><\/td>\n<\/tr>\n<tr style=\"height: 47px;\">\n<td style=\"width: 50.0118%; text-align: center; height: 47px;\">Gesti\u00f3 de l\u2019aire comprimit en alimentaci\u00f3: requisits de seguretat aliment\u00e0ria i verificaci\u00f3 segons ISO 8573-1<\/td>\n<td style=\"width: 14.6477%; text-align: center; height: 47px;\">En l\u00ednia<\/td>\n<td style=\"width: 15.34%; text-align: center; height: 47px;\">28 de gener<\/td>\n<td style=\"width: 15.5106%; text-align: center; height: 47px;\"><a href=\"https:\/\/agora.xtec.cat\/eaemporda\/wp-content\/uploads\/usu1941\/2026\/01\/aire-comprimit.pdf\">aire comprimit<\/a><\/td>\n<\/tr>\n<tr style=\"height: 47px;\">\n<td style=\"width: 50.0118%; height: 47px;\">Gesti\u00f3 d\u2019al\u00b7l\u00e8rgens en la ind\u00fastria aliment\u00e0ria: com minimitzar la contaminaci\u00f3<\/td>\n<td style=\"width: 14.6477%; text-align: center; height: 47px;\">En l\u00ednia<\/td>\n<td style=\"width: 15.34%; text-align: center; height: 47px;\">24 de febrer<\/td>\n<td style=\"width: 15.5106%; height: 47px;\"><a href=\"https:\/\/agora.xtec.cat\/eaemporda\/wp-content\/uploads\/usu1941\/2026\/01\/Gestio-dallergens.pdf\">Gesti\u00f3 d&#8217;all\u00e8rgens<\/a><\/td>\n<\/tr>\n<tr style=\"height: 47px;\">\n<td style=\"width: 50.0118%; height: 47px;\">Com adaptar l\u2019estrat\u00e8gia de xarxes socials d\u2019un negoci agroalimentari a les noves tend\u00e8ncies de m\u00e0rqueting<\/td>\n<td style=\"width: 14.6477%; text-align: center; height: 47px;\">En l\u00ednia<\/td>\n<td style=\"width: 15.34%; text-align: center; height: 47px;\">25 de febrer<\/td>\n<td style=\"width: 15.5106%; height: 47px;\"><a href=\"https:\/\/agora.xtec.cat\/eaemporda\/wp-content\/uploads\/usu1941\/2026\/01\/XXSS.pdf\">XXSS<\/a><\/td>\n<\/tr>\n<tr style=\"height: 47px;\">\n<td style=\"width: 50.0118%; height: 47px;\">Responsabilitats de l\u2019empresa davant el nou reglament de m\u00e0quines UE 1230\/2023<\/td>\n<td style=\"width: 14.6477%; text-align: center; height: 47px;\">En l\u00ednia<\/td>\n<td style=\"width: 15.34%; text-align: center; height: 47px;\">25 de febrer<\/td>\n<td style=\"width: 15.5106%; height: 47px;\"><a href=\"https:\/\/agora.xtec.cat\/eaemporda\/wp-content\/uploads\/usu1941\/2026\/01\/reglament-maquines.pdf\">reglament maquines<\/a><\/td>\n<\/tr>\n<tr style=\"height: 63px;\">\n<td style=\"width: 50.0118%; height: 63px;\"><span data-teams=\"true\">Agricultura regenerativa en vinya<\/span><\/td>\n<td style=\"width: 14.6477%; text-align: center; height: 63px;\">Vilaju\u00efga<\/td>\n<td style=\"width: 15.34%; text-align: center; height: 63px;\">2 de mar\u00e7<\/td>\n<td style=\"width: 15.5106%; height: 63px;\"><a href=\"https:\/\/agora.xtec.cat\/eaemporda\/wp-content\/uploads\/usu1941\/2026\/02\/Agricultura-regenerativa-a-la-vinya.pdf\">Agricultura regenerativa a la vinya<\/a><\/td>\n<\/tr>\n<tr style=\"height: 47px;\">\n<td style=\"width: 50.0118%; height: 47px;\">Solucions per al control de cossos estranys al sector carni<\/td>\n<td style=\"width: 14.6477%; text-align: center; height: 47px;\">Monells<\/td>\n<td style=\"width: 15.34%; text-align: center; height: 47px;\">4 de mar\u00e7<\/td>\n<td style=\"width: 15.5106%; height: 47px;\"><a href=\"https:\/\/agora.xtec.cat\/eaemporda\/wp-content\/uploads\/usu1941\/2026\/01\/Monells_Cossos-estranys-carn_0403_2026_35.pdf\">Cossos estranys carn<\/a><\/td>\n<\/tr>\n<tr style=\"height: 32px;\">\n<td style=\"width: 50.0118%; height: 32px;\">Els riscos laborals en el sector lleter<\/td>\n<td style=\"width: 14.6477%; text-align: center; height: 32px;\">En l\u00ednia<\/td>\n<td style=\"width: 15.34%; text-align: center; height: 32px;\">17 de mar\u00e7<\/td>\n<td style=\"width: 15.5106%; height: 32px;\"><a href=\"https:\/\/agora.xtec.cat\/eaemporda\/wp-content\/uploads\/usu1941\/2026\/02\/riscos-laborals.pdf\">riscos laborals<\/a><\/td>\n<\/tr>\n<tr style=\"height: 42px;\">\n<td style=\"width: 50.0118%; height: 42px;\">La IA en la Ind\u00fastria Aliment\u00e0ria<\/td>\n<td style=\"width: 14.6477%; text-align: center; height: 42px;\">En l\u00ednia<\/td>\n<td style=\"width: 15.34%; text-align: center; height: 42px;\">10 d&#8217;abril<\/td>\n<td style=\"width: 15.5106%; height: 42px;\"><a href=\"https:\/\/agora.xtec.cat\/eaemporda\/wp-content\/uploads\/usu1941\/2026\/02\/IA-en-alimentacio.pdf\">IA en alimentaci\u00f3<\/a><\/td>\n<\/tr>\n<\/tbody>\n<\/table>\n","protected":false},"excerpt":{"rendered":"<p>Al llarg de l\u2019any, l\u2019Escola Agr\u00e0ria i Aliment\u00e0ria de l\u2019Empord\u00e0 ofereix jornades t\u00e8cniques relacionades amb el m\u00f3n agrari i agroalimentari, dins el <a href=\"https:\/\/agricultura.gencat.cat\/ca\/ambits\/formacio-innovacio\/transferencia-tecnologica\/pla-anual-transferencia-tecnologica\/index.html\">Programa de Transfer\u00e8ncia Tecnol\u00f2gica<\/a> del <a href=\"https:\/\/agricultura.gencat.cat\/ca\/inici\">Departament d\u2019Acci\u00f3 Clim\u00e0tica, Alimentaci\u00f3 i Agenda Rural.<\/a> Podeu consultar totes les <a href=\"https:\/\/ruralcat.gencat.cat\/web\/guest\/transferencia\/preinscripcio-jornada-tecnica\">jornades PATT vigents.<\/a><br \/>\nJORNADES PREVISTES&hellip;  <a href=\"https:\/\/agora.xtec.cat\/eaemporda\/formacio-continua\/jornades-de-transferencia-tecnologica\/\" title=\"Read Jornades de Transfer\u00e8ncia Tecnol\u00f2gica\">Llegeix m\u00e9s\u00bb<\/a><\/p>\n","protected":false},"author":1,"featured_media":0,"parent":569,"menu_order":0,"comment_status":"closed","ping_status":"closed","template":"","meta":{"_bbp_topic_count":0,"_bbp_reply_count":0,"_bbp_total_topic_count":0,"_bbp_total_reply_count":0,"_bbp_voice_count":0,"_bbp_anonymous_reply_count":0,"_bbp_topic_count_hidden":0,"_bbp_reply_count_hidden":0,"_bbp_forum_subforum_count":0,"footnotes":""},"class_list":["post-659","page","type-page","status-publish","hentry"],"post_mailing_queue_ids":[],"_links":{"self":[{"href":"https:\/\/agora.xtec.cat\/eaemporda\/wp-json\/wp\/v2\/pages\/659","targetHints":{"allow":["GET"]}}],"collection":[{"href":"https:\/\/agora.xtec.cat\/eaemporda\/wp-json\/wp\/v2\/pages"}],"about":[{"href":"https:\/\/agora.xtec.cat\/eaemporda\/wp-json\/wp\/v2\/types\/page"}],"author":[{"embeddable":true,"href":"https:\/\/agora.xtec.cat\/eaemporda\/wp-json\/wp\/v2\/users\/1"}],"replies":[{"embeddable":true,"href":"https:\/\/agora.xtec.cat\/eaemporda\/wp-json\/wp\/v2\/comments?post=659"}],"version-history":[{"count":7,"href":"https:\/\/agora.xtec.cat\/eaemporda\/wp-json\/wp\/v2\/pages\/659\/revisions"}],"predecessor-version":[{"id":3283,"href":"https:\/\/agora.xtec.cat\/eaemporda\/wp-json\/wp\/v2\/pages\/659\/revisions\/3283"}],"up":[{"embeddable":true,"href":"https:\/\/agora.xtec.cat\/eaemporda\/wp-json\/wp\/v2\/pages\/569"}],"wp:attachment":[{"href":"https:\/\/agora.xtec.cat\/eaemporda\/wp-json\/wp\/v2\/media?parent=659"}],"curies":[{"name":"wp","href":"https:\/\/api.w.org\/{rel}","templated":true}]}}