{"id":3078,"date":"2026-01-14T10:17:29","date_gmt":"2026-01-14T09:17:29","guid":{"rendered":"https:\/\/agora.xtec.cat\/eaemporda\/?page_id=3078"},"modified":"2026-01-14T10:18:05","modified_gmt":"2026-01-14T09:18:05","slug":"cursos-2025","status":"publish","type":"page","link":"https:\/\/agora.xtec.cat\/eaemporda\/formacio-continua\/cursos\/cursos-2025\/","title":{"rendered":"Cursos 2025"},"content":{"rendered":"<p><strong>CURSOS REALITZATS 2025<\/strong><\/p>\n<table>\n<tbody>\n<tr>\n<td><strong>CURS<\/strong><\/td>\n<td><strong>LLOC<\/strong><\/td>\n<td><strong>DATES<\/strong><\/td>\n<td><strong>PROGRAMA I INSCRIPCIONS<\/strong><\/td>\n<\/tr>\n<tr>\n<td>Benestar animal en explotacions<br \/>\nbovines. M\u00f2dul espec\u00edfic<\/td>\n<td>Sant Joan de les Abadesses<\/td>\n<td>9 i 16 de desembre<\/td>\n<td><a href=\"https:\/\/agora.xtec.cat\/eaemporda\/wp-content\/uploads\/usu1941\/2025\/10\/251028_FC_Benestar-especific-bovi.pdf\">Benestar bov\u00ed espec\u00edfic<\/a><\/td>\n<\/tr>\n<tr>\n<td>Perfeccionament en l\u2019elaboraci\u00f3 de canelons i croquetes<\/td>\n<td>Monells<\/td>\n<td>10 de novembre<\/td>\n<td><a href=\"https:\/\/agora.xtec.cat\/eaemporda\/wp-content\/uploads\/usu1941\/2025\/10\/251017_FC_Perfeccionament-canelons-i-croquetes.pdf\">Canelons i croquetes<\/a><\/td>\n<\/tr>\n<tr>\n<td>Cocci\u00f3 a baixa temperatura<\/td>\n<td>Monells<\/td>\n<td>17 i 19 de novembre<\/td>\n<td><a href=\"https:\/\/agora.xtec.cat\/eaemporda\/wp-content\/uploads\/usu1941\/2025\/10\/251014_FC_Coccio-Baixa-Temp.pdf\">Cocci\u00f3 Baixa Temp<\/a><\/td>\n<\/tr>\n<tr>\n<td>Taller de fermentaci\u00f3 de vegetals i begudes probi\u00f2tiques<\/td>\n<td>Monells<\/td>\n<td>28 d\u2019octubre i 11 i 25 de novembre.<\/td>\n<td><a href=\"https:\/\/agora.xtec.cat\/eaemporda\/wp-content\/uploads\/usu1941\/2025\/09\/MOD_SFA_C2_12_Cartell_curs_Fermenta-V1.pdf\">Taller de fermentats<\/a><\/td>\n<\/tr>\n<tr>\n<td>Bov\u00ed de carn<\/td>\n<td>La Vall de Bianya<\/td>\n<td>7, 9, 16, 21, 24 d\u2019octubre, 4 i 6 de novembre<\/td>\n<td><a href=\"https:\/\/agora.xtec.cat\/eaemporda\/wp-content\/uploads\/usu1941\/2025\/09\/250908_FC_Curs-Bovi-de-carn.pdf\">Bov\u00ed de carn<\/a><\/td>\n<\/tr>\n<tr>\n<td>L\u2019APPCC aplicat al sector lacti<\/td>\n<td>En l\u00ednia<\/td>\n<td>7, 14, 21 d\u2019octubre<\/td>\n<td><a href=\"https:\/\/agora.xtec.cat\/eaemporda\/wp-content\/uploads\/usu1941\/2025\/09\/250630_FC_APPCCsectorlacti-1.pdf\">APPCCsectorlacti<\/a><\/td>\n<\/tr>\n<tr>\n<td>Marinats i esp\u00e8cies. Aplicaci\u00f3 t\u00e8cnica en la carn<\/td>\n<td>Monells<\/td>\n<td>29 de setembre<\/td>\n<td><a href=\"https:\/\/agora.xtec.cat\/eaemporda\/wp-content\/uploads\/usu1941\/2025\/09\/Marinats-i-especies.pdf\">Marinats i esp\u00e8cies<\/a><\/td>\n<\/tr>\n<tr>\n<td>Aprofitament i maneig de les pastures<\/td>\n<td>Garrotxa i Ripoll\u00e8s<\/td>\n<td>7, 14, 21 i 30 de maig<\/td>\n<td><a href=\"https:\/\/agora.xtec.cat\/eaemporda\/wp-content\/uploads\/usu1941\/2025\/04\/Pastures.pdf\">Pastures<\/a><\/td>\n<\/tr>\n<tr>\n<td>Manteniment d\u2019instal\u00b7lacions agr\u00e0ries<\/td>\n<td>Olot<\/td>\n<td>19 i 26 de maig i 2 de juny<\/td>\n<td><a href=\"https:\/\/agora.xtec.cat\/eaemporda\/wp-content\/uploads\/usu1941\/2025\/04\/Mantinstal.pdf\">Mantinstal<\/a><\/td>\n<\/tr>\n<tr>\n<td>Classificaci\u00f3 de canals<\/td>\n<td>Barcelona<\/td>\n<td>3, 10 i 11 de juny<\/td>\n<td><a href=\"https:\/\/agora.xtec.cat\/eaemporda\/wp-content\/uploads\/usu1941\/2025\/05\/classificaciocanals-1.pdf\">classificaciocanals<\/a><\/td>\n<\/tr>\n<tr>\n<td>Homologaci\u00f3 de prove\u00efdors<\/td>\n<td>En l\u00ednia<\/td>\n<td>3, 10 i 17 de juny<\/td>\n<td><a href=\"https:\/\/agora.xtec.cat\/eaemporda\/wp-content\/uploads\/usu1941\/2025\/05\/Homologacioproveidors.pdf\">Homologacioprovei\u0308dors<\/a><\/td>\n<\/tr>\n<tr>\n<td>Com passar una auditoria i complir amb les normes de seguretat aliment\u00e0ria i control de pes<\/td>\n<td>Cornell\u00e0 de Llobregat<\/td>\n<td>5 de juny<\/td>\n<td><a href=\"https:\/\/agora.xtec.cat\/eaemporda\/wp-content\/uploads\/usu1941\/2025\/03\/250317_FC_auditories-METTLER.pdf\">Auditories<\/a><\/td>\n<\/tr>\n<tr>\n<td>Ingredients i additius alimentaris:<br \/>\ndes de la mat\u00e8ria primera fins a les f\u00f3rmules<br \/>\ncomplertes i els productes acabats<\/td>\n<td>Girona-Les Preses<\/td>\n<td>11 i 12 de juny<\/td>\n<td><a href=\"https:\/\/agora.xtec.cat\/eaemporda\/wp-content\/uploads\/usu1941\/2025\/05\/Additius.pdf\">Additius<\/a><\/td>\n<\/tr>\n<tr>\n<td>El creador d\u2019amanides<\/td>\n<td>Monells<\/td>\n<td>17 de juny<\/td>\n<td><a href=\"https:\/\/agora.xtec.cat\/eaemporda\/wp-content\/uploads\/usu1941\/2025\/05\/creadoramanides.pdf\">creadoramanides<\/a><\/td>\n<\/tr>\n<\/tbody>\n<\/table>\n<p>&nbsp;<\/p>\n","protected":false},"excerpt":{"rendered":"<p>CURSOS REALITZATS 2025<\/p>\n<p>CURS<br \/>\nLLOC<br \/>\nDATES<br \/>\nPROGRAMA I INSCRIPCIONS<\/p>\n<p>Benestar animal en explotacions<br \/>\nbovines. M\u00f2dul espec\u00edfic<br \/>\nSant Joan de les Abadesses<br \/>\n9 i 16 de desembre<br \/>\n<a href=\"https:\/\/agora.xtec.cat\/eaemporda\/wp-content\/uploads\/usu1941\/2025\/10\/251028_FC_Benestar-especific-bovi.pdf\">Benestar bov\u00ed espec\u00edfic<\/a><\/p>\n<p>Perfeccionament en l\u2019elaboraci\u00f3 de canelons i croquetes<br \/>\nMonells<br \/>\n10 de novembre<br \/>\n<a href=\"https:\/\/agora.xtec.cat\/eaemporda\/wp-content\/uploads\/usu1941\/2025\/10\/251017_FC_Perfeccionament-canelons-i-croquetes.pdf\">Canelons i croquetes<\/a><\/p>\n<p>Cocci\u00f3 a baixa temperatura<br \/>\nMonells<br \/>\n17 i 19 de novembre<br \/>\n<a href=\"https:\/\/agora.xtec.cat\/eaemporda\/wp-content\/uploads\/usu1941\/2025\/10\/251014_FC_Coccio-Baixa-Temp.pdf\">Cocci\u00f3 Baixa Temp<\/a><\/p>\n<p>Taller de fermentaci\u00f3 de&hellip;  <a href=\"https:\/\/agora.xtec.cat\/eaemporda\/formacio-continua\/cursos\/cursos-2025\/\" title=\"Read Cursos 2025\">Llegeix m\u00e9s\u00bb<\/a><\/p>\n","protected":false},"author":1,"featured_media":0,"parent":664,"menu_order":0,"comment_status":"closed","ping_status":"closed","template":"","meta":{"_bbp_topic_count":0,"_bbp_reply_count":0,"_bbp_total_topic_count":0,"_bbp_total_reply_count":0,"_bbp_voice_count":0,"_bbp_anonymous_reply_count":0,"_bbp_topic_count_hidden":0,"_bbp_reply_count_hidden":0,"_bbp_forum_subforum_count":0,"footnotes":""},"class_list":["post-3078","page","type-page","status-publish","hentry"],"post_mailing_queue_ids":[],"_links":{"self":[{"href":"https:\/\/agora.xtec.cat\/eaemporda\/wp-json\/wp\/v2\/pages\/3078","targetHints":{"allow":["GET"]}}],"collection":[{"href":"https:\/\/agora.xtec.cat\/eaemporda\/wp-json\/wp\/v2\/pages"}],"about":[{"href":"https:\/\/agora.xtec.cat\/eaemporda\/wp-json\/wp\/v2\/types\/page"}],"author":[{"embeddable":true,"href":"https:\/\/agora.xtec.cat\/eaemporda\/wp-json\/wp\/v2\/users\/1"}],"replies":[{"embeddable":true,"href":"https:\/\/agora.xtec.cat\/eaemporda\/wp-json\/wp\/v2\/comments?post=3078"}],"version-history":[{"count":1,"href":"https:\/\/agora.xtec.cat\/eaemporda\/wp-json\/wp\/v2\/pages\/3078\/revisions"}],"predecessor-version":[{"id":3080,"href":"https:\/\/agora.xtec.cat\/eaemporda\/wp-json\/wp\/v2\/pages\/3078\/revisions\/3080"}],"up":[{"embeddable":true,"href":"https:\/\/agora.xtec.cat\/eaemporda\/wp-json\/wp\/v2\/pages\/664"}],"wp:attachment":[{"href":"https:\/\/agora.xtec.cat\/eaemporda\/wp-json\/wp\/v2\/media?parent=3078"}],"curies":[{"name":"wp","href":"https:\/\/api.w.org\/{rel}","templated":true}]}}