{"id":2493,"date":"2023-10-19T12:24:52","date_gmt":"2023-10-19T10:24:52","guid":{"rendered":"https:\/\/agora.xtec.cat\/eaemporda\/?page_id=2493"},"modified":"2023-10-19T12:24:52","modified_gmt":"2023-10-19T10:24:52","slug":"cursos-2022","status":"publish","type":"page","link":"https:\/\/agora.xtec.cat\/eaemporda\/formacio-continua\/cursos\/cursos-2022\/","title":{"rendered":"Cursos 2022"},"content":{"rendered":"<p><strong>CURSOS ANTERIORS (2022)<\/strong><\/p>\n<table style=\"width: 96.7115%;\">\n<tbody>\n<tr style=\"height: 65px;\">\n<td style=\"width: 246.51px; text-align: center; height: 65px;\"><strong>CURS<\/strong><\/td>\n<td style=\"width: 132.26px; text-align: center; height: 65px;\"><strong>LLOC<\/strong><\/td>\n<td style=\"width: 146.792px; text-align: center; height: 65px;\"><strong>DATES<\/strong><\/td>\n<td style=\"width: 180.052px; text-align: center; height: 65px;\"><strong>PROGRAMA I INSCRIPCIONS<\/strong><\/td>\n<\/tr>\n<tr style=\"height: 31px;\">\n<td style=\"width: 246.51px; height: 31px;\">El gran repte de l&#8217;etiquetatge<\/td>\n<td style=\"width: 132.26px; height: 31px;\">On-line<\/td>\n<td style=\"width: 146.792px; height: 31px;\">Del 3 al 24 de febrer<\/td>\n<td style=\"width: 180.052px; text-align: center;\"><strong>\u00a0<a href=\"https:\/\/agora.xtec.cat\/eaemporda\/wp-content\/uploads\/usu1941\/2022\/01\/Etiquetatge.pdf\">Etiquetatge<\/a><\/strong><\/td>\n<\/tr>\n<tr style=\"height: 49px;\">\n<td style=\"width: 246.51px; height: 49px;\">Manteniment d&#8217;instal\u00b7lacions agr\u00e0ries<\/td>\n<td style=\"width: 132.26px; height: 49px;\">Monells-Sta Coloma de Farners<\/td>\n<td style=\"width: 146.792px; height: 49px;\">Del 26 de gener al 9 de febrer<\/td>\n<td style=\"width: 180.052px; text-align: center;\"><strong><a href=\"https:\/\/agora.xtec.cat\/eaemporda\/wp-content\/uploads\/usu1941\/2022\/01\/Manteniment.pdf\">Manteniment<\/a><\/strong><\/td>\n<\/tr>\n<tr>\n<td style=\"width: 246.51px;\">Aplicaci\u00f3 pr\u00e0ctica de l&#8217;an\u00e0lisi sensorial<\/td>\n<td style=\"width: 132.26px;\">Monells\/ semi-presencial<\/td>\n<td style=\"width: 146.792px;\">De l&#8217;1 al 22 de mar\u00e7<\/td>\n<td style=\"width: 180.052px; text-align: center;\"><strong><a href=\"https:\/\/agora.xtec.cat\/eaemporda\/wp-content\/uploads\/usu1941\/2022\/02\/Sensorial.pdf\">Sensorial<\/a><\/strong><\/td>\n<\/tr>\n<tr>\n<td style=\"width: 246.51px;\">Curs pr\u00e0ctic sobre APPCC i prerequisits\u00a0 en menjars preparats<\/td>\n<td style=\"width: 132.26px;\">on-line<\/td>\n<td style=\"width: 146.792px;\">3, 10, 17 i 24 de mar\u00e7<\/td>\n<td style=\"width: 180.052px; text-align: center;\"><strong><a href=\"https:\/\/agora.xtec.cat\/eaemporda\/wp-content\/uploads\/usu1941\/2022\/02\/menjarspreparats.pdf\">menjarspreparats<\/a><\/strong><\/td>\n<\/tr>\n<tr style=\"height: 49px;\">\n<td style=\"width: 246.51px; height: 49px;\">Validaci\u00f3 de les mesures de control de la<br \/>\ninnocu\u00eftat i de la vida \u00fatil dels aliments<\/td>\n<td style=\"width: 132.26px; height: 49px;\">On-line<\/td>\n<td style=\"width: 146.792px; height: 49px;\">Del 9 de mar\u00e7 al 18 de maig<\/td>\n<td style=\"width: 180.052px; text-align: center;\"><strong><a href=\"https:\/\/agora.xtec.cat\/eaemporda\/wp-content\/uploads\/usu1941\/2022\/02\/mesurescontrol.pdf\">mesurescontrol<\/a><\/strong><\/td>\n<\/tr>\n<tr style=\"height: 49px;\">\n<td style=\"width: 246.51px; height: 49px;\">Coneixement, avaluaci\u00f3 i millora de l\u2019estat del s\u00f2l. Cromatografies<\/td>\n<td style=\"width: 132.26px; height: 49px;\">Monells<\/td>\n<td style=\"width: 146.792px; height: 49px;\">17, 31 de mar\u00e7 i 20 d&#8217;abril<\/td>\n<td style=\"width: 180.052px; height: 49px; text-align: center;\"><a href=\"https:\/\/agora.xtec.cat\/eaemporda\/wp-content\/uploads\/usu1941\/2022\/02\/Coneixement.pdf\">Coneixement<\/a><\/td>\n<\/tr>\n<tr>\n<td style=\"width: 246.51px;\">Pastures i producci\u00f3 d\u2019animals per a vida<\/td>\n<td style=\"width: 132.26px;\">Vall de Bianya<\/td>\n<td style=\"width: 146.792px;\">Del 22 de mar\u00e7 al 20 de maig<\/td>\n<td style=\"width: 180.052px; text-align: center;\"><a href=\"https:\/\/agora.xtec.cat\/eaemporda\/wp-content\/uploads\/usu1941\/2022\/03\/pastures.pdf\">pastures<\/a><\/td>\n<\/tr>\n<tr>\n<td style=\"width: 246.51px;\">Actualitzaci\u00f3 dels processos en carnisseria i elaboraci\u00f3 de productes carnis<\/td>\n<td style=\"width: 132.26px;\">Barcelona, semipresencial<\/td>\n<td style=\"width: 146.792px;\">Del 2 de maig al 3 d&#8217;octubre<\/td>\n<td style=\"width: 180.052px;\"><a href=\"https:\/\/agora.xtec.cat\/eaemporda\/wp-content\/uploads\/usu1941\/2022\/03\/carnissers.pdf\">carnissers<\/a><\/td>\n<\/tr>\n<tr>\n<td style=\"width: 246.51px;\">Homologaci\u00f3 de prove\u00efdors<\/td>\n<td style=\"width: 132.26px;\">Semipresencial, Barcelona<\/td>\n<td style=\"width: 146.792px;\">Del 5 al 26 de maig<\/td>\n<td style=\"width: 180.052px;\"><a href=\"https:\/\/agora.xtec.cat\/eaemporda\/wp-content\/uploads\/usu1941\/2022\/04\/Provei\u0308dors.pdf\">Provei\u0308dors<\/a><\/td>\n<\/tr>\n<tr>\n<td style=\"width: 246.51px;\">Negociaci\u00f3: Estrat\u00e8gies i habilitats essencials<\/td>\n<td style=\"width: 132.26px;\">Monells \/ semipresencial<\/td>\n<td style=\"width: 146.792px;\">Del 9 al 17 de maig<\/td>\n<td style=\"width: 180.052px;\"><a href=\"https:\/\/agora.xtec.cat\/eaemporda\/wp-content\/uploads\/usu1941\/2022\/03\/estrategies.pdf\">estrategies<\/a><\/td>\n<\/tr>\n<tr>\n<td style=\"width: 246.51px;\">Log\u00edstica al sector alimentari<\/td>\n<td style=\"width: 132.26px;\">En l\u00ednea<\/td>\n<td style=\"width: 146.792px;\">Del 18 de maig al 8 de juny<\/td>\n<td style=\"width: 180.052px;\"><a href=\"https:\/\/agora.xtec.cat\/eaemporda\/wp-content\/uploads\/usu1941\/2022\/04\/logi\u0301stica.pdf\">logi\u0301stica<\/a><\/td>\n<\/tr>\n<tr>\n<td style=\"width: 246.51px;\">Benestar animal en explotacions bovines<\/td>\n<td style=\"width: 132.26px;\">Monells<\/td>\n<td style=\"width: 146.792px;\">Del 8 del 22 de novembre<\/td>\n<td style=\"width: 180.052px;\"><a href=\"https:\/\/agora.xtec.cat\/eaemporda\/wp-content\/uploads\/usu1941\/2022\/10\/BA-explotacions-bovines.pdf\">BA explotacions bovines<\/a><\/td>\n<\/tr>\n<tr>\n<td style=\"width: 246.51px;\">Benestar animal en el transport<\/td>\n<td style=\"width: 132.26px;\">Monells<\/td>\n<td style=\"width: 146.792px;\">Del 8 al 29 de novembre<\/td>\n<td style=\"width: 180.052px;\"><a href=\"https:\/\/agora.xtec.cat\/eaemporda\/wp-content\/uploads\/usu1941\/2022\/10\/BA-transport.pdf\">BA transport<\/a><\/td>\n<\/tr>\n<tr style=\"height: 57px;\">\n<td style=\"width: 246.51px; height: 57px;\">Principis b\u00e0sics de carnisseria.<br \/>\nEl treball de la carn fresca<\/td>\n<td style=\"width: 132.26px; height: 57px;\">Semipresencial. Barcelona<\/td>\n<td style=\"width: 146.792px; height: 57px;\">Del 31 de gener a l\u20191 de juny<\/td>\n<td style=\"width: 180.052px;\"><a href=\"https:\/\/agora.xtec.cat\/eaemporda\/wp-content\/uploads\/usu1941\/2021\/12\/carnissers.pdf\">carnissers<\/a><\/td>\n<\/tr>\n<tr style=\"height: 46px;\">\n<td style=\"width: 246.51px; height: 46px;\">Desenvolupa el teu projecte de transformaci\u00f3 agroaliment\u00e0ria. 4\u00aa edici\u00f3<\/td>\n<td style=\"width: 132.26px; height: 46px;\">Monells<\/td>\n<td style=\"width: 146.792px; height: 46px;\">Febrer-maig<\/td>\n<td style=\"width: 180.052px;\"><a href=\"https:\/\/agora.xtec.cat\/eaemporda\/wp-content\/uploads\/usu1941\/2022\/01\/desenvolupa.pdf\">desenvolupa<\/a><\/td>\n<\/tr>\n<\/tbody>\n<\/table>\n","protected":false},"excerpt":{"rendered":"<p>CURSOS ANTERIORS (2022)<\/p>\n<p>CURS<br \/>\nLLOC<br \/>\nDATES<br \/>\nPROGRAMA I INSCRIPCIONS<\/p>\n<p>El gran repte de l&#8217;etiquetatge<br \/>\nOn-line<br \/>\nDel 3 al 24 de febrer<br \/>\n\u00a0<a href=\"https:\/\/agora.xtec.cat\/eaemporda\/wp-content\/uploads\/usu1941\/2022\/01\/Etiquetatge.pdf\">Etiquetatge<\/a><\/p>\n<p>Manteniment d&#8217;instal\u00b7lacions agr\u00e0ries<br \/>\nMonells-Sta Coloma de Farners<br \/>\nDel 26 de gener al 9 de febrer<br \/>\n<a href=\"https:\/\/agora.xtec.cat\/eaemporda\/wp-content\/uploads\/usu1941\/2022\/01\/Manteniment.pdf\">Manteniment<\/a><\/p>\n<p>Aplicaci\u00f3 pr\u00e0ctica de l&#8217;an\u00e0lisi sensorial<br \/>\nMonells\/ semi-presencial<br \/>\nDe l&#8217;1 al 22 de mar\u00e7<br \/>\n<a href=\"https:\/\/agora.xtec.cat\/eaemporda\/wp-content\/uploads\/usu1941\/2022\/02\/Sensorial.pdf\">Sensorial<\/a><\/p>\n<p>Curs pr\u00e0ctic sobre APPCC i prerequisits\u00a0 en&hellip;  <a href=\"https:\/\/agora.xtec.cat\/eaemporda\/formacio-continua\/cursos\/cursos-2022\/\" title=\"Read Cursos 2022\">Llegeix m\u00e9s\u00bb<\/a><\/p>\n","protected":false},"author":1,"featured_media":0,"parent":664,"menu_order":0,"comment_status":"closed","ping_status":"closed","template":"","meta":{"_bbp_topic_count":0,"_bbp_reply_count":0,"_bbp_total_topic_count":0,"_bbp_total_reply_count":0,"_bbp_voice_count":0,"_bbp_anonymous_reply_count":0,"_bbp_topic_count_hidden":0,"_bbp_reply_count_hidden":0,"_bbp_forum_subforum_count":0,"footnotes":""},"class_list":["post-2493","page","type-page","status-publish","hentry"],"post_mailing_queue_ids":[],"_links":{"self":[{"href":"https:\/\/agora.xtec.cat\/eaemporda\/wp-json\/wp\/v2\/pages\/2493","targetHints":{"allow":["GET"]}}],"collection":[{"href":"https:\/\/agora.xtec.cat\/eaemporda\/wp-json\/wp\/v2\/pages"}],"about":[{"href":"https:\/\/agora.xtec.cat\/eaemporda\/wp-json\/wp\/v2\/types\/page"}],"author":[{"embeddable":true,"href":"https:\/\/agora.xtec.cat\/eaemporda\/wp-json\/wp\/v2\/users\/1"}],"replies":[{"embeddable":true,"href":"https:\/\/agora.xtec.cat\/eaemporda\/wp-json\/wp\/v2\/comments?post=2493"}],"version-history":[{"count":1,"href":"https:\/\/agora.xtec.cat\/eaemporda\/wp-json\/wp\/v2\/pages\/2493\/revisions"}],"predecessor-version":[{"id":2494,"href":"https:\/\/agora.xtec.cat\/eaemporda\/wp-json\/wp\/v2\/pages\/2493\/revisions\/2494"}],"up":[{"embeddable":true,"href":"https:\/\/agora.xtec.cat\/eaemporda\/wp-json\/wp\/v2\/pages\/664"}],"wp:attachment":[{"href":"https:\/\/agora.xtec.cat\/eaemporda\/wp-json\/wp\/v2\/media?parent=2493"}],"curies":[{"name":"wp","href":"https:\/\/api.w.org\/{rel}","templated":true}]}}