{"id":2475,"date":"2023-10-19T10:30:23","date_gmt":"2023-10-19T08:30:23","guid":{"rendered":"https:\/\/agora.xtec.cat\/eaemporda\/?page_id=2475"},"modified":"2023-10-19T10:30:23","modified_gmt":"2023-10-19T08:30:23","slug":"pla-de-convivencia","status":"publish","type":"page","link":"https:\/\/agora.xtec.cat\/eaemporda\/pla-de-convivencia\/","title":{"rendered":"Pla de conviv\u00e8ncia"},"content":{"rendered":"<p>L&#8217;Escola Agr\u00e0ria i Aliment\u00e0ria de l&#8217;Empord\u00e0 disposa d&#8217;un pla de conviv\u00e8ncia per tal d&#8217;assegurar la participaci\u00f3 i implicaci\u00f3 de tota la comunitat escolar, fomentar l&#8217;equitat i el respecte i fomentar el di\u00e0leg.<\/p>\n<p>Podeu consultar el Pla de conviv\u00e8ncia aqu\u00ed:<\/p>\n<p><a href=\"https:\/\/agora.xtec.cat\/eaemporda\/wp-content\/uploads\/usu1941\/2023\/10\/PEC_A8_V0-Convivencia.pdf\">PEC_A8_V0 Conviv\u00e8ncia<\/a><\/p>\n","protected":false},"excerpt":{"rendered":"<p>L&#8217;Escola Agr\u00e0ria i Aliment\u00e0ria de l&#8217;Empord\u00e0 disposa d&#8217;un pla de conviv\u00e8ncia per tal d&#8217;assegurar la participaci\u00f3 i implicaci\u00f3 de tota la comunitat escolar, fomentar l&#8217;equitat i el respecte i fomentar el di\u00e0leg.<br \/>\nPodeu consultar el Pla de conviv\u00e8ncia aqu\u00ed:<br \/>\n<a href=\"https:\/\/agora.xtec.cat\/eaemporda\/wp-content\/uploads\/usu1941\/2023\/10\/PEC_A8_V0-Convivencia.pdf\">PEC_A8_V0 Conviv\u00e8ncia<\/a><\/p>\n","protected":false},"author":1,"featured_media":0,"parent":0,"menu_order":0,"comment_status":"closed","ping_status":"closed","template":"","meta":{"_bbp_topic_count":0,"_bbp_reply_count":0,"_bbp_total_topic_count":0,"_bbp_total_reply_count":0,"_bbp_voice_count":0,"_bbp_anonymous_reply_count":0,"_bbp_topic_count_hidden":0,"_bbp_reply_count_hidden":0,"_bbp_forum_subforum_count":0,"footnotes":""},"class_list":["post-2475","page","type-page","status-publish","hentry"],"post_mailing_queue_ids":[],"_links":{"self":[{"href":"https:\/\/agora.xtec.cat\/eaemporda\/wp-json\/wp\/v2\/pages\/2475","targetHints":{"allow":["GET"]}}],"collection":[{"href":"https:\/\/agora.xtec.cat\/eaemporda\/wp-json\/wp\/v2\/pages"}],"about":[{"href":"https:\/\/agora.xtec.cat\/eaemporda\/wp-json\/wp\/v2\/types\/page"}],"author":[{"embeddable":true,"href":"https:\/\/agora.xtec.cat\/eaemporda\/wp-json\/wp\/v2\/users\/1"}],"replies":[{"embeddable":true,"href":"https:\/\/agora.xtec.cat\/eaemporda\/wp-json\/wp\/v2\/comments?post=2475"}],"version-history":[{"count":1,"href":"https:\/\/agora.xtec.cat\/eaemporda\/wp-json\/wp\/v2\/pages\/2475\/revisions"}],"predecessor-version":[{"id":2478,"href":"https:\/\/agora.xtec.cat\/eaemporda\/wp-json\/wp\/v2\/pages\/2475\/revisions\/2478"}],"wp:attachment":[{"href":"https:\/\/agora.xtec.cat\/eaemporda\/wp-json\/wp\/v2\/media?parent=2475"}],"curies":[{"name":"wp","href":"https:\/\/api.w.org\/{rel}","templated":true}]}}