{"id":2281,"date":"2023-03-13T13:00:36","date_gmt":"2023-03-13T12:00:36","guid":{"rendered":"https:\/\/agora.xtec.cat\/eaemporda\/?page_id=2281"},"modified":"2023-03-13T13:06:47","modified_gmt":"2023-03-13T12:06:47","slug":"collaboracions-amb-entitats-empreses-i-instituts","status":"publish","type":"page","link":"https:\/\/agora.xtec.cat\/eaemporda\/enllacos\/collaboracions-amb-entitats-empreses-i-instituts\/","title":{"rendered":"Col\u00b7laboracions amb entitats, empreses i instituts"},"content":{"rendered":"<p>Des de l\u2019<strong>Escola Agr\u00e0ria i Aliment\u00e0ria de l\u2019Empord\u00e0 <\/strong>treballem en la creaci\u00f3 de <strong>sinergies<\/strong> amb entitats i empreses del territori per tal\u00a0d&#8217;impulsar projectes i iniciatives que fomentin la innovaci\u00f3 en\u00a0el\u00a0<strong>sector<\/strong><strong>\u00a0agroalimentari<\/strong>,\u00a0el\u00a0suport a petits productors i elaboradors agroalimentaris. Tamb\u00e9 estem al costat d\u2019instituts de la zona, o instituts amb una oferta formativa semblant a la nostra per tal crear xarxa i compartir experi\u00e8ncia i coneixement.<\/p>\n<p><strong>&#8211; Col\u00b7laboraci\u00f3 amb entitats de la zona per a la dinamitzaci\u00f3 socioecon\u00f2mica del territori:<\/strong><\/p>\n<p>Participaci\u00f3 en el desenvolupament del <strong>Pla Estrat\u00e8gic per al Desenvolupament Local<\/strong> i l\u2019Ocupaci\u00f3 de 2023 &#8211; 2027 de la Bisbal d\u2019Empord\u00e0, Forallac, Cru\u00eflles, Monells i Sant Sadurn\u00ed de l\u2019Heura, Cor\u00e7\u00e0 i Ullastret<\/p>\n<p>Participaci\u00f3 en la trobada amb la <strong>xarxa agroaliment\u00e0ria<\/strong> del <strong>Baix Empord\u00e0<\/strong> de la m\u00e0 de l\u2019\u00e0rea de promoci\u00f3 econ\u00f2mica \u2013 empresa del consell comarcal<\/p>\n<ul>\n<li><strong>Col\u00b7laboraci\u00f3 amb empreses del territori:<\/strong><\/li>\n<\/ul>\n<p>Apostem per la <strong>formaci\u00f3 pr\u00e0ctica<\/strong> com a base de l\u2019aprenentatge del nostre alumnat. Som una escola especialitzada en la formaci\u00f3 dirigida a la <strong>ind\u00fastria aliment\u00e0ria.<\/strong> Oferim formaci\u00f3 reglada a trav\u00e9s del <a href=\"https:\/\/agora.xtec.cat\/eaemporda\/estudis\/continguts-del-cfgs\/\">Cicle Formatiu de Grau Superior de Processos i Qualitat en Ind\u00fastries Aliment\u00e0ries<\/a> <a href=\"https:\/\/agora.xtec.cat\/eaemporda\/estudis\/formacio-dual\/\">format dual<\/a>, una metodologia que t\u00e9 com a objectiu apropar l&#8217;alumnat al <strong>m\u00f3n laboral<\/strong> i adquirir <strong>experi\u00e8ncia professional, <\/strong>aix\u00ed com\u00a0facilitar la inserci\u00f3 laboral dels seus alumnes en aquestes organitzacions al mateix temps que\u00a0l\u2019escola adapta la seva formaci\u00f3 a les necessitats del\u00a0sector.<\/p>\n<p>Com podeu col\u00b7laborar amb nosaltres?<\/p>\n<ul>\n<li>A trav\u00e9s d\u2019un acord formatiu en <strong>beca<\/strong> o en <strong>contracte laboral<\/strong> per a la <a href=\"https:\/\/www.youtube.com\/watch?v=bwoj2xpPAIw\">Formaci\u00f3 Professional Dual.<\/a><\/li>\n<li>A trav\u00e9s d\u2019un acord de <strong>pr\u00e0ctiques<\/strong> per a la <strong>Formaci\u00f3 en Centres de Treball.<\/strong><\/li>\n<\/ul>\n<p><a href=\"https:\/\/agora.xtec.cat\/eaemporda\/wp-content\/uploads\/usu1941\/2023\/03\/EA-EMPORDA-FP-DUAL-I-FCT_DEF.pdf\" target=\"_blank\" rel=\"noopener\"><img loading=\"lazy\" decoding=\"async\" class=\"aligncenter wp-image-2294\" src=\"https:\/\/agora.xtec.cat\/eaemporda\/wp-content\/uploads\/usu1941\/2023\/03\/EA-EMPORDA-Banners-web-Xtec_DEF-1-1024x1024.png\" alt=\"\" width=\"399\" height=\"399\" srcset=\"https:\/\/agora.xtec.cat\/eaemporda\/wp-content\/uploads\/usu1941\/2023\/03\/EA-EMPORDA-Banners-web-Xtec_DEF-1-1024x1024.png 1024w, https:\/\/agora.xtec.cat\/eaemporda\/wp-content\/uploads\/usu1941\/2023\/03\/EA-EMPORDA-Banners-web-Xtec_DEF-1-300x300.png 300w, https:\/\/agora.xtec.cat\/eaemporda\/wp-content\/uploads\/usu1941\/2023\/03\/EA-EMPORDA-Banners-web-Xtec_DEF-1-150x150.png 150w, https:\/\/agora.xtec.cat\/eaemporda\/wp-content\/uploads\/usu1941\/2023\/03\/EA-EMPORDA-Banners-web-Xtec_DEF-1-768x768.png 768w, https:\/\/agora.xtec.cat\/eaemporda\/wp-content\/uploads\/usu1941\/2023\/03\/EA-EMPORDA-Banners-web-Xtec_DEF-1.png 1080w\" sizes=\"auto, (max-width: 399px) 100vw, 399px\" \/><\/a><\/p>\n<p>El centre sempre est\u00e0 obert a escoltar noves propostes d\u2019entitats de la zona per tal de fomentar el desenvolupament local. Si esteu interessats o interessades, us podeu posar en contacte amb nosaltres i estarem encantats d\u2019escoltar les vostres peticions.<\/p>\n","protected":false},"excerpt":{"rendered":"<p>Des de l\u2019Escola Agr\u00e0ria i Aliment\u00e0ria de l\u2019Empord\u00e0 treballem en la creaci\u00f3 de sinergies amb entitats i empreses del territori per tal\u00a0d&#8217;impulsar projectes i iniciatives que fomentin la innovaci\u00f3 en\u00a0el\u00a0sector\u00a0agroalimentari,\u00a0el\u00a0suport a petits productors i elaboradors agroalimentaris. Tamb\u00e9 estem al costat d\u2019instituts de la zona, o&hellip;  <a href=\"https:\/\/agora.xtec.cat\/eaemporda\/enllacos\/collaboracions-amb-entitats-empreses-i-instituts\/\" title=\"Read Col\u00b7laboracions amb entitats, empreses i instituts\">Llegeix m\u00e9s\u00bb<\/a><\/p>\n","protected":false},"author":1,"featured_media":0,"parent":592,"menu_order":0,"comment_status":"closed","ping_status":"closed","template":"page-templates\/side-menu.php","meta":{"_bbp_topic_count":0,"_bbp_reply_count":0,"_bbp_total_topic_count":0,"_bbp_total_reply_count":0,"_bbp_voice_count":0,"_bbp_anonymous_reply_count":0,"_bbp_topic_count_hidden":0,"_bbp_reply_count_hidden":0,"_bbp_forum_subforum_count":0,"footnotes":""},"class_list":["post-2281","page","type-page","status-publish","hentry"],"post_mailing_queue_ids":[],"_links":{"self":[{"href":"https:\/\/agora.xtec.cat\/eaemporda\/wp-json\/wp\/v2\/pages\/2281","targetHints":{"allow":["GET"]}}],"collection":[{"href":"https:\/\/agora.xtec.cat\/eaemporda\/wp-json\/wp\/v2\/pages"}],"about":[{"href":"https:\/\/agora.xtec.cat\/eaemporda\/wp-json\/wp\/v2\/types\/page"}],"author":[{"embeddable":true,"href":"https:\/\/agora.xtec.cat\/eaemporda\/wp-json\/wp\/v2\/users\/1"}],"replies":[{"embeddable":true,"href":"https:\/\/agora.xtec.cat\/eaemporda\/wp-json\/wp\/v2\/comments?post=2281"}],"version-history":[{"count":3,"href":"https:\/\/agora.xtec.cat\/eaemporda\/wp-json\/wp\/v2\/pages\/2281\/revisions"}],"predecessor-version":[{"id":2297,"href":"https:\/\/agora.xtec.cat\/eaemporda\/wp-json\/wp\/v2\/pages\/2281\/revisions\/2297"}],"up":[{"embeddable":true,"href":"https:\/\/agora.xtec.cat\/eaemporda\/wp-json\/wp\/v2\/pages\/592"}],"wp:attachment":[{"href":"https:\/\/agora.xtec.cat\/eaemporda\/wp-json\/wp\/v2\/media?parent=2281"}],"curies":[{"name":"wp","href":"https:\/\/api.w.org\/{rel}","templated":true}]}}