{"id":1199,"date":"2020-01-10T10:59:16","date_gmt":"2020-01-10T09:59:16","guid":{"rendered":"https:\/\/agora.xtec.cat\/eaemporda\/?page_id=1199"},"modified":"2020-01-10T11:44:37","modified_gmt":"2020-01-10T10:44:37","slug":"cursos-2019","status":"publish","type":"page","link":"https:\/\/agora.xtec.cat\/eaemporda\/formacio-continua\/cursos\/cursos-2019\/","title":{"rendered":"CURSOS 2019"},"content":{"rendered":"<p>&nbsp;<\/p>\n<p><strong>CURSOS 2019<\/strong><\/p>\n<table style=\"border-collapse: collapse; width: 102.228%; height: 1106px;\" border=\"1\">\n<tbody>\n<tr style=\"height: 30px;\">\n<td style=\"width: 48.5543%; text-align: center; height: 36px;\"><strong>CURS<\/strong><\/td>\n<td style=\"width: 28.2725%; text-align: center; height: 36px;\"><b>DATES<\/b><\/td>\n<td style=\"width: 25.4013%; text-align: center; height: 36px;\"><strong>PROGRAMA I INSCRIPCIONS<\/strong><\/td>\n<\/tr>\n<tr style=\"height: 31px;\">\n<td style=\"width: 48.5543%; height: 31px;\">El control del contingut dels aliments envasats<\/td>\n<td style=\"width: 28.2725%; height: 31px;\">Barcelona<\/td>\n<td style=\"width: 25.4013%; height: 31px;\"><a href=\"https:\/\/agora.xtec.cat\/eaemporda\/wp-content\/uploads\/usu1941\/2019\/11\/Envasats.pdf\">Envasats<\/a><\/td>\n<\/tr>\n<tr style=\"height: 46px;\">\n<td style=\"width: 48.5543%; height: 46px;\">Internacionalitzaci\u00f3 i exportaci\u00f3 de productes agroalimentaris. Format semipresencial<\/td>\n<td style=\"width: 28.2725%; height: 46px;\">Monells<\/td>\n<td style=\"width: 25.4013%; height: 46px;\"><a href=\"https:\/\/agora.xtec.cat\/eaemporda\/wp-content\/uploads\/usu1941\/2019\/10\/internacionalitzaci\u00f3.pdf\">Internacion000000alitzaci\u00f3<\/a><\/td>\n<\/tr>\n<tr style=\"height: 46px;\">\n<td style=\"width: 48.5543%; height: 46px;\">Manipulador i aplicador de productes fitosanitaris nivell b\u00e0sic<\/td>\n<td style=\"width: 28.2725%; height: 46px;\">Monells<\/td>\n<td style=\"width: 25.4013%; height: 46px;\"><a href=\"https:\/\/agora.xtec.cat\/eaemporda\/wp-content\/uploads\/usu1941\/2019\/10\/Fitosanitaris_Nivell-B\u00e0sic.pdf\">Fitosanitaris_Nivell B\u00e0sic<\/a><\/td>\n<\/tr>\n<tr style=\"height: 46px;\">\n<td style=\"width: 48.5543%; height: 46px;\">Manipulador i aplicador de productes fitosanitaris<br \/>\nNivell qualificat<\/td>\n<td style=\"width: 28.2725%; height: 46px;\">Monells<\/td>\n<td style=\"width: 25.4013%; height: 46px;\"><a href=\"https:\/\/agora.xtec.cat\/eaemporda\/wp-content\/uploads\/usu1941\/2019\/09\/Curs-Fitosanitaris-qualificat.pdf\">Curs Fitosanitaris qualificat<\/a><\/td>\n<\/tr>\n<tr>\n<td style=\"width: 48.5543%;\">Els additius en la ind\u00fastria aliment\u00e0ria<\/td>\n<td style=\"width: 28.2725%;\">31 d&#8217;octubre, 7 i 14 de novembre<\/td>\n<td style=\"width: 25.4013%;\"><a style=\"color: #2795b6;\" href=\"https:\/\/agora.xtec.cat\/eaemporda\/wp-content\/uploads\/usu1941\/2019\/10\/Additius.pdf\">Additius<\/a><\/td>\n<\/tr>\n<tr>\n<td style=\"width: 48.5543%;\">Manteniment d&#8217;instal\u00b7lacions agr\u00e0ries<\/td>\n<td style=\"width: 28.2725%;\">16, 23 i 30 d&#8217;octubre<\/td>\n<td style=\"width: 25.4013%;\"><a style=\"color: #2795b6;\" href=\"https:\/\/agora.xtec.cat\/eaemporda\/wp-content\/uploads\/usu1941\/2019\/09\/Mant.-Instal.-Torroella.pdf\">Mant. Instal. (Torroella)<\/a><\/td>\n<\/tr>\n<tr>\n<td style=\"width: 48.5543%;\">Elaboraci\u00f3 de melmelades i gelees de\u00a0fruites i altres productes d\u2019horta<\/td>\n<td style=\"width: 28.2725%;\">15, 17 i 24 d&#8217;octubre<\/td>\n<td style=\"width: 25.4013%;\"><a style=\"color: #2795b6;\" href=\"https:\/\/agora.xtec.cat\/eaemporda\/wp-content\/uploads\/usu1941\/2019\/09\/melmelades.pdf\">melmelades<\/a><\/td>\n<\/tr>\n<tr style=\"height: 30px;\">\n<td style=\"width: 48.5543%; height: 30px;\">Manteniment d&#8217;instal\u00b7lacions agr\u00e0ries<\/td>\n<td style=\"width: 28.2725%; height: 30px;\">23, 30 setembre i 7 d&#8217;octubre<\/td>\n<td style=\"width: 25.4013%; height: 30px;\"><a style=\"color: #2795b6;\" href=\"https:\/\/agora.xtec.cat\/eaemporda\/wp-content\/uploads\/usu1941\/2019\/09\/Mant.-Instal.-Olot.pdf\">Mant. Instal. (Olot)<\/a><\/td>\n<\/tr>\n<tr style=\"height: 30px;\">\n<td style=\"width: 48.5543%; height: 30px;\">Taller pr\u00e0ctic de control de contaminants f\u00edsics en aliments<\/td>\n<td style=\"width: 28.2725%; height: 30px;\">18, 19 i 25 de juny<\/td>\n<td style=\"width: 25.4013%; height: 30px;\"><a href=\"https:\/\/agora.xtec.cat\/eaemporda\/wp-content\/uploads\/usu1941\/2019\/05\/Cossos-estranys.pdf\">Cossos estranys<\/a><\/td>\n<\/tr>\n<tr style=\"height: 30px;\">\n<td style=\"width: 48.5543%; height: 30px;\">Aplicaci\u00f3 pr\u00e0ctica de l&#8217;an\u00e0lisi sensorial: qualitat, vida \u00fatil i estad\u00edstica<\/td>\n<td style=\"width: 28.2725%; height: 30px;\">13, 18 i 20 de juny<\/td>\n<td style=\"width: 25.4013%; height: 30px;\"><a href=\"https:\/\/agora.xtec.cat\/eaemporda\/wp-content\/uploads\/usu1941\/2019\/05\/Analisis.pdf\">Analisis<\/a><\/td>\n<\/tr>\n<tr style=\"height: 30px;\">\n<td style=\"width: 48.5543%; height: 30px;\">Gesti\u00f3 de prove\u00efdors, mat\u00e8ries primeres i frau<\/td>\n<td style=\"width: 28.2725%; height: 30px;\">4, 5, 11 i 12 de juny<\/td>\n<td style=\"width: 25.4013%; height: 30px;\"><a href=\"https:\/\/agora.xtec.cat\/eaemporda\/wp-content\/uploads\/usu1941\/2019\/05\/Proveidors.pdf\">Proveidors<\/a><\/td>\n<\/tr>\n<tr style=\"height: 36px;\">\n<td style=\"width: 48.5543%; height: 36px;\">Cocci\u00f3 a Baixa Temperatura<\/td>\n<td style=\"width: 28.2725%; height: 36px;\">21, 23 i 24 de maig<\/td>\n<td style=\"width: 25.4013%; height: 36px;\"><a href=\"https:\/\/agora.xtec.cat\/eaemporda\/wp-content\/uploads\/usu1941\/2019\/05\/Coccio.pdf\">Coccio<\/a><\/td>\n<\/tr>\n<tr style=\"height: 30px;\">\n<td style=\"width: 48.5543%; height: 30px;\">Gesti\u00f3 econ\u00f2mica i planificaci\u00f3\u00a0 de la producci\u00f3 per a la pime<\/td>\n<td style=\"width: 28.2725%; height: 30px;\">16, 20, 23 i 27 de maig<\/td>\n<td style=\"width: 25.4013%; height: 30px;\"><a href=\"https:\/\/agora.xtec.cat\/eaemporda\/wp-content\/uploads\/usu1941\/2019\/03\/Gesti\u00f3_Planificaci\u00f3_producci\u00f3_pime.pdf\">Gesti\u00f3_Planificaci\u00f3_producci\u00f3_pime<\/a><\/td>\n<\/tr>\n<tr style=\"height: 30px;\">\n<td style=\"width: 48.5543%; height: 30px;\">La producci\u00f3 de carn madurada<\/td>\n<td style=\"width: 28.2725%; height: 30px;\">2, 9, 16, 23 i 30 de maig<\/td>\n<td style=\"width: 25.4013%; height: 30px;\"><a href=\"https:\/\/agora.xtec.cat\/eaemporda\/wp-content\/uploads\/usu1941\/2019\/04\/carnmadurada.pdf\">carnmadurada<\/a><\/td>\n<\/tr>\n<tr style=\"height: 30px;\">\n<td style=\"width: 48.5543%; height: 30px;\">Conreus extensius: transici\u00f3 cap a la producci\u00f3 ecol\u00f2gica<\/td>\n<td style=\"width: 28.2725%; height: 30px;\">2, 9, 16, 23 i 30 de maig<\/td>\n<td style=\"width: 25.4013%; height: 30px;\"><a href=\"https:\/\/agora.xtec.cat\/eaemporda\/wp-content\/uploads\/usu1941\/2019\/05\/Extensius-eco.pdf\">Extensius eco<\/a><\/td>\n<\/tr>\n<tr style=\"height: 45px;\">\n<td style=\"width: 48.5543%; height: 45px;\">Criteris i estudis, les dues cares de la moneda R (CE) 2073\/2005<\/td>\n<td style=\"width: 28.2725%; height: 45px;\">2, 7, 9 i 14 de maig<\/td>\n<td style=\"width: 25.4013%; height: 45px;\"><a href=\"https:\/\/agora.xtec.cat\/eaemporda\/wp-content\/uploads\/usu1941\/2019\/04\/Criteris-i-estudis-les-dues-cares-de-la-moneda-R-CE-2073-2005.pdf\">Criteris i estudis les dues cares de la moneda R (CE) 2073-2005<\/a><\/td>\n<\/tr>\n<tr style=\"height: 30px;\">\n<td style=\"width: 48.5543%; height: 30px;\">B\u00e0sic de treballadors\/es de celler<\/td>\n<td style=\"width: 28.2725%; height: 30px;\">29 d&#8217;abril, 6 i 13 de maig<\/td>\n<td style=\"width: 25.4013%; height: 30px;\"><a href=\"https:\/\/agora.xtec.cat\/eaemporda\/wp-content\/uploads\/usu1941\/2019\/03\/CURS-B\u00c0SIC-OPERARIS-CELLER.pdf\">CURS B\u00c0SIC OPERARIS CELLER<\/a><\/td>\n<\/tr>\n<tr style=\"height: 30px;\">\n<td style=\"width: 48.5543%; height: 30px;\">Aprofitament de pastures<\/td>\n<td style=\"width: 28.2725%; height: 30px;\">20 de febrer, 9 i 24 d&#8217;abril<\/td>\n<td style=\"width: 25.4013%; height: 30px;\"><a href=\"https:\/\/agora.xtec.cat\/eaemporda\/wp-content\/uploads\/usu1941\/2019\/05\/aprofitament_pastures.pdf\">aprofitament_pastures<\/a><\/td>\n<\/tr>\n<tr style=\"height: 30px;\">\n<td style=\"width: 48.5543%; height: 30px;\">B\u00e0sic d&#8217;iniciaci\u00f3 a la serra mec\u00e0nica<\/td>\n<td style=\"width: 28.2725%; height: 30px;\">26 i 28 de mar\u00e7, 2 i 4 d&#8217;abril<\/td>\n<td style=\"width: 25.4013%; height: 30px;\"><a href=\"https:\/\/agora.xtec.cat\/eaemporda\/wp-content\/uploads\/usu1941\/2019\/05\/curs_serra.pdf\">curs_serra<\/a><\/td>\n<\/tr>\n<tr style=\"height: 45px;\">\n<td style=\"width: 48.5543%; height: 45px;\">Desenvolupa el teu projecte de transformaci\u00f3 agroaliment\u00e0ria<\/td>\n<td style=\"width: 28.2725%; height: 45px;\">Gener-maig 2019<\/td>\n<td style=\"width: 25.4013%; height: 45px;\"><a href=\"https:\/\/agora.xtec.cat\/eaemporda\/wp-content\/uploads\/usu1941\/2018\/12\/curs-desenvolupa-el-teu-projecte-de-transformaci\u00f3-agroaliment\u00e0ria.pdf\">\u00a0transformaci\u00f3 agroaliment\u00e0ria<\/a><\/td>\n<\/tr>\n<tr style=\"height: 45px;\">\n<td style=\"width: 48.5543%; height: 45px;\">Gesti\u00f3 de la reproducci\u00f3, els parts, els xais i els cabrits als ramats d\u2019ov\u00ed i cabrum<\/td>\n<td style=\"width: 28.2725%; height: 45px;\">8, 15, 22, 29 de gener i 5 de febrer<\/td>\n<td style=\"width: 25.4013%; height: 45px;\"><a href=\"https:\/\/agora.xtec.cat\/eaemporda\/wp-content\/uploads\/usu1941\/2018\/12\/Gesti\u00f3-de-la-reproducci\u00f3.pdf\">Gesti\u00f3 de la reproducci\u00f3<\/a><\/td>\n<\/tr>\n<tr style=\"height: 60px;\">\n<td style=\"width: 48.5543%; height: 60px;\">Gesti\u00f3 econ\u00f2mica i\u00a0Planificaci\u00f3 de la producci\u00f3 en petites i mitjanes empreses<\/td>\n<td style=\"width: 28.2725%; height: 60px;\">4, 5, 11 i 12 de febrer (matins)<\/td>\n<td style=\"width: 25.4013%; height: 60px;\"><a href=\"https:\/\/agora.xtec.cat\/eaemporda\/wp-content\/uploads\/usu1941\/2019\/01\/113018_Planificaci\u00f3-de-la-producci\u00f3-matins.pdf\">Planificaci\u00f3 de la producci\u00f3 matins<\/a><\/td>\n<\/tr>\n<tr style=\"height: 30px;\">\n<td style=\"width: 48.5543%; height: 30px;\">Planificaci\u00f3 de la producci\u00f3 en petites i mitjanes empreses<\/td>\n<td style=\"width: 28.2725%; height: 30px;\">4, 5, 11 i 12 de febrer (tardes)<\/td>\n<td style=\"width: 25.4013%; height: 30px;\">\u00a0<a href=\"https:\/\/agora.xtec.cat\/eaemporda\/wp-content\/uploads\/usu1941\/2018\/12\/Planificaci\u00f3-de-la-producci\u00f3.pdf\">Planificaci\u00f3 de producci\u00f3<\/a><\/td>\n<\/tr>\n<tr style=\"height: 30px;\">\n<td style=\"width: 48.5543%; height: 30px;\">Principis b\u00e0sics de carnisseria i elaboraci\u00f3 de productes carnis. Edici\u00f3 2019: elaboraci\u00f3 de productes carnis<\/td>\n<td style=\"width: 28.2725%; height: 30px;\">14, 15 de gener<\/td>\n<td style=\"width: 25.4013%; height: 30px;\"><a href=\"https:\/\/agora.xtec.cat\/eaemporda\/wp-content\/uploads\/usu1941\/2019\/01\/Curs-carnissers.pdf\">Curs carnissers<\/a><\/td>\n<\/tr>\n<tr style=\"height: 30px;\">\n<td style=\"width: 48.5543%; height: 30px;\">\u00a0Curs de manteniment mec\u00e0nic de trulls<\/td>\n<td style=\"width: 28.2725%; height: 30px;\">\u00a04 i 5 de febrer<\/td>\n<td style=\"width: 25.4013%; height: 30px;\">\u00a0<a href=\"https:\/\/agora.xtec.cat\/eaemporda\/wp-content\/uploads\/usu1941\/2018\/12\/Curs_manteniment_trulls_Empord\u00e0_rev121218_rev.pdf\">Manteniment de trulls<\/a><\/td>\n<\/tr>\n<tr style=\"height: 30px;\">\n<td style=\"width: 48.5543%; height: 30px;\">Tecnologies d\u2019envasament per a petits i mitjans operadors alimentaris<\/td>\n<td style=\"width: 28.2725%; height: 30px;\">6 de febrer<\/td>\n<td style=\"width: 25.4013%; height: 30px;\"><a href=\"https:\/\/agora.xtec.cat\/eaemporda\/wp-content\/uploads\/usu1941\/2019\/01\/Constant\u00ed_Envasaments_060218_33.pdf\">Envasaments<\/a><\/td>\n<\/tr>\n<tr style=\"height: 30px;\">\n<td style=\"width: 48.5543%; height: 30px;\">Taller d\u2019etiquetatge per a petits elaboradors alimentaris<\/td>\n<td style=\"width: 28.2725%; height: 30px;\">7, 14\u00a0 i 21 de febrer<\/td>\n<td style=\"width: 25.4013%; height: 30px;\"><a href=\"https:\/\/agora.xtec.cat\/eaemporda\/wp-content\/uploads\/usu1941\/2019\/01\/011319_Taller-etiquetatge_rev.pdf\">Taller etiquetatge<\/a><\/td>\n<\/tr>\n<tr style=\"height: 45px;\">\n<td style=\"width: 48.5543%; height: 45px;\">Curs de Fumigadors nivell qualificat<\/td>\n<td style=\"width: 28.2725%; height: 45px;\">18, 19, 25 i 26 de febrer<\/td>\n<td style=\"width: 25.4013%; height: 45px;\">\u00a0<a href=\"https:\/\/agora.xtec.cat\/eaemporda\/wp-content\/uploads\/usu1941\/2019\/01\/121818_Curs-Fumigadors-2ed_rev.pdf\">Curs Fumigadors\u00a0<\/a><\/td>\n<\/tr>\n<tr style=\"height: 90px;\">\n<td style=\"width: 48.5543%; height: 64px;\">Maneig i manteniment del tractor en una explotaci\u00f3 de vinya<\/td>\n<td style=\"width: 28.2725%; height: 64px;\">4 i 11 de febrer; 11 de mar\u00e7; 8 i 29 d\u2019abril; 6, 13, 20 i 27 de maig;\u00a0 3 de juny<\/td>\n<td style=\"width: 25.4013%; height: 64px;\"><a href=\"https:\/\/agora.xtec.cat\/eaemporda\/wp-content\/uploads\/usu1941\/2018\/12\/Tractoristes-vinya_rev-3_rev.pdf\">Tractoristes vinya<\/a><\/td>\n<\/tr>\n<tr style=\"height: 45px;\">\n<td style=\"width: 48.5543%; height: 45px;\">Introducci\u00f3 als autocontrols per a petits i mitjans operadors alimentaris<\/td>\n<td style=\"width: 28.2725%; height: 45px;\">6, 13, 20 i 27 de mar\u00e7<\/td>\n<td style=\"width: 25.4013%; height: 45px;\"><a href=\"https:\/\/agora.xtec.cat\/eaemporda\/wp-content\/uploads\/usu1941\/2019\/02\/021119_autocontrols-petits-sta-coloma-2_rev.pdf\">autocontrols sta coloma <\/a><\/td>\n<\/tr>\n<tr style=\"height: 60px;\">\n<td style=\"width: 48.5543%; height: 25px;\">Curs de recuperaci\u00f3 d\u2019oliveres a l\u2019Empord\u00e0<\/td>\n<td style=\"width: 28.2725%; height: 25px;\">5, 7, 12 i 14 de mar\u00e7<\/td>\n<td style=\"width: 25.4013%; height: 25px;\"><a href=\"https:\/\/agora.xtec.cat\/eaemporda\/wp-content\/uploads\/usu1941\/2018\/12\/Curs-recuperaci\u00f3-oliveres.pdf\">Curs recuperaci\u00f3 oliveres<\/a><\/td>\n<\/tr>\n<tr style=\"height: 30px;\">\n<td style=\"width: 48.5543%; height: 30px;\">Cocci\u00f3 a baixa temperatura<\/td>\n<td style=\"width: 28.2725%; height: 30px;\">5, 14 i 15 de mar\u00e7<\/td>\n<td style=\"width: 25.4013%; height: 30px;\"><a href=\"https:\/\/agora.xtec.cat\/eaemporda\/wp-content\/uploads\/usu1941\/2019\/02\/cocci\u00f3-a-baixa-temperatura.pdf\">cocci\u00f3 a baixa temperatura<\/a><\/td>\n<\/tr>\n<tr style=\"height: 45px;\">\n<td style=\"width: 48.5543%; height: 45px;\">BRC v8 i IFS v6.1<\/td>\n<td style=\"width: 28.2725%; height: 45px;\">7, 14, 21 i 28 de mar\u00e7 i 4 d&#8217;abril<\/td>\n<td style=\"width: 25.4013%; height: 45px;\"><a href=\"https:\/\/agora.xtec.cat\/eaemporda\/wp-content\/uploads\/usu1941\/2019\/02\/BRC_IFS_rev.pdf\">BRC_IFS<\/a><\/td>\n<\/tr>\n<tr style=\"height: 30px;\">\n<td style=\"width: 48.5543%; height: 30px;\">Log\u00edstica al sector alimentari<\/td>\n<td style=\"width: 28.2725%; height: 30px;\">12, 19 i 26 de mar\u00e7<\/td>\n<td style=\"width: 25.4013%; height: 30px;\"><a href=\"https:\/\/agora.xtec.cat\/eaemporda\/wp-content\/uploads\/usu1941\/2019\/02\/021219_logistica_rev.pdf\">logistica<\/a><\/td>\n<\/tr>\n<tr style=\"height: 45px;\">\n<td style=\"width: 48.5543%; height: 45px;\">Maneig i manteniment del tractor en una explotaci\u00f3 de vinya<\/td>\n<td style=\"width: 28.2725%; height: 45px;\">18, 19, 25 i 26 de mar\u00e7<\/td>\n<td style=\"width: 25.4013%; height: 45px;\"><a href=\"https:\/\/agora.xtec.cat\/eaemporda\/wp-content\/uploads\/usu1941\/2019\/01\/121818_Curs-Fumigadors-3ed_rev.pdf\">Curs Fumigadors\u00a0<\/a><\/td>\n<\/tr>\n<tr style=\"height: 30px;\">\n<td style=\"width: 48.5543%; height: 30px;\">Introducci\u00f3 a la Viticultura biodin\u00e0mica<\/td>\n<td style=\"width: 28.2725%; height: 30px;\">6 de mar\u00e7 a l&#8217;11 d&#8217;abril<\/td>\n<td style=\"width: 25.4013%; height: 30px;\"><a href=\"https:\/\/agora.xtec.cat\/eaemporda\/wp-content\/uploads\/usu1941\/2019\/04\/Curs-Viticultura-biodin\u00e0mica.pdf\">Curs Viticultura biodin\u00e0mica<\/a><\/td>\n<\/tr>\n<tr style=\"height: 30px;\">\n<td style=\"width: 48.5543%; height: 30px;\">La fitxa t\u00e8cnica del producte alimentari: el DNI dels aliments<\/td>\n<td style=\"width: 28.2725%; height: 30px;\">24 i 29 d&#8217;abril<\/td>\n<td style=\"width: 25.4013%; height: 30px;\"><a href=\"https:\/\/agora.xtec.cat\/eaemporda\/wp-content\/uploads\/usu1941\/2019\/03\/fitxes-t\u00e8cniques-sta-Coloma_rev.pdf\">fitxes t\u00e8cniques sta Coloma<\/a><\/td>\n<\/tr>\n<\/tbody>\n<\/table>\n","protected":false},"excerpt":{"rendered":"<p>&nbsp;<br \/>\nCURSOS 2019<\/p>\n<p>CURS<br \/>\nDATES<br \/>\nPROGRAMA I INSCRIPCIONS<\/p>\n<p>El control del contingut dels aliments envasats<br \/>\nBarcelona<br \/>\n<a href=\"https:\/\/agora.xtec.cat\/eaemporda\/wp-content\/uploads\/usu1941\/2019\/11\/Envasats.pdf\">Envasats<\/a><\/p>\n<p>Internacionalitzaci\u00f3 i exportaci\u00f3 de productes agroalimentaris. Format semipresencial<br \/>\nMonells<br \/>\n<a href=\"https:\/\/agora.xtec.cat\/eaemporda\/wp-content\/uploads\/usu1941\/2019\/10\/internacionalitzaci\u00f3.pdf\">Internacion000000alitzaci\u00f3<\/a><\/p>\n<p>Manipulador i aplicador de productes fitosanitaris nivell b\u00e0sic<br \/>\nMonells<br \/>\n<a href=\"https:\/\/agora.xtec.cat\/eaemporda\/wp-content\/uploads\/usu1941\/2019\/10\/Fitosanitaris_Nivell-B\u00e0sic.pdf\">Fitosanitaris_Nivell B\u00e0sic<\/a><\/p>\n<p>Manipulador i aplicador de productes fitosanitaris<br \/>\nNivell qualificat<br \/>\nMonells<br \/>\n<a href=\"https:\/\/agora.xtec.cat\/eaemporda\/wp-content\/uploads\/usu1941\/2019\/09\/Curs-Fitosanitaris-qualificat.pdf\">Curs Fitosanitaris qualificat<\/a><\/p>\n<p>Els additius en la ind\u00fastria aliment\u00e0ria<br \/>\n31 d&#8217;octubre, 7 i&hellip;  <a href=\"https:\/\/agora.xtec.cat\/eaemporda\/formacio-continua\/cursos\/cursos-2019\/\" title=\"Read CURSOS 2019\">Llegeix m\u00e9s\u00bb<\/a><\/p>\n","protected":false},"author":1,"featured_media":0,"parent":664,"menu_order":0,"comment_status":"closed","ping_status":"closed","template":"","meta":{"_bbp_topic_count":0,"_bbp_reply_count":0,"_bbp_total_topic_count":0,"_bbp_total_reply_count":0,"_bbp_voice_count":0,"_bbp_anonymous_reply_count":0,"_bbp_topic_count_hidden":0,"_bbp_reply_count_hidden":0,"_bbp_forum_subforum_count":0,"footnotes":""},"class_list":["post-1199","page","type-page","status-publish","hentry"],"post_mailing_queue_ids":[],"_links":{"self":[{"href":"https:\/\/agora.xtec.cat\/eaemporda\/wp-json\/wp\/v2\/pages\/1199","targetHints":{"allow":["GET"]}}],"collection":[{"href":"https:\/\/agora.xtec.cat\/eaemporda\/wp-json\/wp\/v2\/pages"}],"about":[{"href":"https:\/\/agora.xtec.cat\/eaemporda\/wp-json\/wp\/v2\/types\/page"}],"author":[{"embeddable":true,"href":"https:\/\/agora.xtec.cat\/eaemporda\/wp-json\/wp\/v2\/users\/1"}],"replies":[{"embeddable":true,"href":"https:\/\/agora.xtec.cat\/eaemporda\/wp-json\/wp\/v2\/comments?post=1199"}],"version-history":[{"count":3,"href":"https:\/\/agora.xtec.cat\/eaemporda\/wp-json\/wp\/v2\/pages\/1199\/revisions"}],"predecessor-version":[{"id":1205,"href":"https:\/\/agora.xtec.cat\/eaemporda\/wp-json\/wp\/v2\/pages\/1199\/revisions\/1205"}],"up":[{"embeddable":true,"href":"https:\/\/agora.xtec.cat\/eaemporda\/wp-json\/wp\/v2\/pages\/664"}],"wp:attachment":[{"href":"https:\/\/agora.xtec.cat\/eaemporda\/wp-json\/wp\/v2\/media?parent=1199"}],"curies":[{"name":"wp","href":"https:\/\/api.w.org\/{rel}","templated":true}]}}