{"id":9077,"date":"2021-05-17T19:32:03","date_gmt":"2021-05-17T17:32:03","guid":{"rendered":"http:\/\/agora.xtec.cat\/demoinstitut\/?page_id=9077"},"modified":"2024-06-04T18:01:00","modified_gmt":"2024-06-04T16:01:00","slug":"afa","status":"publish","type":"page","link":"https:\/\/agora.xtec.cat\/demoinstitut\/afa\/","title":{"rendered":"AFA"},"content":{"rendered":"<p>QUI SOM I COM ENS ORGANITZEM<br \/>\nL&#8217;Associaci\u00f3 de Fam\u00edlies de l&#8217;escola el Sagrer treballem bra\u00e7 a bra\u00e7 amb l&#8217;escola per intentar millorar l&#8217;entorn educatiu de la nostra comunitat. Som persones volunt\u00e0ries que gestionem directament tots els nostres serveis i activitats sense la intermediaci\u00f3 de cap empresa.<\/p>\n<p><a href=\"https:\/\/agora.xtec.cat\/demoinstitut\/wp-content\/uploads\/usu314\/2021\/09\/Foto2-1.jpg\"><img loading=\"lazy\" decoding=\"async\" class=\"wp-image-9763 aligncenter\" src=\"https:\/\/agora.xtec.cat\/demoinstitut\/wp-content\/uploads\/usu314\/2021\/09\/Foto2-1.jpg\" alt=\"\" width=\"401\" height=\"301\" srcset=\"https:\/\/agora.xtec.cat\/demoinstitut\/wp-content\/uploads\/usu314\/2021\/09\/Foto2-1.jpg 1024w, https:\/\/agora.xtec.cat\/demoinstitut\/wp-content\/uploads\/usu314\/2021\/09\/Foto2-1-300x225.jpg 300w, https:\/\/agora.xtec.cat\/demoinstitut\/wp-content\/uploads\/usu314\/2021\/09\/Foto2-1-768x576.jpg 768w, https:\/\/agora.xtec.cat\/demoinstitut\/wp-content\/uploads\/usu314\/2021\/09\/Foto2-1-200x150.jpg 200w\" sizes=\"auto, (max-width: 401px) 100vw, 401px\" \/><\/a><\/p>\n<p>\ud83d\udcdd A l&#8217;AFA ens regim pels seg\u00fcents Estatuts i el Reglament de R\u00e8gim Intern (RRI).<\/p>\n<p>\ud83d\udcac Ens organitzem en comissions i decidim en assemblees i juntes, on totes les fam\u00edlies hi s\u00f3n representades.<\/p>\n<p>Les juntes se celebren un cop al mes i s\u00f3n obertes a totes les fam\u00edlies. Nom\u00e9s els membres de la junta (vocals de les comissions i membres de la directiva) hi tenen vot. A les assemblees hi pot votar qualsevol membre de l&#8217;AFA.<\/p>\n<p>Comissions:<\/p>\n<p>\u25a0 Econ\u00f2mica i Administrativa<br \/>\n\u25a0 Espai Migdia<br \/>\n\u25a0 Esports, Activitats Extraescolars i de Socis<br \/>\n\u25a0 Servei Mat\u00ed i Tarda<br \/>\n\u25a0 Escola de Fam\u00edlies<br \/>\n\u25a0 El Butllet\u00ed<br \/>\n\u25a0 Relacions Externes<br \/>\n\u25a0 Inclusi\u00f3<br \/>\n\u25a0 Casals d&#8217;Estiu<br \/>\n\u25a0 Festes<br \/>\n\u25a0 Web<br \/>\n\u25a0 Intercanvi de Llibres<br \/>\n\u25a0 Llibres i material pedag\u00f2gic socialitzat<\/p>\n<p>\ud83d\udcec Contacta-hi<\/p>\n","protected":false},"excerpt":{"rendered":"<p>QUI SOM I COM ENS ORGANITZEM L&#8217;Associaci\u00f3 de Fam\u00edlies de l&#8217;escola el Sagrer treballem bra\u00e7 a bra\u00e7 amb l&#8217;escola per [&hellip;]<\/p>\n","protected":false},"author":1,"featured_media":0,"parent":0,"menu_order":0,"comment_status":"closed","ping_status":"closed","template":"","meta":{"site-sidebar-layout":"default","site-content-layout":"","ast-site-content-layout":"","site-content-style":"default","site-sidebar-style":"default","ast-global-header-display":"","ast-banner-title-visibility":"","ast-main-header-display":"","ast-hfb-above-header-display":"","ast-hfb-below-header-display":"","ast-hfb-mobile-header-display":"","site-post-title":"","ast-breadcrumbs-content":"","ast-featured-img":"","footer-sml-layout":"","theme-transparent-header-meta":"","adv-header-id-meta":"","stick-header-meta":"","header-above-stick-meta":"","header-main-stick-meta":"","header-below-stick-meta":"","astra-migrate-meta-layouts":"default","ast-page-background-enabled":"default","ast-page-background-meta":{"desktop":{"background-color":"var(--ast-global-color-4)","background-image":"","background-repeat":"repeat","background-position":"center center","background-size":"auto","background-attachment":"scroll","background-type":"","background-media":"","overlay-type":"","overlay-color":"","overlay-opacity":"","overlay-gradient":""},"tablet":{"background-color":"","background-image":"","background-repeat":"repeat","background-position":"center center","background-size":"auto","background-attachment":"scroll","background-type":"","background-media":"","overlay-type":"","overlay-color":"","overlay-opacity":"","overlay-gradient":""},"mobile":{"background-color":"","background-image":"","background-repeat":"repeat","background-position":"center center","background-size":"auto","background-attachment":"scroll","background-type":"","background-media":"","overlay-type":"","overlay-color":"","overlay-opacity":"","overlay-gradient":""}},"ast-content-background-meta":{"desktop":{"background-color":"var(--ast-global-color-5)","background-image":"","background-repeat":"repeat","background-position":"center center","background-size":"auto","background-attachment":"scroll","background-type":"","background-media":"","overlay-type":"","overlay-color":"","overlay-opacity":"","overlay-gradient":""},"tablet":{"background-color":"var(--ast-global-color-5)","background-image":"","background-repeat":"repeat","background-position":"center center","background-size":"auto","background-attachment":"scroll","background-type":"","background-media":"","overlay-type":"","overlay-color":"","overlay-opacity":"","overlay-gradient":""},"mobile":{"background-color":"var(--ast-global-color-5)","background-image":"","background-repeat":"repeat","background-position":"center center","background-size":"auto","background-attachment":"scroll","background-type":"","background-media":"","overlay-type":"","overlay-color":"","overlay-opacity":"","overlay-gradient":""}},"footnotes":""},"class_list":["post-9077","page","type-page","status-publish","hentry"],"post_mailing_queue_ids":[],"_links":{"self":[{"href":"https:\/\/agora.xtec.cat\/demoinstitut\/wp-json\/wp\/v2\/pages\/9077","targetHints":{"allow":["GET"]}}],"collection":[{"href":"https:\/\/agora.xtec.cat\/demoinstitut\/wp-json\/wp\/v2\/pages"}],"about":[{"href":"https:\/\/agora.xtec.cat\/demoinstitut\/wp-json\/wp\/v2\/types\/page"}],"author":[{"embeddable":true,"href":"https:\/\/agora.xtec.cat\/demoinstitut\/wp-json\/wp\/v2\/users\/1"}],"replies":[{"embeddable":true,"href":"https:\/\/agora.xtec.cat\/demoinstitut\/wp-json\/wp\/v2\/comments?post=9077"}],"version-history":[{"count":4,"href":"https:\/\/agora.xtec.cat\/demoinstitut\/wp-json\/wp\/v2\/pages\/9077\/revisions"}],"predecessor-version":[{"id":12612,"href":"https:\/\/agora.xtec.cat\/demoinstitut\/wp-json\/wp\/v2\/pages\/9077\/revisions\/12612"}],"wp:attachment":[{"href":"https:\/\/agora.xtec.cat\/demoinstitut\/wp-json\/wp\/v2\/media?parent=9077"}],"curies":[{"name":"wp","href":"https:\/\/api.w.org\/{rel}","templated":true}]}}