{"id":8819,"date":"2017-02-10T14:57:21","date_gmt":"2017-02-10T13:57:21","guid":{"rendered":"http:\/\/agora.xtec.cat\/formacio\/scratch\/?page_id=8229"},"modified":"2017-02-10T14:57:21","modified_gmt":"2017-02-10T13:57:21","slug":"sessio-10","status":"publish","type":"page","link":"https:\/\/agora.xtec.cat\/demoinstitut\/modul-2\/sessio-10\/","title":{"rendered":"Sessi\u00f3 10. I ara el repte final"},"content":{"rendered":"<h2>Pla de treball<\/h2>\n<div style=\"padding-left: 50px;\">\n<ul>\n<li>Observaci\u00f3 d&#8217;exemples de pinball<\/li>\n<li>Com moure les pales<\/li>\n<li>Obstacles<\/li>\n<\/ul>\n<\/div>\n<hr \/>\n<h2>Alguns exemples per inspirar-nos<\/h2>\n<p>A la sessi\u00f3 anterior hem fet un rep\u00e0s de tot all\u00f2 que hem d&#8217;haver preparat per desenvolupar el pinball. A hores d&#8217;ara ja hem de tenir una bona part solucionada, sobre tot tenint en compte que hem pogut aprofitar parts del pong que hem anat creant al llarg del m\u00f2dul.<\/p>\n<p>Per tenir algunes idees que facin del nostre pinball el millor dels millors, podem veure alguns exemples acabats<br \/>\n<iframe loading=\"lazy\" src=\"\/\/scratch.mit.edu\/projects\/embed\/1929490\/?autostart=false\" width=\"485\" height=\"402\" frameborder=\"0\" allowfullscreen=\"allowfullscreen\"><\/iframe><iframe loading=\"lazy\" src=\"\/\/scratch.mit.edu\/projects\/embed\/681997\/?autostart=false\" width=\"485\" height=\"402\" frameborder=\"0\" allowfullscreen=\"allowfullscreen\"><\/iframe><\/p>\n<p>Podem veure&#8217;n molts m\u00e9s a:\u00a0<a href=\"https:\/\/scratch.mit.edu\/search\/projects?q=pinball\">https:\/\/scratch.mit.edu\/search\/projects?q=pinball<\/a><\/p>\n<h2>Moviment de les pales<\/h2>\n<p>Per moure les pales que impedeixen que la pilota caigui al final de la pantalla podem fer servir el seg\u00fcent m\u00f2dul<br \/>\n<img decoding=\"async\" class=\"alignnone\" src=\"http:\/\/projectes.xtec.cat\/programacioirobotica\/wp-content\/uploads\/usu604\/2017\/06\/scratch-pong42.png\" alt=\"Moviment pales\" \/><\/p>\n<h2>Rebot en els obstacles<\/h2>\n<p>Una forma senzilla de controlar el rebot de la pilota en els obstacles que hem col\u00b7locat en el <strong>pinball<\/strong> \u00e9s fer-ho mitjan\u00e7ant el sensor de color, ja que si fem servir molts personatges ho haur\u00edem de fer controlant cadascun.<\/p>\n<p>Per poder fer aquest control, podem pintar el voltant de cada personatge que fem servir d&#8217;obstacle del mateix color. Aix\u00f2 nom\u00e9s ser\u00e0 possible si els personatges s\u00f3n vectorials. A la galeria de personatges de Scratch podem veure quins s\u00f3n d&#8217;aquest tipus<br \/>\n<img loading=\"lazy\" decoding=\"async\" class=\"alignnone\" src=\"http:\/\/projectes.xtec.cat\/programacioirobotica\/wp-content\/uploads\/usu604\/2017\/06\/scratch-pong43.png\" alt=\"Galeria Scratch\" width=\"774\" height=\"497\" \/><\/p>\n<p>Quan hem triat un d&#8217;aquests personatges vectorials, l&#8217;editem per canviar el color del contorn. Per fer-ho, triem l&#8217;eina d&#8217;omplir, la col\u00b7loquem sobre la vora i triem el color que ens interessi. Repetim aquesta operaci\u00f3 amb tots els personatges que volem fer servir d&#8217;obstacles.<br \/>\n<img decoding=\"async\" class=\"alignnone\" src=\"http:\/\/projectes.xtec.cat\/programacioirobotica\/wp-content\/uploads\/usu604\/2017\/06\/scratch-pong44.png\" alt=\"Vores personatges\" \/><\/p>\n","protected":false},"excerpt":{"rendered":"<p>Pla de treball Observaci\u00f3 d&#8217;exemples de pinball Com moure les pales Obstacles Alguns exemples per inspirar-nos A la sessi\u00f3 anterior [&hellip;]<\/p>\n","protected":false},"author":1,"featured_media":0,"parent":8176,"menu_order":90,"comment_status":"closed","ping_status":"closed","template":"page-templates\/side-menu.php","meta":{"site-sidebar-layout":"default","site-content-layout":"","ast-site-content-layout":"","site-content-style":"default","site-sidebar-style":"default","ast-global-header-display":"","ast-banner-title-visibility":"","ast-main-header-display":"","ast-hfb-above-header-display":"","ast-hfb-below-header-display":"","ast-hfb-mobile-header-display":"","site-post-title":"","ast-breadcrumbs-content":"","ast-featured-img":"","footer-sml-layout":"","theme-transparent-header-meta":"","adv-header-id-meta":"","stick-header-meta":"","header-above-stick-meta":"","header-main-stick-meta":"","header-below-stick-meta":"","astra-migrate-meta-layouts":"default","ast-page-background-enabled":"default","ast-page-background-meta":{"desktop":{"background-color":"var(--ast-global-color-4)","background-image":"","background-repeat":"repeat","background-position":"center center","background-size":"auto","background-attachment":"scroll","background-type":"","background-media":"","overlay-type":"","overlay-color":"","overlay-opacity":"","overlay-gradient":""},"tablet":{"background-color":"","background-image":"","background-repeat":"repeat","background-position":"center center","background-size":"auto","background-attachment":"scroll","background-type":"","background-media":"","overlay-type":"","overlay-color":"","overlay-opacity":"","overlay-gradient":""},"mobile":{"background-color":"","background-image":"","background-repeat":"repeat","background-position":"center center","background-size":"auto","background-attachment":"scroll","background-type":"","background-media":"","overlay-type":"","overlay-color":"","overlay-opacity":"","overlay-gradient":""}},"ast-content-background-meta":{"desktop":{"background-color":"var(--ast-global-color-5)","background-image":"","background-repeat":"repeat","background-position":"center center","background-size":"auto","background-attachment":"scroll","background-type":"","background-media":"","overlay-type":"","overlay-color":"","overlay-opacity":"","overlay-gradient":""},"tablet":{"background-color":"var(--ast-global-color-5)","background-image":"","background-repeat":"repeat","background-position":"center center","background-size":"auto","background-attachment":"scroll","background-type":"","background-media":"","overlay-type":"","overlay-color":"","overlay-opacity":"","overlay-gradient":""},"mobile":{"background-color":"var(--ast-global-color-5)","background-image":"","background-repeat":"repeat","background-position":"center center","background-size":"auto","background-attachment":"scroll","background-type":"","background-media":"","overlay-type":"","overlay-color":"","overlay-opacity":"","overlay-gradient":""}},"footnotes":""},"class_list":["post-8819","page","type-page","status-publish","hentry"],"post_mailing_queue_ids":[],"_links":{"self":[{"href":"https:\/\/agora.xtec.cat\/demoinstitut\/wp-json\/wp\/v2\/pages\/8819","targetHints":{"allow":["GET"]}}],"collection":[{"href":"https:\/\/agora.xtec.cat\/demoinstitut\/wp-json\/wp\/v2\/pages"}],"about":[{"href":"https:\/\/agora.xtec.cat\/demoinstitut\/wp-json\/wp\/v2\/types\/page"}],"author":[{"embeddable":true,"href":"https:\/\/agora.xtec.cat\/demoinstitut\/wp-json\/wp\/v2\/users\/1"}],"replies":[{"embeddable":true,"href":"https:\/\/agora.xtec.cat\/demoinstitut\/wp-json\/wp\/v2\/comments?post=8819"}],"version-history":[{"count":0,"href":"https:\/\/agora.xtec.cat\/demoinstitut\/wp-json\/wp\/v2\/pages\/8819\/revisions"}],"up":[{"embeddable":true,"href":"https:\/\/agora.xtec.cat\/demoinstitut\/wp-json\/wp\/v2\/pages\/8176"}],"wp:attachment":[{"href":"https:\/\/agora.xtec.cat\/demoinstitut\/wp-json\/wp\/v2\/media?parent=8819"}],"curies":[{"name":"wp","href":"https:\/\/api.w.org\/{rel}","templated":true}]}}