{"id":1201,"date":"2016-02-21T21:27:10","date_gmt":"2016-02-21T20:27:10","guid":{"rendered":"http:\/\/agora.xtec.cat\/demoinstitut\/?page_id=1201"},"modified":"2016-02-21T21:28:32","modified_gmt":"2016-02-21T20:28:32","slug":"lhort-escolar","status":"publish","type":"page","link":"https:\/\/agora.xtec.cat\/demoinstitut\/projecte\/lhort-escolar\/","title":{"rendered":"L&#8217;Hort escolar"},"content":{"rendered":"<p>Som una escola que treballa per educar en el respecte i cura de l\u2019entorn.<img loading=\"lazy\" decoding=\"async\" class=\" size-full wp-image-775 alignright\" src=\"http:\/\/agora.xtec.cat\/demoinstitut\/wp-content\/uploads\/usu314\/2015\/11\/SomEscolaVerda.jpg\" alt=\"SomEscolaVerda\" width=\"314\" height=\"128\" srcset=\"https:\/\/agora.xtec.cat\/demoinstitut\/wp-content\/uploads\/usu314\/2015\/11\/SomEscolaVerda.jpg 314w, https:\/\/agora.xtec.cat\/demoinstitut\/wp-content\/uploads\/usu314\/2015\/11\/SomEscolaVerda-300x122.jpg 300w\" sizes=\"auto, (max-width: 314px) 100vw, 314px\" \/><\/p>\n<p>Definim l\u2019educaci\u00f3 ambiental com un eix transversal que ha d\u2019implicar de forma activa i cooperativa a tota la comunitat docent en tots els \u00e0mbits de la vida de l\u2019escola.<\/p>\n<p>El programa escoles verdes ofereix un curs de formaci\u00f3 inicial en educaci\u00f3 per a la sostenibilitat (ES), adre\u00e7at a tots els centres de Catalunya que volen comen\u00e7ar a desenvolupar els continguts de l\u2019ES i integrar-los de forma coherent en el projecte educatiu del seu centre. Els cursos s\u2019imparteixen en diferents serveis territorials del Departament d\u2019Ensenyament, i estan dirigits a equips de professionals de centres on almenys una persona forma part de l\u2019equip directiu (o persona en qui delegui).<\/p>\n<p>&nbsp;<\/p>\n","protected":false},"excerpt":{"rendered":"<p>Som una escola que treballa per educar en el respecte i cura de l\u2019entorn. Definim l\u2019educaci\u00f3 ambiental com un eix [&hellip;]<\/p>\n","protected":false},"author":1,"featured_media":0,"parent":1176,"menu_order":0,"comment_status":"closed","ping_status":"closed","template":"page-templates\/side-menu.php","meta":{"site-sidebar-layout":"default","site-content-layout":"","ast-site-content-layout":"","site-content-style":"default","site-sidebar-style":"default","ast-global-header-display":"","ast-banner-title-visibility":"","ast-main-header-display":"","ast-hfb-above-header-display":"","ast-hfb-below-header-display":"","ast-hfb-mobile-header-display":"","site-post-title":"","ast-breadcrumbs-content":"","ast-featured-img":"","footer-sml-layout":"","theme-transparent-header-meta":"","adv-header-id-meta":"","stick-header-meta":"","header-above-stick-meta":"","header-main-stick-meta":"","header-below-stick-meta":"","astra-migrate-meta-layouts":"default","ast-page-background-enabled":"default","ast-page-background-meta":{"desktop":{"background-color":"var(--ast-global-color-4)","background-image":"","background-repeat":"repeat","background-position":"center center","background-size":"auto","background-attachment":"scroll","background-type":"","background-media":"","overlay-type":"","overlay-color":"","overlay-opacity":"","overlay-gradient":""},"tablet":{"background-color":"","background-image":"","background-repeat":"repeat","background-position":"center center","background-size":"auto","background-attachment":"scroll","background-type":"","background-media":"","overlay-type":"","overlay-color":"","overlay-opacity":"","overlay-gradient":""},"mobile":{"background-color":"","background-image":"","background-repeat":"repeat","background-position":"center center","background-size":"auto","background-attachment":"scroll","background-type":"","background-media":"","overlay-type":"","overlay-color":"","overlay-opacity":"","overlay-gradient":""}},"ast-content-background-meta":{"desktop":{"background-color":"var(--ast-global-color-5)","background-image":"","background-repeat":"repeat","background-position":"center center","background-size":"auto","background-attachment":"scroll","background-type":"","background-media":"","overlay-type":"","overlay-color":"","overlay-opacity":"","overlay-gradient":""},"tablet":{"background-color":"var(--ast-global-color-5)","background-image":"","background-repeat":"repeat","background-position":"center center","background-size":"auto","background-attachment":"scroll","background-type":"","background-media":"","overlay-type":"","overlay-color":"","overlay-opacity":"","overlay-gradient":""},"mobile":{"background-color":"var(--ast-global-color-5)","background-image":"","background-repeat":"repeat","background-position":"center center","background-size":"auto","background-attachment":"scroll","background-type":"","background-media":"","overlay-type":"","overlay-color":"","overlay-opacity":"","overlay-gradient":""}},"footnotes":""},"class_list":["post-1201","page","type-page","status-publish","hentry"],"post_mailing_queue_ids":[],"_links":{"self":[{"href":"https:\/\/agora.xtec.cat\/demoinstitut\/wp-json\/wp\/v2\/pages\/1201","targetHints":{"allow":["GET"]}}],"collection":[{"href":"https:\/\/agora.xtec.cat\/demoinstitut\/wp-json\/wp\/v2\/pages"}],"about":[{"href":"https:\/\/agora.xtec.cat\/demoinstitut\/wp-json\/wp\/v2\/types\/page"}],"author":[{"embeddable":true,"href":"https:\/\/agora.xtec.cat\/demoinstitut\/wp-json\/wp\/v2\/users\/1"}],"replies":[{"embeddable":true,"href":"https:\/\/agora.xtec.cat\/demoinstitut\/wp-json\/wp\/v2\/comments?post=1201"}],"version-history":[{"count":2,"href":"https:\/\/agora.xtec.cat\/demoinstitut\/wp-json\/wp\/v2\/pages\/1201\/revisions"}],"predecessor-version":[{"id":1203,"href":"https:\/\/agora.xtec.cat\/demoinstitut\/wp-json\/wp\/v2\/pages\/1201\/revisions\/1203"}],"up":[{"embeddable":true,"href":"https:\/\/agora.xtec.cat\/demoinstitut\/wp-json\/wp\/v2\/pages\/1176"}],"wp:attachment":[{"href":"https:\/\/agora.xtec.cat\/demoinstitut\/wp-json\/wp\/v2\/media?parent=1201"}],"curies":[{"name":"wp","href":"https:\/\/api.w.org\/{rel}","templated":true}]}}