{"id":11903,"date":"2023-03-17T13:16:36","date_gmt":"2023-03-17T12:16:36","guid":{"rendered":"https:\/\/projectes.xtec.cat\/xtcd\/?page_id=11903"},"modified":"2023-03-17T13:16:36","modified_gmt":"2023-03-17T12:16:36","slug":"sessio-4-area-4-avaluacio-i-retroalimentacio","status":"publish","type":"page","link":"https:\/\/agora.xtec.cat\/demoinstitut\/sessio-4-area-4-avaluacio-i-retroalimentacio\/","title":{"rendered":"Sessi\u00f3 4. \u00c0rea 4: Avaluaci\u00f3 i retroalimentaci\u00f3"},"content":{"rendered":"\n<div style=\"height:40px\" aria-hidden=\"true\" class=\"wp-block-spacer\"><\/div>\n\n\n\n<div class=\"wp-block-columns is-layout-flex wp-container-core-columns-is-layout-2 wp-block-columns-is-layout-flex\">\n<div class=\"wp-block-column is-layout-flow wp-block-column-is-layout-flow\" style=\"flex-basis:40%\">\n<h3 class=\"wp-block-heading\">Data<\/h3>\n\n\n\n<p class=\"has-normal-font-size\">23 de mar\u00e7 de 2023, 17:30 h<\/p>\n\n\n\n<div style=\"height:30px\" aria-hidden=\"true\" class=\"wp-block-spacer\"><\/div>\n\n\n\n<h3 class=\"wp-block-heading\">Descripci\u00f3<\/h3>\n\n\n\n<p class=\"has-normal-font-size\">En aquesta sessi\u00f3 es desenvoluparan els seg\u00fcents temes:<\/p>\n\n\n\n<ul class=\"has-normal-font-size wp-block-list\"><li>\u00c0rea 4: Avaluaci\u00f3 i retroalimentaci\u00f3<ul><li>Estrat\u00e8gies d\u2019avaluaci\u00f3<\/li><li>Anal\u00edtiques i evid\u00e8ncies d\u2019aprenentatge<\/li><li>Retroalimentaci\u00f3 i presa de decisions<\/li><\/ul><\/li><li>Pon\u00e8ncia<\/li><li>Experi\u00e8ncies de centre<\/li><\/ul>\n\n\n\n<h3 class=\"wp-block-heading\">Ponents<\/h3>\n\n\n\n<ul class=\"wp-block-list\" id=\"block-35476aba-017d-4a3c-94e4-338b2304e3e6\"><li>Maria Masjoan &#8211; \u00c0rea de Cultura digital, Departament d&#8217;Educaci\u00f3<\/li><li>F\u00e8lix Tejero &#8211; \u00c0rea de Cultura digital, Departament d&#8217;Educaci\u00f3<\/li><li>Carlota Aran &#8211; \u00c0rea de Cultura digital, Departament d&#8217;Educaci\u00f3<\/li><li>Josep Holgado &#8211; Doctor en Tecnologia educativa i professor del Departament de Pedagogia de la Universitat Rovira i Virgili<\/li><li>Felip Lorenzo i D\u00eddac Zoyo &#8211; Institut Ca n&#8217;Oriac (Sabadell)<\/li><li>S\u00f2nia Guilana &#8211; Institut Vall de Ll\u00e9mena (Sant Gregori)<\/li><\/ul>\n<\/div>\n\n\n\n<div class=\"wp-block-column is-layout-flow wp-block-column-is-layout-flow\">\n\n\n\n\n<p class=\"has-normal-font-size\">Si no podeu veure el v\u00eddeo aneu a: <a href=\"https:\/\/www.youtube.com\/watch?v=AxkXIDdt6zs\" data-type=\"URL\" data-id=\"https:\/\/www.youtube.com\/watch?v=AxkXIDdt6zs\" target=\"_blank\" rel=\"noreferrer noopener\">https:\/\/www.youtube.com\/watch?v=AxkXIDdt6zs<\/a><\/p>\n\n\n\n<div style=\"height:20px\" aria-hidden=\"true\" class=\"wp-block-spacer\"><\/div>\n\n\n\n<div class=\"wp-block-columns is-layout-flex wp-container-core-columns-is-layout-1 wp-block-columns-is-layout-flex\">\n<div class=\"wp-block-column is-vertically-aligned-center is-layout-flow wp-block-column-is-layout-flow\">\n<div class=\"wp-block-buttons is-content-justification-center is-layout-flex wp-block-buttons-is-layout-flex\">\n<div class=\"wp-block-button is-style-outline is-style-outline--1\"><a class=\"wp-block-button__link\" href=\"https:\/\/forms.gle\/VNFFawM6PGtvBT866\" target=\"_blank\" rel=\"noreferrer noopener\">Formulari d&#8217;assist\u00e8ncia i valoraci\u00f3<\/a><\/div>\n<\/div>\n<\/div>\n<\/div>\n<\/div>\n<\/div>\n\n\n\n<div class=\"wp-block-columns is-layout-flex wp-container-core-columns-is-layout-3 wp-block-columns-is-layout-flex\">\n<div class=\"wp-block-column is-layout-flow wp-block-column-is-layout-flow\">\n<h3 class=\"wp-block-heading\">Recursos<\/h3>\n\n\n\n<ul class=\"wp-block-list\"><li><a href=\"https:\/\/docs.google.com\/presentation\/d\/e\/2PACX-1vSC6oK4NBhyOXSOZ67ZgUGccjkMFJ3duU5_yBukL6s5b6f09AG9yFEKEcFyWmiW3goJVL_X0qWNoCGE\/pub?start=false&amp;loop=false&amp;delayms=3000\">Presentaci\u00f3 \u00c0rea 4: Avaluaci\u00f3 i retroalimentaci\u00f3<\/a><\/li><li><a href=\"https:\/\/view.genial.ly\/641b05bbabe91d001140534f\">Avaluaci\u00f3 i retroacci\u00f3 &#8211; Josep Holgado (Universitat Rovira i Virgili)<\/a><\/li><\/ul>\n\n\n\n<div style=\"height:12px\" aria-hidden=\"true\" class=\"wp-block-spacer\"><\/div>\n\n\n\n<h3 class=\"wp-block-heading\">Seminaris territorials associats<\/h3>\n\n\n\n<ul class=\"wp-block-list\"><li>Consulteu amb el vostre CRP la data del seminari territorial associat.<\/li><\/ul>\n\n\n\n<div style=\"height:20px\" aria-hidden=\"true\" class=\"wp-block-spacer\"><\/div>\n\n\n\n<h3 class=\"wp-block-heading\">Participaci\u00f3 en el Nus<\/h3>\n\n\n\n<p>Despr\u00e9s dels seminaris web i els seminaris territorials, podeu continuar parlant dels temes tractats al <a rel=\"noreferrer noopener\" href=\"https:\/\/comunitat.edigital.cat\/c\/cdd\/129\" target=\"_blank\">Nus<\/a><\/p>\n<\/div>\n<\/div>\n\n\n\n<div style=\"height:100px\" aria-hidden=\"true\" class=\"wp-block-spacer\"><\/div>\n","protected":false},"excerpt":{"rendered":"<p>Data 23 de mar\u00e7 de 2023, 17:30 h Descripci\u00f3 En aquesta sessi\u00f3 es desenvoluparan els seg\u00fcents temes: \u00c0rea 4: Avaluaci\u00f3 [&hellip;]<\/p>\n","protected":false},"author":1,"featured_media":0,"parent":0,"menu_order":0,"comment_status":"closed","ping_status":"close","template":"","meta":{"site-sidebar-layout":"no-sidebar","site-content-layout":"plain-container","ast-site-content-layout":"","site-content-style":"default","site-sidebar-style":"default","ast-global-header-display":"","ast-banner-title-visibility":"","ast-main-header-display":"disabled","ast-hfb-above-header-display":"","ast-hfb-below-header-display":"","ast-hfb-mobile-header-display":"","site-post-title":"","ast-breadcrumbs-content":"","ast-featured-img":"","footer-sml-layout":"","theme-transparent-header-meta":"","adv-header-id-meta":"9237","stick-header-meta":"","header-above-stick-meta":"","header-main-stick-meta":"","header-below-stick-meta":"","astra-migrate-meta-layouts":"default","ast-page-background-enabled":"default","ast-page-background-meta":{"desktop":{"background-color":"var(--ast-global-color-4)","background-image":"","background-repeat":"repeat","background-position":"center center","background-size":"auto","background-attachment":"scroll","background-type":"","background-media":"","overlay-type":"","overlay-color":"","overlay-opacity":"","overlay-gradient":""},"tablet":{"background-color":"","background-image":"","background-repeat":"repeat","background-position":"center center","background-size":"auto","background-attachment":"scroll","background-type":"","background-media":"","overlay-type":"","overlay-color":"","overlay-opacity":"","overlay-gradient":""},"mobile":{"background-color":"","background-image":"","background-repeat":"repeat","background-position":"center center","background-size":"auto","background-attachment":"scroll","background-type":"","background-media":"","overlay-type":"","overlay-color":"","overlay-opacity":"","overlay-gradient":""}},"ast-content-background-meta":{"desktop":{"background-color":"var(--ast-global-color-5)","background-image":"","background-repeat":"repeat","background-position":"center center","background-size":"auto","background-attachment":"scroll","background-type":"","background-media":"","overlay-type":"","overlay-color":"","overlay-opacity":"","overlay-gradient":""},"tablet":{"background-color":"var(--ast-global-color-5)","background-image":"","background-repeat":"repeat","background-position":"center center","background-size":"auto","background-attachment":"scroll","background-type":"","background-media":"","overlay-type":"","overlay-color":"","overlay-opacity":"","overlay-gradient":""},"mobile":{"background-color":"var(--ast-global-color-5)","background-image":"","background-repeat":"repeat","background-position":"center center","background-size":"auto","background-attachment":"scroll","background-type":"","background-media":"","overlay-type":"","overlay-color":"","overlay-opacity":"","overlay-gradient":""}},"footnotes":""},"class_list":["post-11903","page","type-page","status-publish","hentry"],"post_mailing_queue_ids":[],"_links":{"self":[{"href":"https:\/\/agora.xtec.cat\/demoinstitut\/wp-json\/wp\/v2\/pages\/11903","targetHints":{"allow":["GET"]}}],"collection":[{"href":"https:\/\/agora.xtec.cat\/demoinstitut\/wp-json\/wp\/v2\/pages"}],"about":[{"href":"https:\/\/agora.xtec.cat\/demoinstitut\/wp-json\/wp\/v2\/types\/page"}],"author":[{"embeddable":true,"href":"https:\/\/agora.xtec.cat\/demoinstitut\/wp-json\/wp\/v2\/users\/1"}],"replies":[{"embeddable":true,"href":"https:\/\/agora.xtec.cat\/demoinstitut\/wp-json\/wp\/v2\/comments?post=11903"}],"version-history":[{"count":0,"href":"https:\/\/agora.xtec.cat\/demoinstitut\/wp-json\/wp\/v2\/pages\/11903\/revisions"}],"wp:attachment":[{"href":"https:\/\/agora.xtec.cat\/demoinstitut\/wp-json\/wp\/v2\/media?parent=11903"}],"curies":[{"name":"wp","href":"https:\/\/api.w.org\/{rel}","templated":true}]}}