{"id":609,"date":"2024-10-24T10:10:14","date_gmt":"2024-10-24T08:10:14","guid":{"rendered":"https:\/\/agora.xtec.cat\/delta-espiga\/?page_id=609"},"modified":"2025-04-24T11:55:44","modified_gmt":"2025-04-24T09:55:44","slug":"ceespir","status":"publish","type":"page","link":"https:\/\/agora.xtec.cat\/delta-espiga\/lescola\/projectes-descola\/ceespir\/","title":{"rendered":"CEEPSIR"},"content":{"rendered":"<p><a href=\"https:\/\/agora.xtec.cat\/delta-espiga\/wp-content\/uploads\/usu2383\/2025\/04\/Screenshot-2025-04-24-09.31.06.png\"><img loading=\"lazy\" decoding=\"async\" class=\"wp-image-746 aligncenter\" src=\"https:\/\/agora.xtec.cat\/delta-espiga\/wp-content\/uploads\/usu2383\/2025\/04\/Screenshot-2025-04-24-09.31.06-1024x576.png\" alt=\"\" width=\"660\" height=\"371\" srcset=\"https:\/\/agora.xtec.cat\/delta-espiga\/wp-content\/uploads\/usu2383\/2025\/04\/Screenshot-2025-04-24-09.31.06-1024x576.png 1024w, https:\/\/agora.xtec.cat\/delta-espiga\/wp-content\/uploads\/usu2383\/2025\/04\/Screenshot-2025-04-24-09.31.06-300x169.png 300w, https:\/\/agora.xtec.cat\/delta-espiga\/wp-content\/uploads\/usu2383\/2025\/04\/Screenshot-2025-04-24-09.31.06-768x432.png 768w, https:\/\/agora.xtec.cat\/delta-espiga\/wp-content\/uploads\/usu2383\/2025\/04\/Screenshot-2025-04-24-09.31.06-1536x864.png 1536w, https:\/\/agora.xtec.cat\/delta-espiga\/wp-content\/uploads\/usu2383\/2025\/04\/Screenshot-2025-04-24-09.31.06.png 1920w\" sizes=\"auto, (max-width: 660px) 100vw, 660px\" \/><\/a><\/p>\n<p>Des del juliol de 2022 som Centre d\u2019Educaci\u00f3 Especial Prove\u00efdor de Suports i de Recursos (CEEPSIR) i desenvolupem diversos programes d\u2019acompanyament als centres educatius de la comarca, centrats en l\u2019atenci\u00f3 a l\u2019alumnat amb m\u00e9s necessitat de suport i en el disseny de pr\u00e0ctiques inclusives que afavoreixin la participaci\u00f3, l\u2019aprenentatge i l\u2019\u00e8xit de tot l\u2019alumnat.<\/p>\n","protected":false},"excerpt":{"rendered":"<p>Des del juliol de 2022 som Centre d\u2019Educaci\u00f3 Especial Prove\u00efdor de Suports i de Recursos (CEEPSIR) i desenvolupem diversos programes d\u2019acompanyament als centres educatius de la comarca, centrats en l\u2019atenci\u00f3 a l\u2019alumnat amb m\u00e9s necessitat de suport i en el disseny de pr\u00e0ctiques inclusives que afavoreixin la participaci\u00f3, l\u2019aprenentatge i l\u2019\u00e8xit de tot l\u2019alumnat.<\/p>\n","protected":false},"author":1,"featured_media":0,"parent":572,"menu_order":10,"comment_status":"closed","ping_status":"closed","template":"page-templates\/side-menu.php","meta":{"_bbp_topic_count":0,"_bbp_reply_count":0,"_bbp_total_topic_count":0,"_bbp_total_reply_count":0,"_bbp_voice_count":0,"_bbp_anonymous_reply_count":0,"_bbp_topic_count_hidden":0,"_bbp_reply_count_hidden":0,"_bbp_forum_subforum_count":0,"site-sidebar-layout":"default","site-content-layout":"","ast-site-content-layout":"","site-content-style":"default","site-sidebar-style":"default","ast-global-header-display":"","ast-banner-title-visibility":"","ast-main-header-display":"","ast-hfb-above-header-display":"","ast-hfb-below-header-display":"","ast-hfb-mobile-header-display":"","site-post-title":"","ast-breadcrumbs-content":"","ast-featured-img":"","footer-sml-layout":"","theme-transparent-header-meta":"","adv-header-id-meta":"","stick-header-meta":"","header-above-stick-meta":"","header-main-stick-meta":"","header-below-stick-meta":"","astra-migrate-meta-layouts":"default","ast-page-background-enabled":"default","ast-page-background-meta":{"desktop":{"background-color":"var(--ast-global-color-4)","background-image":"","background-repeat":"repeat","background-position":"center center","background-size":"auto","background-attachment":"scroll","background-type":"","background-media":"","overlay-type":"","overlay-color":"","overlay-opacity":"","overlay-gradient":""},"tablet":{"background-color":"","background-image":"","background-repeat":"repeat","background-position":"center center","background-size":"auto","background-attachment":"scroll","background-type":"","background-media":"","overlay-type":"","overlay-color":"","overlay-opacity":"","overlay-gradient":""},"mobile":{"background-color":"","background-image":"","background-repeat":"repeat","background-position":"center center","background-size":"auto","background-attachment":"scroll","background-type":"","background-media":"","overlay-type":"","overlay-color":"","overlay-opacity":"","overlay-gradient":""}},"ast-content-background-meta":{"desktop":{"background-color":"var(--ast-global-color-5)","background-image":"","background-repeat":"repeat","background-position":"center center","background-size":"auto","background-attachment":"scroll","background-type":"","background-media":"","overlay-type":"","overlay-color":"","overlay-opacity":"","overlay-gradient":""},"tablet":{"background-color":"var(--ast-global-color-5)","background-image":"","background-repeat":"repeat","background-position":"center center","background-size":"auto","background-attachment":"scroll","background-type":"","background-media":"","overlay-type":"","overlay-color":"","overlay-opacity":"","overlay-gradient":""},"mobile":{"background-color":"var(--ast-global-color-5)","background-image":"","background-repeat":"repeat","background-position":"center center","background-size":"auto","background-attachment":"scroll","background-type":"","background-media":"","overlay-type":"","overlay-color":"","overlay-opacity":"","overlay-gradient":""}},"footnotes":""},"class_list":["post-609","page","type-page","status-publish","hentry"],"post_mailing_queue_ids":[],"_links":{"self":[{"href":"https:\/\/agora.xtec.cat\/delta-espiga\/wp-json\/wp\/v2\/pages\/609","targetHints":{"allow":["GET"]}}],"collection":[{"href":"https:\/\/agora.xtec.cat\/delta-espiga\/wp-json\/wp\/v2\/pages"}],"about":[{"href":"https:\/\/agora.xtec.cat\/delta-espiga\/wp-json\/wp\/v2\/types\/page"}],"author":[{"embeddable":true,"href":"https:\/\/agora.xtec.cat\/delta-espiga\/wp-json\/wp\/v2\/users\/1"}],"replies":[{"embeddable":true,"href":"https:\/\/agora.xtec.cat\/delta-espiga\/wp-json\/wp\/v2\/comments?post=609"}],"version-history":[{"count":5,"href":"https:\/\/agora.xtec.cat\/delta-espiga\/wp-json\/wp\/v2\/pages\/609\/revisions"}],"predecessor-version":[{"id":748,"href":"https:\/\/agora.xtec.cat\/delta-espiga\/wp-json\/wp\/v2\/pages\/609\/revisions\/748"}],"up":[{"embeddable":true,"href":"https:\/\/agora.xtec.cat\/delta-espiga\/wp-json\/wp\/v2\/pages\/572"}],"wp:attachment":[{"href":"https:\/\/agora.xtec.cat\/delta-espiga\/wp-json\/wp\/v2\/media?parent=609"}],"curies":[{"name":"wp","href":"https:\/\/api.w.org\/{rel}","templated":true}]}}